-- --------------------------------------------------------
-- Server OS:                    Win32
-- HeidiSQL Version:             11.0.0.5919
-- --------------------------------------------------------



-- Dumping database structure for quad
DROP DATABASE IF EXISTS `quad`;
CREATE DATABASE IF NOT EXISTS `quad` /*!40100 DEFAULT CHARACTER SET latin1 */;
USE `quad`;

-- Dumping structure for table quad.0a_settings
CREATE TABLE IF NOT EXISTS `0a_settings` (
  `id` tinyint(4) NOT NULL AUTO_INCREMENT,
  `sname` varchar(30) NOT NULL,
  `svalue` varchar(60) NOT NULL,
  PRIMARY KEY (`id`)
) ENGINE=InnoDB AUTO_INCREMENT=31 DEFAULT CHARSET=latin1;

-- Dumping data for table quad.0a_settings: ~28 rows (approximately)
INSERT INTO `0a_settings` (`id`, `sname`, `svalue`) VALUES
	(1, 'tbl_settings', '0a_settings'),
	(2, 'tbl_users', '1a_users'),
	(3, 'tbl_devices', '1b_devices'),
	(4, 'tbl_period', '2a_period'),
	(5, 'tbl_inkake', '2b_intake'),
	(6, 'tbl_semester', '2c_sem'),
	(7, 'tbl_student', '3a_student'),
	(8, 'tbl_student_leaders', '3b_student_leaders'),
	(9, 'tbl_role', '3c_role'),
	(10, 'tbl_appeal', '3d_appeal'),
	(11, 'tbl_remarks', '3e_remarks'),
	(12, 'tbl_survery_cat', '5a_category'),
	(13, 'tbl_survey', '5b_survey'),
	(14, 'tbl_block', '5c_block'),
	(15, 'tbl_thread', '5d_thread'),
	(16, 'tbl_resp_2020', '5x_resp_2020'),
	(17, 'tbl_course', '6a_course'),
	(18, 'tbl_course_unit', '6b_course_unit'),
	(19, 'tbl_unit_load', '6c_unit_load'),
	(20, 'tbl_dept', '6d_dept'),
	(21, 'tbl_faculty', '6e_faculty'),
	(22, 'tbl_program', '6f_program'),
	(23, 'tbl_res', '7b_resources'),
	(26, 'tbl_gal', '7a_gallery'),
	(27, 'tbl_mails', '6h_mails'),
	(28, 'tbl_scheule', '7c_schedule'),
	(29, 'tbl_schedule', '7c_schedule'),
	(30, 'tbl_schedule', '7c_schedule');

-- Dumping structure for table quad.1a_users
CREATE TABLE IF NOT EXISTS `1a_users` (
  `id` smallint(6) NOT NULL AUTO_INCREMENT,
  `firstName` varchar(15) COLLATE utf8_unicode_ci NOT NULL,
  `surName` varchar(15) COLLATE utf8_unicode_ci NOT NULL,
  `username` varchar(25) COLLATE utf8_unicode_ci NOT NULL,
  `password` varchar(45) COLLATE utf8_unicode_ci NOT NULL,
  `phone1` varchar(10) COLLATE utf8_unicode_ci NOT NULL,
  `phone2` varchar(10) COLLATE utf8_unicode_ci NOT NULL,
  `email` varchar(150) COLLATE utf8_unicode_ci NOT NULL,
  `device` tinyint(1) NOT NULL DEFAULT '0',
  `role` varchar(5) COLLATE utf8_unicode_ci NOT NULL,
  `title` varchar(5) COLLATE utf8_unicode_ci NOT NULL,
  `gender` varchar(1) COLLATE utf8_unicode_ci NOT NULL,
  `designation` varchar(65) COLLATE utf8_unicode_ci DEFAULT NULL,
  `contractType` varchar(45) COLLATE utf8_unicode_ci DEFAULT NULL,
  `qualification` varchar(45) COLLATE utf8_unicode_ci DEFAULT NULL,
  `pageAccess` varchar(100) COLLATE utf8_unicode_ci NOT NULL,
  `roleAccess` varchar(100) COLLATE utf8_unicode_ci NOT NULL,
  `photo` varchar(45) COLLATE utf8_unicode_ci NOT NULL,
  `facultyID` varchar(3) COLLATE utf8_unicode_ci NOT NULL,
  `active` tinyint(1) NOT NULL DEFAULT '0',
  PRIMARY KEY (`id`)
) ENGINE=InnoDB AUTO_INCREMENT=182 DEFAULT CHARSET=utf8 COLLATE=utf8_unicode_ci;

-- Dumping data for table quad.1a_users: ~177 rows (approximately)
INSERT INTO `1a_users` (`id`, `firstName`, `surName`, `username`, `password`, `phone1`, `phone2`, `email`, `device`, `role`, `title`, `gender`, `designation`, `contractType`, `qualification`, `pageAccess`, `roleAccess`, `photo`, `facultyID`, `active`) VALUES
	(1, 'Dominic', 'Odoi', 'odleonard', 'e856b596da03ee0fb8a1b70ee5eb0bd249c652d1', '0754252423', '0774631342', 'oricster@gmail.com', 0, 'DEV', 'Mr.', 'M', 'Developer', 'Full Time', '', '*', '*', '_na.jpg', '', 1),
	(2, 'Gerald', 'Kisangala', 'gerald', '446f6fe420322ac611e4621119ab11e5a51daf2f', '0777276063', '', 'geraldkisangala@gmail.com', 0, 'DEV', 'Mr.', 'M', 'Developer', 'Full Time', 'Bachelor', '*', '*', '_na.jpg', '', 1),
	(3, 'Biira', 'Saphina', 'admin', 'd033e22ae348aeb5660fc2140aec35850c4da997', '0772523936', '0772523936', 'qa@admin.busitema.ac.ug', 0, 'SYST', 'Dr.', 'M', 'Senior Lecturer', 'Full Time', 'PHD', '*', '*', '_na.jpg', '', 1),
	(7, 'Abbas Ibrahim', 'Musenze', 'abbas', '592a598416630f00be6d84815f03eaa2378346bc', '00', '00', 'na@mail.com', 0, 'LEC', 'Mr.', 'M', 'Senior Lecturer', 'Full Time', '', '', '', '_na.jpg', 'FMS', 1),
	(8, 'Joseph', 'Esuku', 'esuku', '5baa61e4c9b93f3f0682250b6cf8331b7ee68fd8', '00', '00', 'na@mail.com', 0, 'LEC', 'Mr.', 'M', 'Lecturer Non-Science', 'Full Time', 'MASTERS', '', '', '_na.jpg', 'FMS', 1),
	(9, 'Kihooto Elijah', 'Maringa', 'maringa', '5baa61e4c9b93f3f0682250b6cf8331b7ee68fd8', '00', '00', 'na@mail.com', 0, 'LEC', 'Mr.', 'M', 'Lecturer Non-Science', 'Full Time', 'MASTERS', '', '', '_na.jpg', 'FMS', 1),
	(10, 'Abbey', 'Kalenzi', 'kalenzi', '5baa61e4c9b93f3f0682250b6cf8331b7ee68fd8', '00', '00', 'na@mail.com', 0, 'LEC', 'Mr.', 'M', 'Assistant Lecturer', 'Full Time', 'MASTERS', '', '', '_na.jpg', 'FMS', 1),
	(11, 'Ronald', 'Emojong', 'emojong', '5baa61e4c9b93f3f0682250b6cf8331b7ee68fd8', '00', '00', 'na@mail.com', 0, 'LEC', 'Mr.', 'M', 'Teaching Assistant', 'Part Time', 'DEGREE', '', '', '_na.jpg', 'FMS', 1),
	(12, 'Victor Akangah', 'Ochwoh', 'ochwoh', '5baa61e4c9b93f3f0682250b6cf8331b7ee68fd8', '00', '00', 'na@mail.com', 0, 'LEC', 'Dr.', 'M', 'Associate Professor Science', 'Part Time', 'PHD', '', '', '_na.jpg', 'FOE', 1),
	(13, 'Twaibu', 'Semwogerere', 'semwogerere', '5baa61e4c9b93f3f0682250b6cf8331b7ee68fd8', '00', '00', 'na@mail.com', 0, 'LEC', 'Dr.', 'M', 'Associate Professor', 'Full Time', 'PHD', '', '', '_na.jpg', 'FOE', 1),
	(14, 'Wilson Babu', 'Musinguzi', 'musinguzi', '5baa61e4c9b93f3f0682250b6cf8331b7ee68fd8', '00', '00', 'na@mail.com', 0, 'LEC', 'Dr.', 'M', 'Senior Lecturer', 'Full Time', 'PHD', '', '', '_na.jpg', 'FOE', 1),
	(15, 'Samson', 'Rwawiire', 'rwawiire', '5baa61e4c9b93f3f0682250b6cf8331b7ee68fd8', '00', '00', 'na@mail.com', 0, 'LEC', 'Dr.', 'M', 'Associate Professor Science', 'Full Time', 'PHD', '', '', '_na.jpg', 'FOE', 1),
	(16, 'Ildephonse', 'Nibikora', 'nibikora', '5baa61e4c9b93f3f0682250b6cf8331b7ee68fd8', '00', '00', 'na@mail.com', 0, 'LEC', 'Dr.', 'M', 'Senior Lecturer', 'Part Time', 'PHD', '', '', '_na.jpg', 'FOE', 1),
	(17, 'Marrion', 'Engole', 'engole', '5baa61e4c9b93f3f0682250b6cf8331b7ee68fd8', '00', '00', 'na@mail.com', 0, 'LEC', 'Ms.', 'F', 'Lecturer Science', 'Full Time', 'MASTERS', '', '', '_na.jpg', 'FOE', 1),
	(18, 'Godfrey', 'Odongtoo', 'odongtoo', '5baa61e4c9b93f3f0682250b6cf8331b7ee68fd8', '00', '00', 'na@mail.com', 0, 'LEC', 'Mr.', 'M', 'Lecturer Science', 'Full Time', '', '', '', '_na.jpg', 'FOE', 1),
	(19, 'Joshua', 'Arineitwe', 'arineitwe', '5baa61e4c9b93f3f0682250b6cf8331b7ee68fd8', '00', '00', 'na@mail.com', 0, 'LEC', 'Mr.', 'M', 'Lecturer Science', 'Full Time', 'MASTERS', '', '', '_na.jpg', 'FOE', 1),
	(20, 'Daniel', 'Otim', 'otimdaniel', '5baa61e4c9b93f3f0682250b6cf8331b7ee68fd8', '00', '00', 'na@mail.com', 0, 'LEC', 'Dr.', 'M', 'Lecturer Science', 'Full Time', 'MASTERS', '', '', '_na.jpg', 'FOE', 1),
	(21, 'Davis', 'Matovu', 'matovu', '5baa61e4c9b93f3f0682250b6cf8331b7ee68fd8', '00', '00', 'na@mail.com', 0, 'LEC', 'Mr.', 'M', 'Lecturer Science', 'Full Time', 'MASTERS', '', '', '_na.jpg', 'FOE', 1),
	(22, 'Andrew Egwar', 'Alunyu', 'alunyu', '5baa61e4c9b93f3f0682250b6cf8331b7ee68fd8', '00', '00', 'na@mail.com', 0, 'LEC', 'Mr.', 'M', 'Lecturer Science', 'Full Time', 'MASTERS', '', '', '_na.jpg', 'FOE', 1),
	(23, 'Gilbert Gilibra', 'Ocen', 'gilibrays', '5baa61e4c9b93f3f0682250b6cf8331b7ee68fd8', '00', '00', 'na@mail.com', 0, 'LEC', 'Mr.', 'M', 'Lecturer Science', 'Full Time', 'MASTERS', '', '', '_na.jpg', 'FOE', 1),
	(24, 'Martin', 'Okirya', 'okirya', '5baa61e4c9b93f3f0682250b6cf8331b7ee68fd8', '00', '00', 'na@mail.com', 0, 'LEC', 'Mr.', 'M', 'Lecturer Science', 'Full Time', 'MASTERS', '', '', '_na.jpg', 'FOE', 1),
	(25, 'Chrish', 'Kavuma', 'kavuma', '5baa61e4c9b93f3f0682250b6cf8331b7ee68fd8', '00', '00', 'na@mail.com', 0, 'LEC', 'Mr.', 'M', 'Lecturer Science', 'Full Time', 'MASTERS', '', '', '_na.jpg', 'FOE', 1),
	(26, 'Badru', 'Lusiba', 'lusiba', '5baa61e4c9b93f3f0682250b6cf8331b7ee68fd8', '00', '00', 'na@mail.com', 0, 'LEC', 'Mr.', 'M', 'Lecturer Science', 'Full Time', 'MASTERS', '', '', '_na.jpg', 'FOE', 1),
	(27, 'Edwin', 'Kamalha', 'kamalha', '5baa61e4c9b93f3f0682250b6cf8331b7ee68fd8', '00', '00', 'na@mail.com', 0, 'LEC', 'Mr.', 'M', 'Lecturer Science', 'Full Time', 'MASTERS', '', '', '_na.jpg', 'FOE', 1),
	(28, 'Edwin', 'Kimera', 'kimera', '5baa61e4c9b93f3f0682250b6cf8331b7ee68fd8', '00', '00', 'na@mail.com', 0, 'LEC', 'Mr.', 'M', 'Lecturer Science', 'Full Time', 'MASTERS', '', '', '_na.jpg', 'FOE', 1),
	(29, 'Yvonne', 'Tusiimire', 'tusiimire', '5baa61e4c9b93f3f0682250b6cf8331b7ee68fd8', '00', '00', 'na@mail.com', 0, 'LEC', 'Ms.', 'F', 'Lecturer Science', 'Full Time', 'MASTERS', '', '', '_na.jpg', 'FOE', 1),
	(30, 'Godliver', 'Owomugisha', 'owomugisha', '5baa61e4c9b93f3f0682250b6cf8331b7ee68fd8', '00', '00', 'na@mail.com', 0, 'LEC', 'Ms.', 'F', 'Lecturer Science', 'Full Time', 'MASTERS', '', '', '_na.jpg', 'FOE', 1),
	(31, 'Janani', 'Loum', 'janani', '5baa61e4c9b93f3f0682250b6cf8331b7ee68fd8', '00', '00', 'na@mail.com', 0, 'LEC', 'Mr.', 'M', 'Lecturer Science', 'Full Time', 'MASTERS', '', '', '_na.jpg', 'FOE', 1),
	(32, 'Hope Njuki', 'Nakabuye', 'nakabuye', '5baa61e4c9b93f3f0682250b6cf8331b7ee68fd8', '00', '00', 'na@mail.com', 0, 'LEC', 'Ms.', 'F', 'Lecturer Science', 'Full Time', 'MASTERS', '', '', '_na.jpg', 'FOE', 1),
	(33, 'Joseph Ddumba', 'Lwanyaga', 'lwanyaga', '5baa61e4c9b93f3f0682250b6cf8331b7ee68fd8', '00', '00', 'na@mail.com', 0, 'LEC', 'Mr.', 'M', 'Lecturer Science', 'Full Time', 'MASTERS', '', '', '_na.jpg', 'FOE', 1),
	(34, 'Mary Sally', 'Kabasa', 'kabasa', '5baa61e4c9b93f3f0682250b6cf8331b7ee68fd8', '00', '00', 'na@mail.com', 0, 'LEC', 'Ms.', 'F', 'Lecturer Science', 'Full Time', 'MASTERS', '', '', '_na.jpg', 'FOE', 1),
	(35, 'Paul', 'Sserumaga', 'sserumaga', '5baa61e4c9b93f3f0682250b6cf8331b7ee68fd8', '00', '00', 'na@mail.com', 0, 'LEC', 'Mr.', 'M', 'Lecturer Science', 'Full Time', '', '', '', '_na.jpg', 'FOE', 1),
	(36, 'Wycliffe', 'Tugume', 'tugume', '5baa61e4c9b93f3f0682250b6cf8331b7ee68fd8', '00', '00', 'na@mail.com', 0, 'LEC', 'Mr.', 'M', 'Lecturer Science', 'Full Time', 'MASTERS', '', '', '_na.jpg', 'FOE', 1),
	(37, 'Edward Lubega', 'Ssemukasa', 'ssemukasa', '5baa61e4c9b93f3f0682250b6cf8331b7ee68fd8', '00', '00', 'na@mail.com', 0, 'LEC', 'Mr.', 'M', 'Lecturer Science', 'Full Time', 'MASTERS', '', '', '_na.jpg', 'FOE', 1),
	(38, 'Godfrey', 'Wangi', 'wangi', '5baa61e4c9b93f3f0682250b6cf8331b7ee68fd8', '00', '00', 'na@mail.com', 0, 'LEC', 'Mr.', 'M', 'Lecturer Science', 'Full Time', 'MASTERS', '', '', '_na.jpg', 'FOE', 1),
	(39, 'Andrew Kiyemba', 'Nsibuka', 'nsibuka', '5baa61e4c9b93f3f0682250b6cf8331b7ee68fd8', '00', '00', 'na@mail.com', 0, 'LEC', 'Mr.', 'M', 'Lecturer Science', 'Full Time', 'MASTERS', '', '', '_na.jpg', 'FOE', 1),
	(40, 'Mohammed', 'Badaza', 'badaza', '5baa61e4c9b93f3f0682250b6cf8331b7ee68fd8', '00', '00', 'na@mail.com', 0, 'LEC', 'Mr.', 'M', 'Lecturer Science', 'Full Time', '', '', '', '_na.jpg', 'FOE', 1),
	(41, 'Thomas', 'Makumbi', 'makumbi', '5baa61e4c9b93f3f0682250b6cf8331b7ee68fd8', '00', '00', 'na@mail.com', 0, 'LEC', 'Mr.', 'M', 'Lecturer Science', 'Full Time', 'MASTERS', '', '', '_na.jpg', 'FOE', 1),
	(42, 'Alex', 'Musinguzi', 'musinguzialex', '5baa61e4c9b93f3f0682250b6cf8331b7ee68fd8', '00', '00', 'na@mail.com', 0, 'LEC', 'Mr.', 'M', 'Lecturer Science', 'Full Time', 'MASTERS', '', '', '_na.jpg', 'FOE', 1),
	(43, 'Ronald', 'Muhumuza', 'muhumuza', '5baa61e4c9b93f3f0682250b6cf8331b7ee68fd8', '00', '00', 'na@mail.com', 0, 'LEC', 'Mr.', 'M', 'Lecturer Science', 'Full Time', 'MASTERS', '', '', '_na.jpg', 'FOE', 1),
	(44, 'Jacqueline', 'Nangendo', 'nangendo', '5baa61e4c9b93f3f0682250b6cf8331b7ee68fd8', '00', '00', 'na@mail.com', 0, 'LEC', 'Ms.', 'F', 'Lecturer Science', 'Full Time', 'MASTERS', '', '', '_na.jpg', 'FOE', 1),
	(45, 'Ambrose', 'Ashabaheebwa', 'ashabaheebwa', '5baa61e4c9b93f3f0682250b6cf8331b7ee68fd8', '00', '00', 'na@mail.com', 0, 'LEC', 'Mr.', 'M', 'Lecturer Science', 'Full Time', 'MASTERS', '', '', '_na.jpg', 'FOE', 1),
	(46, 'Majorie Agnes', 'Nakiganda', 'nakiganda', '5baa61e4c9b93f3f0682250b6cf8331b7ee68fd8', '00', '00', 'na@mail.com', 0, 'LEC', 'Ms.', 'F', 'Lecturer Science', 'Full Time', 'MASTERS', '', '', '_na.jpg', 'FOE', 1),
	(47, 'Felix', 'Bwire', 'bwire', '5baa61e4c9b93f3f0682250b6cf8331b7ee68fd8', '00', '00', 'na@mail.com', 0, 'LEC', 'Mr.', 'M', 'Lecturer Science', 'Full Time', 'MASTERS', '', '', '_na.jpg', 'FOE', 1),
	(48, 'Ssali Godfrey', 'Sajja', 'sajja', '5baa61e4c9b93f3f0682250b6cf8331b7ee68fd8', '00', '00', 'na@mail.com', 0, 'LEC', 'Mr.', 'M', 'Assistant Lecturer', 'Full Time', 'MASTERS', '', '', '_na.jpg', 'FOE', 1),
	(49, 'Malingha Johnso', 'Mudanya', 'mudanya', '5baa61e4c9b93f3f0682250b6cf8331b7ee68fd8', '00', '00', 'na@mail.com', 0, 'LEC', 'Mr.', 'M', 'Assistant Lecturer', 'Full Time', '', '', '', '_na.jpg', 'FOE', 1),
	(50, 'Emmanuel', 'Eriau', 'eriau', '5baa61e4c9b93f3f0682250b6cf8331b7ee68fd8', '00', '00', 'na@mail.com', 0, 'LEC', 'Mr.', 'M', 'Assistant Lecturer', 'Full Time', 'DEGREE', '', '', '_na.jpg', 'FOE', 1),
	(51, 'Emmanuel', 'Muyingo', 'muyingo', '5baa61e4c9b93f3f0682250b6cf8331b7ee68fd8', '00', '00', 'na@mail.com', 0, 'LEC', 'Mr.', 'M', 'Assistant Lecturer', 'Full Time', 'DEGREE', '', '', '_na.jpg', 'FOE', 1),
	(52, 'Moses', 'Andima', 'andimamoses', '5baa61e4c9b93f3f0682250b6cf8331b7ee68fd8', '00', '00', 'na@mail.com', 0, 'LEC', 'Mr.', 'M', 'Assistant Lecturer', 'Full Time', 'DEGREE', '', '', '_na.jpg', 'FOE', 1),
	(53, 'Yoronimo', 'Okethco', 'oketcho', '5baa61e4c9b93f3f0682250b6cf8331b7ee68fd8', '00', '00', 'na@mail.com', 0, 'LEC', 'Mr.', 'M', 'Assistant Lecturer', 'Full Time', 'DEGREE', '', '', '_na.jpg', 'FOE', 1),
	(54, 'Brian Sempijja', 'Baagala', 'baagala', '5baa61e4c9b93f3f0682250b6cf8331b7ee68fd8', '00', '00', 'na@mail.com', 0, 'LEC', 'Mr.', 'M', 'Assistant Lecturer', 'Full Time', 'DEGREE', '', '', '_na.jpg', 'FOE', 1),
	(55, 'Lawrence', 'Obeti', 'obeti', '5baa61e4c9b93f3f0682250b6cf8331b7ee68fd8', '00', '00', 'na@mail.com', 0, 'LEC', 'Mr.', 'M', 'Assistant Lecturer', 'Full Time', 'DEGREE', '', '', '_na.jpg', 'FOE', 1),
	(56, 'Barbara', 'Asingwire', 'asingwire', '5baa61e4c9b93f3f0682250b6cf8331b7ee68fd8', '00', '00', 'na@mail.com', 0, 'LEC', 'Ms.', 'F', 'Assistant Lecturer', 'Part Time', 'DEGREE', '', '', '_na.jpg', 'FOE', 1),
	(57, 'Resty', 'Nabaterega', 'nabaterega', '5baa61e4c9b93f3f0682250b6cf8331b7ee68fd8', '00', '00', 'na@mail.com', 0, 'LEC', 'Ms.', 'F', 'Assistant Lecturer', 'Part Time', 'DEGREE', '', '', '_na.jpg', 'FOE', 1),
	(58, 'Charles', 'Sendawula', 'sendawula', '5baa61e4c9b93f3f0682250b6cf8331b7ee68fd8', '00', '00', 'na@mail.com', 0, 'LEC', 'Mr.', 'M', 'Assistant Lecturer', 'Full Time', 'DEGREE', '', '', '_na.jpg', 'FOE', 1),
	(59, 'Catherine', 'Namuga', 'namuga', '5baa61e4c9b93f3f0682250b6cf8331b7ee68fd8', '00', '00', 'na@mail.com', 0, 'LEC', 'Ms.', 'F', 'Teaching Assistant', 'Part Time', 'DEGREE', '', '', '_na.jpg', 'FOE', 1),
	(60, 'George', 'Kilama', 'kilama', '5baa61e4c9b93f3f0682250b6cf8331b7ee68fd8', '0752336314', '0792158744', 'na@mail.com', 0, 'LEC', 'Mr.', 'M', 'Teaching Assistant', 'Part Time', 'DEGREE', '', '', '_na.jpg', 'FOE', 1),
	(61, 'Moses', 'Mugisha', 'mugisha', '5baa61e4c9b93f3f0682250b6cf8331b7ee68fd8', '00', '00', 'na@mail.com', 0, 'LEC', 'Mr.', 'M', 'Teaching Assistant', 'Part Time', 'DEGREE', '', '', '_na.jpg', 'FOE', 1),
	(62, 'James', 'Menya', 'menya', '5baa61e4c9b93f3f0682250b6cf8331b7ee68fd8', '00', '00', 'na@mail.com', 0, 'LEC', 'Mr.', 'M', 'Teaching Assistant', 'Part Time', 'DEGREE', '', '', '_na.jpg', 'FOE', 1),
	(63, 'Huzairu', 'Igga', 'huzairu', '5baa61e4c9b93f3f0682250b6cf8331b7ee68fd8', '00', '00', 'na@mail.com', 0, 'LEC', 'Mr.', 'M', 'Teaching Assistant', 'Part Time', 'DEGREE', '', '', '_na.jpg', 'FOE', 1),
	(64, 'Ssajabi Bendict', 'Maseruka', 'maseruka', '5baa61e4c9b93f3f0682250b6cf8331b7ee68fd8', '00', '00', 'na@mail.com', 0, 'LEC', 'Mr.', 'M', 'Teaching Assistant', 'Part Time', 'DEGREE', '', '', '_na.jpg', 'FOE', 1),
	(65, 'Victo', 'Nabunya', 'victo', '5baa61e4c9b93f3f0682250b6cf8331b7ee68fd8', '00', '00', 'na@mail.com', 0, 'LEC', 'Ms.', 'F', 'Teaching Assistant', 'Part Time', '', '', '', '_na.jpg', 'FOE', 1),
	(66, 'Moses', 'Isabirye', 'isabirye', '5baa61e4c9b93f3f0682250b6cf8331b7ee68fd8', '00', '00', 'na@mail.com', 0, 'LEC', 'Dr.', 'M', 'Associate Professor Science', 'Full Time', 'PHD', '', '', '_na.jpg', 'FNR', 1),
	(67, 'Alice Were', 'Nakiyemba', 'nakiyemba', '5baa61e4c9b93f3f0682250b6cf8331b7ee68fd8', '00', '00', 'na@mail.com', 0, 'LEC', 'Dr.', 'F', 'Senior Lecturer Non-Science', 'Full Time', 'PHD', '', '', '_na.jpg', 'FNR', 1),
	(68, 'David Nsajju', 'Kifumba', 'kifumba', '5baa61e4c9b93f3f0682250b6cf8331b7ee68fd8', '00', '00', 'na@mail.com', 0, 'LEC', 'Mr.', 'M', 'Lecturer Science', 'Full Time', 'MASTERS', '', '', '_na.jpg', 'FNR', 1),
	(69, 'James', 'Ssuuna', 'ssuuna', '5baa61e4c9b93f3f0682250b6cf8331b7ee68fd8', '00', '00', 'na@mail.com', 0, 'LEC', 'Mr.', 'M', 'Lecturer Science', 'Full Time', 'MASTERS', '', '', '_na.jpg', 'FNR', 1),
	(70, 'Esther', 'Ariango', 'ariango', '5baa61e4c9b93f3f0682250b6cf8331b7ee68fd8', '00', '00', 'na@mail.com', 0, 'LEC', 'Ms.', 'F', 'Lecturer Science', 'Full Time', 'MASTERS', '', '', '_na.jpg', 'FNR', 1),
	(71, 'Sowedi', 'Masaba', 'sowedi', '5baa61e4c9b93f3f0682250b6cf8331b7ee68fd8', '00', '00', 'na@mail.com', 0, 'LEC', 'Dr.', 'M', 'Senior Lecturer', 'Full Time', 'PHD', '', '', '_na.jpg', 'FNR', 1),
	(72, 'Moses', 'Kakungulu', 'kakungulu', '5baa61e4c9b93f3f0682250b6cf8331b7ee68fd8', '00', '00', 'na@mail.com', 0, 'LEC', 'Mr.', 'M', 'Lecturer Science', 'Full Time', 'MASTERS', '', '', '_na.jpg', 'FNR', 1),
	(73, 'Taako George', 'Edema', 'taako', '5baa61e4c9b93f3f0682250b6cf8331b7ee68fd8', '00', '00', 'na@mail.com', 0, 'LEC', 'Mr.', 'M', 'Lecturer Science', 'Full Time', 'MASTERS', '', '', '_na.jpg', 'FNR', 1),
	(74, 'Henry', 'Kisu-Kisira', 'kisira', '5baa61e4c9b93f3f0682250b6cf8331b7ee68fd8', '00', '00', 'na@mail.com', 0, 'LEC', 'Mr.', 'M', 'Lecturer Science', 'Full Time', '', '', '', '_na.jpg', 'FNR', 1),
	(75, 'Rebrcca', 'Gimbo', 'gimbo', '5baa61e4c9b93f3f0682250b6cf8331b7ee68fd8', '00', '00', 'na@mail.com', 0, 'LEC', 'Ms.', 'F', 'Lecturer Science', 'Full Time', 'DEGREE', '', '', '_na.jpg', 'FNR', 1),
	(76, 'Immeldah', 'Nyangoma', 'nyangoma', '5baa61e4c9b93f3f0682250b6cf8331b7ee68fd8', '00', '00', 'na@mail.com', 0, 'LEC', 'Ms.', 'F', 'Teaching Assistant', 'Part Time', 'DEGREE', '', '', '_na.jpg', 'FNR', 1),
	(77, 'Justine', 'Ekou', 'ekoujustine', '5baa61e4c9b93f3f0682250b6cf8331b7ee68fd8', '00', '00', 'na@mail.com', 0, 'LEC', 'Mr.', 'M', 'Senior Lecturer', 'Full Time', 'MASTERS', '', '', '_na.jpg', 'FAA', 1),
	(78, 'Geoffrey', 'Lubande', 'lubande', '5baa61e4c9b93f3f0682250b6cf8331b7ee68fd8', '00', '00', 'na@mail.com', 0, 'LEC', 'Dr.', 'M', 'Lecturer Science', 'Full Time', 'PHD', '', '', '_na.jpg', 'FAA', 1),
	(79, 'Gerald', 'Ziritunda', 'ziritunda', '5baa61e4c9b93f3f0682250b6cf8331b7ee68fd8', '00', '00', 'na@mail.com', 0, 'LEC', 'Mr.', 'M', 'Lecturer Science', 'Full Time', 'MASTERS', '', '', '_na.jpg', 'FAA', 1),
	(80, 'Jolly', 'Akullo', 'akullo', '5baa61e4c9b93f3f0682250b6cf8331b7ee68fd8', '00', '00', 'na@mail.com', 0, 'LEC', 'Ms.', 'F', 'Lecturer Science', 'Full Time', 'MASTERS', '', '', '_na.jpg', 'FAA', 1),
	(81, 'Immaculate', 'Akurut', 'akurut', '5baa61e4c9b93f3f0682250b6cf8331b7ee68fd8', '00', '00', 'na@mail.com', 0, 'LEC', 'Ms.', 'F', 'Lecturer Science', 'Full Time', '', '', '', '_na.jpg', 'FAA', 1),
	(82, 'Leonard', 'Omadang', 'omadang', '5baa61e4c9b93f3f0682250b6cf8331b7ee68fd8', '00', '00', 'na@mail.com', 0, 'LEC', 'Mr.', 'M', 'Lecturer Science', 'Full Time', 'MASTERS', '', '', '_na.jpg', 'FAA', 1),
	(83, 'Henry', 'Matovu', 'matovuhenry', '5baa61e4c9b93f3f0682250b6cf8331b7ee68fd8', '00', '00', 'na@mail.com', 0, 'LEC', 'Mr.', 'M', 'Lecturer Science', 'Full Time', 'MASTERS', '', '', '_na.jpg', 'FAA', 1),
	(84, 'David', 'Magumba', 'magumba', '5baa61e4c9b93f3f0682250b6cf8331b7ee68fd8', '00', '00', 'na@mail.com', 0, 'LEC', 'Dr.', 'M', 'Lecturer Science', 'Full Time', 'PHD', '', '', '_na.jpg', 'FAA', 1),
	(85, 'Simon Peter', 'Okiror', 'okiror', '5baa61e4c9b93f3f0682250b6cf8331b7ee68fd8', '00', '00', 'na@mail.com', 0, 'LEC', 'Mr.', 'M', 'Lecturer Science', 'Full Time', '', '', '', '_na.jpg', 'FAA', 1),
	(86, 'Erikana Geofrey', 'Turyasingura', 'turyasingura', '5baa61e4c9b93f3f0682250b6cf8331b7ee68fd8', '00', '00', 'na@mail.com', 0, 'LEC', 'Mr.', 'M', 'Assistant Lecturer', 'Full Time', 'MASTERS', '', '', '_na.jpg', 'FAA', 1),
	(87, 'Francis', 'Oguli', 'oguli', '5baa61e4c9b93f3f0682250b6cf8331b7ee68fd8', '00', '00', 'na@mail.com', 0, 'LEC', 'Mr.', 'M', 'Assistant Lecturer', 'Full Time', 'DEGREE', '', '', '_na.jpg', 'FAA', 1),
	(88, 'Denis', 'Beesigamukama', 'beesigamukama', '5baa61e4c9b93f3f0682250b6cf8331b7ee68fd8', '00', '00', 'na@mail.com', 0, 'LEC', 'Mr.', 'M', 'Assistant Lecturer', 'Full Time', 'MASTERS', '', '', '_na.jpg', 'FAA', 1),
	(89, 'Joseph', 'Mbogua', 'mbogua', '5baa61e4c9b93f3f0682250b6cf8331b7ee68fd8', '00', '00', 'na@mail.com', 0, 'LEC', 'Mr.', 'M', 'Assistant Lecturer', 'Full Time', 'DEGREE', '', '', '_na.jpg', 'FAA', 1),
	(90, 'Omar Lwako', 'Kamoga', 'kamoga', '5baa61e4c9b93f3f0682250b6cf8331b7ee68fd8', '00', '00', 'na@mail.com', 0, 'LEC', 'Dr.', 'M', 'Senior Lecturer', 'Full Time', 'PHD', '', '', '_na.jpg', 'FSE', 1),
	(91, 'John Banson', 'Barugahare', 'barugahare', '5baa61e4c9b93f3f0682250b6cf8331b7ee68fd8', '00', '00', 'na@mail.com', 0, 'LEC', 'Mr.', 'M', 'Senior Lecturer', 'Full Time', 'MASTERS', '', '', '_na.jpg', 'FSE', 1),
	(92, 'Edward', 'Andama', 'andamaedward', '5baa61e4c9b93f3f0682250b6cf8331b7ee68fd8', '00', '00', 'na@mail.com', 0, 'LEC', 'Dr.', 'M', 'Senior Lecturer', 'Full Time', 'PHD', '', '', '_na.jpg', 'FSE', 1),
	(93, 'Bertillas Emira', 'Amabayo', 'amabayo', '5baa61e4c9b93f3f0682250b6cf8331b7ee68fd8', '00', '00', 'na@mail.com', 0, 'LEC', 'Dr.', 'M', 'Senior Lecturer', 'Full Time', 'PHD', '', '', '_na.jpg', 'FSE', 1),
	(94, 'Aventino', 'Kasangaki', 'aventino', '5baa61e4c9b93f3f0682250b6cf8331b7ee68fd8', '00', '00', 'na@mail.com', 0, 'LEC', 'Dr.', 'M', 'Senior Lecturer', 'Full Time', 'PHD', '', '', '_na.jpg', 'FSE', 1),
	(95, 'Kani David', 'Olema', 'olemakani', '5baa61e4c9b93f3f0682250b6cf8331b7ee68fd8', '00', '00', 'na@mail.com', 0, 'LEC', 'Dr.', 'M', 'Senior Lecturer-Non Science', 'Full Time', 'PHD', '', '', '_na.jpg', 'FSE', 1),
	(96, 'Dennis', 'Atibuni', 'atibuni', '5baa61e4c9b93f3f0682250b6cf8331b7ee68fd8', '00', '00', 'na@mail.com', 0, 'LEC', 'Dr.', 'M', 'Senior Lecturer', 'Full Time', 'PHD', '', '', '_na.jpg', 'FSE', 1),
	(97, 'Afayo Gerald', 'Dramadri', 'dramadri', '5baa61e4c9b93f3f0682250b6cf8331b7ee68fd8', '00', '00', 'na@mail.com', 0, 'LEC', 'Mr.', 'M', 'Lecturer Science', 'Full Time', 'MASTERS', '', '', '_na.jpg', 'FSE', 1),
	(98, 'Okello Richard', 'Angole', 'angole', '5baa61e4c9b93f3f0682250b6cf8331b7ee68fd8', '00', '00', 'na@mail.com', 0, 'LEC', 'Mr.', 'M', 'Lecturer Science', 'Full Time', 'MASTERS', '', '', '_na.jpg', 'FSE', 1),
	(99, 'Fredrick', 'Mutungi', 'mutungi', '5baa61e4c9b93f3f0682250b6cf8331b7ee68fd8', '00', '00', 'na@mail.com', 0, 'LEC', 'Mr.', 'M', 'Lecturer Science', 'Full Time', 'MASTERS', '', '', '_na.jpg', 'FSE', 1),
	(100, 'Jackson', 'Okiring', 'okiring', '5baa61e4c9b93f3f0682250b6cf8331b7ee68fd8', '00', '00', 'na@mail.com', 0, 'LEC', 'Mr.', 'M', 'Lecturer Science', 'Full Time', 'MASTERS', '', '', '_na.jpg', 'FSE', 1),
	(101, 'Gauden', 'Nantale', 'nantale', '5baa61e4c9b93f3f0682250b6cf8331b7ee68fd8', '00', '00', 'na@mail.com', 0, 'LEC', 'Ms.', 'F', 'Lecturer Science', 'Full Time', 'MASTERS', '', '', '_na.jpg', 'FSE', 1),
	(102, 'Andrew', 'Lukyamuzi', 'lukyamuzi', '5baa61e4c9b93f3f0682250b6cf8331b7ee68fd8', '00', '00', 'na@mail.com', 0, 'LEC', 'Mr.', 'M', 'Lecturer Science', 'Full Time', 'MASTERS', '', '', '_na.jpg', 'FSE', 1),
	(103, 'Flavia', 'Natukunda', 'natukunda', '5baa61e4c9b93f3f0682250b6cf8331b7ee68fd8', '00', '00', 'na@mail.com', 0, 'LEC', 'Ms.', 'F', 'Lecturer Science', 'Full Time', 'MASTERS', '', '', '_na.jpg', 'FSE', 1),
	(104, 'Joseph Anthony', 'Owalu', 'owalu', '5baa61e4c9b93f3f0682250b6cf8331b7ee68fd8', '00', '00', 'na@mail.com', 0, 'LEC', 'Mr.', 'M', 'Lecturer Science', 'Full Time', 'MASTERS', '', '', '_na.jpg', 'FSE', 1),
	(105, 'Peter', 'Musagala', 'musagala', '5baa61e4c9b93f3f0682250b6cf8331b7ee68fd8', '00', '00', 'na@mail.com', 0, 'LEC', 'Mr.', 'M', 'Lecturer Science', 'Full Time', 'MASTERS', '', '', '_na.jpg', 'FSE', 1),
	(106, 'Hellen', 'Namusana', 'namusana', '5baa61e4c9b93f3f0682250b6cf8331b7ee68fd8', '00', '00', 'na@mail.com', 0, 'LEC', 'Ms.', 'F', 'Lecturer Science', 'Full Time', 'MASTERS', '', '', '_na.jpg', 'FSE', 1),
	(107, 'Richard', 'Awichi', 'awichi', '5baa61e4c9b93f3f0682250b6cf8331b7ee68fd8', '00', '00', 'na@mail.com', 0, 'LEC', 'Dr.', 'M', 'Senior Lecturer', 'Full Time', 'PHD', '', '', '_na.jpg', 'FSE', 1),
	(108, 'Flugencia', 'Mbabazi', 'flugencia', '5baa61e4c9b93f3f0682250b6cf8331b7ee68fd8', '00', '00', 'na@mail.com', 0, 'LEC', 'Ms.', 'F', 'Lecturer Science', 'Full Time', 'MASTERS', '', '', '_na.jpg', 'FSE', 1),
	(109, 'Annet', 'Kyomuhangi', 'kyomuhangi', '5baa61e4c9b93f3f0682250b6cf8331b7ee68fd8', '00', '00', 'na@mail.com', 0, 'LEC', 'Ms.', 'F', 'Lecturer Science', 'Full Time', 'MASTERS', '', '', '_na.jpg', 'FSE', 1),
	(110, 'Abubaker', 'Mwasa', 'mwasa', '5baa61e4c9b93f3f0682250b6cf8331b7ee68fd8', '00', '00', 'na@mail.com', 0, 'LEC', 'Mr.', 'M', 'Lecturer Science', 'Full Time', 'MASTERS', '', '', '_na.jpg', 'FSE', 1),
	(111, 'Rebecca', 'Nalule', 'nalule', '5baa61e4c9b93f3f0682250b6cf8331b7ee68fd8', '00', '00', 'na@mail.com', 0, 'LEC', 'Ms.', 'F', 'Lecturer Science', 'Full Time', 'MASTERS', '', '', '_na.jpg', 'FSE', 1),
	(112, 'Rashidah', 'Akoba', 'rashidah', '5baa61e4c9b93f3f0682250b6cf8331b7ee68fd8', '00', '00', 'na@mail.com', 0, 'LEC', 'Ms.', 'F', 'Lecturer Science', 'Full Time', 'MASTERS', '', '', '_na.jpg', 'FSE', 1),
	(113, 'Moses', 'Andima', 'andima', '5baa61e4c9b93f3f0682250b6cf8331b7ee68fd8', '00', '00', 'na@mail.com', 0, 'LEC', 'Mr.', 'M', 'Lecturer Science', 'Full Time', 'MASTERS', '', '', '_na.jpg', 'FSE', 1),
	(114, 'Richard Cliffe', 'Ssenyunzi', 'ssenyuzi', '5baa61e4c9b93f3f0682250b6cf8331b7ee68fd8', '00', '00', 'na@mail.com', 0, 'LEC', 'Mr.', 'M', 'Lecturer Science', 'Full Time', 'MASTERS', '', '', '_na.jpg', 'FSE', 1),
	(115, 'Leonard', 'Wamokote', 'wamakote', '5baa61e4c9b93f3f0682250b6cf8331b7ee68fd8', '00', '00', 'na@mail.com', 0, 'LEC', 'Mr.', 'M', 'Lecturer Science', 'Full Time', 'MASTERS', '', '', '_na.jpg', 'FSE', 1),
	(116, 'Rose', 'Nakasi', 'nakasi', '5baa61e4c9b93f3f0682250b6cf8331b7ee68fd8', '00', '00', 'na@mail.com', 0, 'LEC', 'Ms.', 'F', 'Lecturer Science', 'Full Time', 'MASTERS', '', '', '_na.jpg', 'FSE', 1),
	(117, 'Josephine', 'Nanyondo', 'nanyondo', '5baa61e4c9b93f3f0682250b6cf8331b7ee68fd8', '00', '00', 'na@mail.com', 0, 'LEC', 'Ms.', 'F', 'Lecturer Science', 'Full Time', 'MASTERS', '', '', '_na.jpg', 'FSE', 1),
	(118, 'Richard', 'Kifuko', 'kifuko', '5baa61e4c9b93f3f0682250b6cf8331b7ee68fd8', '00', '00', 'na@mail.com', 0, 'LEC', 'Mr.', 'M', 'Lecturer Science', 'Full Time', 'MASTERS', '', '', '_na.jpg', 'FSE', 1),
	(119, 'Richard Oriko', 'Owor', 'oworrichard', '5baa61e4c9b93f3f0682250b6cf8331b7ee68fd8', '00', '00', 'na@mail.com', 0, 'LEC', 'Mr.', 'M', 'Lecturer Science', 'Full Time', 'MASTERS', '', '', '_na.jpg', 'FSE', 1),
	(120, 'Kisaale Amos', 'Muwoya', 'muwoya', '5baa61e4c9b93f3f0682250b6cf8331b7ee68fd8', '00', '00', 'na@mail.com', 0, 'LEC', 'Mr.', 'M', 'Lecturer Science', 'Full Time', '', '', '', '_na.jpg', 'FSE', 1),
	(121, 'Asaph Keikara', 'Muhumuza', 'Asaph', '5baa61e4c9b93f3f0682250b6cf8331b7ee68fd8', '00', '00', 'na@mail.com', 0, 'LEC', 'Mr.', 'M', 'Lecturer Science', 'Full Time', 'MASTERS', '', '', '_na.jpg', 'FSE', 1),
	(122, 'Charles', 'Eryenyu', 'eryenyu', '5baa61e4c9b93f3f0682250b6cf8331b7ee68fd8', '00', '00', 'na@mail.com', 0, 'LEC', 'Mr.', 'M', 'Lecturer Science', 'Full Time', 'MASTERS', '', '', '_na.jpg', 'FSE', 1),
	(123, 'Saphina', 'Biira', 'saphina', '5baa61e4c9b93f3f0682250b6cf8331b7ee68fd8', '0772523936', '00', 'bsaphina@gmail.com', 0, 'LEC', 'Dr.', 'F', 'Senior Lecturer', 'Full Time', 'PHD', '', '', '_na.jpg', 'FSE', 1),
	(124, 'Stephen', 'Kadedesya', 'kadedesya', '5baa61e4c9b93f3f0682250b6cf8331b7ee68fd8', '00', '00', 'na@mail.com', 0, 'LEC', 'Mr.', 'M', 'Lecturer Science', 'Full Time', 'MASTERS', '', '', '_na.jpg', 'FSE', 1),
	(125, 'Moses', 'Egor', 'egormoses', '5baa61e4c9b93f3f0682250b6cf8331b7ee68fd8', '00', '00', 'na@mail.com', 0, 'LEC', 'Mr.', 'M', 'Lecturer Science', 'Full Time', 'MASTERS', '', '', '_na.jpg', 'FSE', 1),
	(126, 'Margaret Stella', 'Ujeyo', 'ujeyo', '5baa61e4c9b93f3f0682250b6cf8331b7ee68fd8', '00', '00', 'na@mail.com', 0, 'LEC', 'Ms.', 'F', 'Lecturer Non-Science', 'Full Time', 'MASTERS', '', '', '_na.jpg', 'FSE', 1),
	(127, 'Amos Ernest', 'Mugerwa', 'mugerwa', '5baa61e4c9b93f3f0682250b6cf8331b7ee68fd8', '00', '00', 'na@mail.com', 0, 'LEC', 'Mr.', 'M', 'Lecturer Non-Science', 'Full Time', 'MASTERS', '', '', '_na.jpg', 'FSE', 1),
	(128, 'Remigio', 'Turyahabwe', 'remigio', '5baa61e4c9b93f3f0682250b6cf8331b7ee68fd8', '00', '00', 'na@mail.com', 0, 'LEC', 'Mr.', 'M', 'Lecturer Non-Science', 'Full Time', 'MASTERS', '', '', '_na.jpg', 'FSE', 1),
	(129, 'Charles', 'Muweesi', 'muweesi', '5baa61e4c9b93f3f0682250b6cf8331b7ee68fd8', '00', '00', 'na@mail.com', 0, 'LEC', 'Mr.', 'M', 'Lecturer Non-Science', 'Full Time', 'MASTERS', '', '', '_na.jpg', 'FSE', 1),
	(130, 'Mere Carol', 'Kawuma', 'carol', '5baa61e4c9b93f3f0682250b6cf8331b7ee68fd8', '00', '00', 'na@mail.com', 0, 'LEC', 'Ms.', 'F', 'Assistant Lecturer', 'Full Time', 'MASTERS', '', '', '_na.jpg', 'FSE', 1),
	(131, 'Topilista', 'Nabirye', 'topilista', '5baa61e4c9b93f3f0682250b6cf8331b7ee68fd8', '00', '00', 'na@mail.com', 0, 'LEC', 'Ms.', 'F', 'Teaching Assistant', 'Part Time', 'MASTERS', '', '', '_na.jpg', 'FSE', 1),
	(132, 'Enid', 'Naturinda', 'naturinda', '5baa61e4c9b93f3f0682250b6cf8331b7ee68fd8', '00', '00', 'na@mail.com', 0, 'LEC', 'Ms.', 'F', 'Teaching Assistant', 'Part Time', 'DEGREE', '', '', '_na.jpg', 'FSE', 1),
	(133, 'Layila', 'Namakula', 'namakula', '5baa61e4c9b93f3f0682250b6cf8331b7ee68fd8', '00', '00', 'na@mail.com', 0, 'LEC', 'Ms.', 'F', 'Assistant Lecturer', 'Part Time', 'MASTERS', '', '', '_na.jpg', 'FSE', 1),
	(134, 'Rachel', 'Namulondo', 'namulondo', '5baa61e4c9b93f3f0682250b6cf8331b7ee68fd8', '00', '00', 'na@mail.com', 0, 'LEC', 'Dr.', 'F', 'Lecturer', 'Full Time', 'PHD', '', '', '_na.jpg', 'FSE', 1),
	(135, 'Angela', 'Karororo', 'karoro', '5baa61e4c9b93f3f0682250b6cf8331b7ee68fd8', '00', '00', 'na@mail.com', 0, 'LEC', 'Dr.', 'F', 'Assistant Lecturer', 'Full Time', 'PHD', '', '', '_na.jpg', 'FSE', 1),
	(136, 'Andrew', 'Oboth', 'oboth', 'd31b40f744c9e8ea8bc1915d71e487fef205aff5', '+256752090', '00', 'na@mail.com', 0, 'LEC', 'Mr.', 'M', 'Teaching Assistant', 'Full Time', 'MASTERS', '', '', '_na.jpg', 'FSE', 1),
	(137, 'Richard', 'Kasirye', 'kasirye', '5baa61e4c9b93f3f0682250b6cf8331b7ee68fd8', '00', '00', 'na@mail.com', 0, 'LEC', 'Mr.', 'M', 'Lecturer', 'Full Time', 'MASTERS', '', '', '_na.jpg', 'FSE', 1),
	(138, 'Julius', 'Wandabwa', 'wandabwa', '5baa61e4c9b93f3f0682250b6cf8331b7ee68fd8', '00', '00', 'na@mail.com', 0, 'LEC', 'Prof.', 'M', 'Professor Science', 'Part Time', 'PHD', '', '', '_na.jpg', 'FHS', 1),
	(139, 'Olupot Peter', 'Olupot', 'olupot', '5baa61e4c9b93f3f0682250b6cf8331b7ee68fd8', '00', '00', 'na@mail.com', 0, 'LEC', 'Prof.', 'M', 'Professor Science', 'Full Time', 'PHD', '', '', '_na.jpg', 'FHS', 1),
	(140, 'Joseph', 'Mpagi', 'mpagi', '5baa61e4c9b93f3f0682250b6cf8331b7ee68fd8', '00', '00', 'na@mail.com', 0, 'LEC', 'Dr.', 'M', 'Senior Lecturer', 'Full Time', 'PHD', '', '', '_na.jpg', 'FHS', 1),
	(141, 'Paul', 'Oboth', 'obothpaul', '5baa61e4c9b93f3f0682250b6cf8331b7ee68fd8', '00', '00', 'na@mail.com', 0, 'LEC', 'Mr.', 'M', 'Chief Technician', 'Full Time', '', '', '', '_na.jpg', 'FHS', 1),
	(142, 'Benon', 'Wanume', 'wanume', '5baa61e4c9b93f3f0682250b6cf8331b7ee68fd8', '00', '00', 'na@mail.com', 0, 'LEC', 'Mr.', 'M', 'Lecturer Science', 'Part Time', 'MASTERS', '', '', '_na.jpg', 'FHS', 1),
	(143, 'Uthman', 'Okalang', 'uthman', '5baa61e4c9b93f3f0682250b6cf8331b7ee68fd8', '00', '00', 'na@mail.com', 0, 'LEC', 'Mr.', 'M', 'Lecturer Science', 'Full Time', 'MASTERS', '', '', '_na.jpg', 'FHS', 1),
	(144, 'David', 'Okia', 'david', '5baa61e4c9b93f3f0682250b6cf8331b7ee68fd8', '00', '00', 'na@mail.com', 0, 'LEC', 'Mr.', 'M', 'Lecturer Science', 'Full Time', '', '', '', '_na.jpg', 'FHS', 1),
	(145, 'John Peter', 'Masaba', 'masete', '5baa61e4c9b93f3f0682250b6cf8331b7ee68fd8', '00', '00', 'na@mail.com', 0, 'LEC', 'Mr.', 'M', 'Lecturer Science', 'Part Time', 'MASTERS', '', '', '_na.jpg', 'FHS', 1),
	(146, 'Francis Riwo', 'Owori', 'owori', '5baa61e4c9b93f3f0682250b6cf8331b7ee68fd8', '00', '00', 'na@mail.com', 0, 'LEC', 'Mr.', 'M', 'Lecturer Science', 'Full Time', 'MASTERS', '', '', '_na.jpg', 'FHS', 1),
	(147, 'Crispus', 'Tegu', 'crispus', '5baa61e4c9b93f3f0682250b6cf8331b7ee68fd8', '00', '00', 'na@mail.com', 0, 'LEC', 'Dr.', 'M', 'Lecturer Science', 'Part Time', 'MASTERS', '', '', '_na.jpg', 'FHS', 1),
	(148, 'Stephen', 'Waiswa', 'waiswa', '5baa61e4c9b93f3f0682250b6cf8331b7ee68fd8', '00', '00', 'na@mail.com', 0, 'LEC', 'Mr.', 'M', 'Lecturer Science', 'Full Time', 'MASTERS', '', '', '_na.jpg', 'FHS', 1),
	(149, 'Joseph Raymond', 'Malinga', 'malinga', '5baa61e4c9b93f3f0682250b6cf8331b7ee68fd8', '00', '00', 'na@mail.com', 0, 'LEC', 'Mr.', 'M', 'Lecturer Science', 'Full Time', 'MASTERS', '', '', '_na.jpg', 'FHS', 1),
	(150, 'Yahaya', 'Gavamukulya', 'gavamukulya', '5baa61e4c9b93f3f0682250b6cf8331b7ee68fd8', '00', '00', 'na@mail.com', 0, 'LEC', 'Mr.', 'M', 'Lecturer Science', 'Full Time', 'MASTERS', '', '', '_na.jpg', 'FHS', 1),
	(151, 'Lydia', 'Ssenyonga', 'ssenyonga', '5baa61e4c9b93f3f0682250b6cf8331b7ee68fd8', '00', '00', 'na@mail.com', 0, 'LEC', 'Ms.', 'F', 'Lecturer Science', 'Full Time', 'MASTERS', '', '', '_na.jpg', 'FHS', 1),
	(152, 'Jacob Stanley', 'Iramiot', 'iramiot', '5baa61e4c9b93f3f0682250b6cf8331b7ee68fd8', '00', '00', 'na@mail.com', 0, 'LEC', 'Mr.', 'M', 'Lecturer Science', 'Full Time', 'MASTERS', '', '', '_na.jpg', 'FHS', 1),
	(153, 'Martin', 'Chebet', 'chebet', '5baa61e4c9b93f3f0682250b6cf8331b7ee68fd8', '00', '00', 'na@mail.com', 0, 'LEC', 'Mr.', 'M', 'Assistant Lecturer', 'Full Time', 'DEGREE', '', '', '_na.jpg', 'FHS', 1),
	(154, 'Doreck', 'Nuwasiima', 'nuwasiima', '5baa61e4c9b93f3f0682250b6cf8331b7ee68fd8', '00', '00', 'na@mail.com', 0, 'LEC', 'Ms.', 'F', 'Assistant Lecturer', 'Full Time', '', '', '', '_na.jpg', 'FHS', 1),
	(155, 'Nolbert', 'Gumisiriza', 'gumisiriza', '5baa61e4c9b93f3f0682250b6cf8331b7ee68fd8', '00', '00', 'na@mail.com', 0, 'LEC', 'Ms.', 'M', 'Assistant Lecturer', 'Full Time', 'MASTERS', '', '', '_na.jpg', 'FHS', 1),
	(156, 'Julius', 'Nteziyaramye', 'nteziyaramye', '5baa61e4c9b93f3f0682250b6cf8331b7ee68fd8', '00', '00', 'na@mail.com', 0, 'LEC', 'Mr.', 'M', 'Assistant Lecturer', 'Full Time', 'MASTERS', '', '', '_na.jpg', 'FHS', 1),
	(157, 'Rebecca', 'Nekaka', 'nekaka', '5baa61e4c9b93f3f0682250b6cf8331b7ee68fd8', '00', '00', 'na@mail.com', 0, 'LEC', 'Ms.', 'F', 'Assistant Lecturer', 'Full Time', '', '', '', '_na.jpg', 'FHS', 1),
	(158, 'Anitah', 'Babine', 'babine', '5baa61e4c9b93f3f0682250b6cf8331b7ee68fd8', '00', '00', 'na@mail.com', 0, 'LEC', 'Ms.', 'F', 'Teaching Assistant', 'Part Time', 'MASTERS', '', '', '_na.jpg', 'FHS', 1),
	(159, 'Patrick', 'Etiang', 'etiang', '5baa61e4c9b93f3f0682250b6cf8331b7ee68fd8', '00', '00', 'na@mail.com', 0, 'LEC', 'Mr.', 'M', 'Assistant Lecturer', 'Full Time', 'MASTERS', '', '', '_na.jpg', 'FAA', 1),
	(160, 'Peter', 'Opio', 'opiopeter', '5baa61e4c9b93f3f0682250b6cf8331b7ee68fd8', '00', '00', 'na@mail.com', 0, 'LEC', 'Mr.', 'M', 'Assistant Lecturer', 'Part Time', 'MASTERS', '', '', '_na.jpg', 'FAA', 1),
	(161, 'Diana', 'Asero', 'asero', '5baa61e4c9b93f3f0682250b6cf8331b7ee68fd8', '00', '00', 'na@mail.com', 0, 'LEC', 'Ms.', 'F', 'Teaching Assistant', 'Part Time', 'MASTERS', '', '', '_na.jpg', 'FAA', 1),
	(162, 'Hellen', 'Kisakye', 'kisakye', '5baa61e4c9b93f3f0682250b6cf8331b7ee68fd8', '00', '00', 'na@mail.com', 0, 'LEC', 'Ms.', 'F', 'Teaching Assistant', 'Part Time', 'DEGREE', '', '', '_na.jpg', 'FAA', 1),
	(163, 'Ahamed Jowalie', 'Wampande', 'Jowalie', '018f4d7f06cb8626e1756452581373e05ae41c56', '000000000', '', 'n@n.com', 0, 'LEC', 'Mr.', 'M', 'Lecturer', 'Full Time', 'MASTERS', '', '', '_na.jpg', 'FMS', 1),
	(164, 'Fred', 'Bulamba', 'bulamba', '1f5f31a8b3f94d3163fe7cafa49adb9586f51627', '00', '', 'x@v.com', 0, 'LEC', 'Dr.', 'M', 'Lecturer', 'Full Time', 'MASTERS', '', '', '_na.jpg', 'FHS', 1),
	(165, 'John Paul', 'Ochieng', 'ochieng', 'b320b3c4e7a14cb76f0c6152e2d306e29abcda48', '00', '', 'x@v.com', 0, 'LEC', 'Dr.', 'M', 'Lecturer', 'Full Time', 'MASTERS', '', '', '_na.jpg', 'FHS', 1),
	(166, 'Adam M', 'Afodum', 'afodum', '242dbd7990469f6ba1e4935936c923afee653064', '00', '', 'x@v.com', 0, 'LEC', 'Dr.', 'M', 'Senior Lecturer', 'Full Time', 'PHD', '', '', '_na.jpg', 'FHS', 1),
	(167, 'Denis', 'Bwayo', 'bwayod', '93314ba64fda5ab7648c281a5b08ff832cd84aec', '00', '', 'x@v.com', 0, 'LEC', 'Dr.', 'M', 'Senior Lecturer', 'Full Time', 'MASTERS', '', '', '_na.jpg', 'FHS', 1),
	(168, 'Richard', 'Katuramu', 'katuramu', '686183a3e067f0c1792fb332e71ade30edb8eb8b', '00', '', 'x@v.com', 0, 'LEC', 'Dr.', 'M', 'Senior Lecturer', 'Full Time', 'MASTERS', '', '', '_na.jpg', 'FHS', 1),
	(169, 'Herbert', 'Itabangi', 'itabangi', '225b681f3077afc534b321570156a8d54c2eca79', '00', '', 'x@v.com', 0, 'LEC', 'Dr.', 'M', 'Senior Lecturer', 'Full Time', 'PHD', '', '', '_na.jpg', 'FHS', 1),
	(170, 'Rose Chalo', 'Nabirye', 'nabirye', '28d40099d233e286c663fba2564ea7e5d51c38a2', '00', '', 'x@v.com', 0, 'LEC', 'Dr.', 'F', 'Senior Lecturer', 'Full Time', 'PHD', '', '', '_na.jpg', 'FHS', 1),
	(171, 'Milton W', 'Musana', 'musana', 'f50481916186fef6fb56fb758e8dc5a315e6260a', '00', '', 'x@v.com', 0, 'LEC', 'Dr.', 'M', 'Senior Lecturer', 'Full Time', 'MASTERS', '', '', '_na.jpg', 'FHS', 1),
	(172, 'Proscovia', 'Nabachenje', 'nabachenje', '7360c5eb208c4b2410f7d48a0a55160d9de9ca9e', '00', '', 'x@v.com', 0, 'LEC', 'Ms.', 'F', 'Assistant Lecturer', 'Full Time', 'MASTERS', '', '', '_na.jpg', 'FHS', 1),
	(173, 'Denis Morgan', 'Emmanuel', 'emmanuel', 'bd234ba4276433f0e5fc7a8fa2d18274fa711567', '00', '', 'x@v.com', 0, 'LEC', 'Dr.', 'M', 'Lecturer', 'Full Time', 'MASTERS', '', '', '_na.jpg', 'FHS', 1),
	(174, 'Osborne Nelson', 'Nyandiva', 'nyandiva', '8e454d1544756acea7ebb1fd107403338d6d5fad', '00', '', 'x@v.com', 0, 'LEC', 'Prof.', 'M', 'Professor', 'Full Time', 'PHD', '', '', '_na.jpg', 'FHS', 1),
	(175, 'Samuel Baker', 'Obakiro', 'obakiro', '986715651147d4f2b38770c84db4d452d1c3851b', '00', '', 'sobakiro@gmail.com', 0, 'LEC', 'Mr.', 'M', 'Lecturer', 'Full Time', 'MASTERS', '', '', '_na.jpg', 'FHS', 1),
	(176, 'Kennedy', 'Kiyimba', 'kiyimba', '5eebc6e2bee74e156deda95e744c2b85b1c7cba6', '00', '', 'x@v.com', 0, 'LEC', 'Mr.', 'M', 'Lecturer', 'Full Time', 'MASTERS', '', '', '_na.jpg', 'FHS', 1),
	(177, 'Jehu Erapu', 'Iputo', 'iputoj', '43cb3252070a7e1f352b9fc8fcc5f1e18a906872', '00', '', 'x@v.com', 0, 'LEC', 'Prof.', 'M', 'Professor', 'Full Time', 'PHD', '', '', '_na.jpg', 'FHS', 1),
	(178, 'Agnes', 'Namaganda', 'namaganda', '2f9b5466d139bfa910c2fe25bc335f2d12efdbc5', '00', '', 'x@v.com', 0, 'LEC', 'Ms.', 'F', 'Assistant Lecturer', 'Full Time', 'MASTERS', '', '', '_na.jpg', 'FHS', 1),
	(179, 'Joseph', 'Kirabira', 'kirabira', 'eea169bacd5e7996aa911aa3a7e924d7e76ac9b3', '00', '', 'x@v.com', 0, 'LEC', 'Dr.', 'M', 'Senior Lecturer', 'Full Time', 'MASTERS', '', '', '_na.jpg', 'FHS', 1),
	(180, 'David', 'Mukunya', 'mukunya', '98db6ac219b989272fa9cd86c38aec448555695c', '00', '', 'x@v.com', 0, 'ADMT', 'Dr.', 'M', 'Senior Lecturer', 'Full Time', 'MASTERS', '', '', '_na.jpg', 'FHS', 1),
	(181, 'Simon', 'Odeke', 'odeke', '7d6e79040fbbd3f6a4ebe5458e90bcbfcdea2dac', '0751547825', '', 'odeke@gmail.com', 0, 'ADMN', 'Mr.', 'M', 'Gate Keeper', 'Full Time', 'DEGREE', '', '', '_na.jpg', 'FSE', 1);

-- Dumping structure for table quad.1b_devices
CREATE TABLE IF NOT EXISTS `1b_devices` (
  `id` tinyint(4) NOT NULL AUTO_INCREMENT,
  `uid` tinyint(4) NOT NULL,
  `device` text NOT NULL,
  `date` int(11) NOT NULL,
  PRIMARY KEY (`id`)
) ENGINE=InnoDB DEFAULT CHARSET=latin1;

-- Dumping data for table quad.1b_devices: ~0 rows (approximately)

-- Dumping structure for table quad.1c_role_groups
CREATE TABLE IF NOT EXISTS `1c_role_groups` (
  `id` smallint(6) NOT NULL AUTO_INCREMENT,
  `role` varchar(5) NOT NULL,
  `pageAccess` varchar(100) NOT NULL,
  `roleAccess` varchar(255) NOT NULL,
  PRIMARY KEY (`id`)
) ENGINE=InnoDB AUTO_INCREMENT=10 DEFAULT CHARSET=latin1;

-- Dumping data for table quad.1c_role_groups: ~9 rows (approximately)
INSERT INTO `1c_role_groups` (`id`, `role`, `pageAccess`, `roleAccess`) VALUES
	(1, 'DEV', '*', '*'),
	(2, 'SYST', '*', '*'),
	(3, 'SYSN', '*', '*'),
	(4, 'STD', 'O0', ''),
	(5, 'LEC', '*', '*'),
	(6, 'ADMT', '*', '*'),
	(7, 'ADMN', '*', '*'),
	(8, 'SUPA', '*', '*'),
	(9, 'SUPT', '*', '*');

-- Dumping structure for table quad.2a_period
CREATE TABLE IF NOT EXISTS `2a_period` (
  `periodID` int(11) NOT NULL AUTO_INCREMENT,
  `periodYear` smallint(4) NOT NULL,
  `periodSemester` tinyint(1) NOT NULL,
  `periodName` varchar(15) NOT NULL,
  `status` tinyint(1) NOT NULL,
  PRIMARY KEY (`periodID`)
) ENGINE=InnoDB AUTO_INCREMENT=3 DEFAULT CHARSET=utf8;

-- Dumping data for table quad.2a_period: ~2 rows (approximately)
INSERT INTO `2a_period` (`periodID`, `periodYear`, `periodSemester`, `periodName`, `status`) VALUES
	(1, 2020, 1, '2020-2021 / 1', 1),
	(2, 2020, 2, '2020-2021 / 2', 0);

-- Dumping structure for table quad.2b_intake
CREATE TABLE IF NOT EXISTS `2b_intake` (
  `id` int(11) NOT NULL AUTO_INCREMENT,
  `intake` varchar(45) NOT NULL,
  `prefix` varchar(5) NOT NULL,
  `active` int(1) NOT NULL,
  PRIMARY KEY (`id`)
) ENGINE=InnoDB AUTO_INCREMENT=6 DEFAULT CHARSET=latin1;

-- Dumping data for table quad.2b_intake: ~5 rows (approximately)
INSERT INTO `2b_intake` (`id`, `intake`, `prefix`, `active`) VALUES
	(1, '2016/2017', '2016', 1),
	(2, '2017/2016', '2017', 1),
	(3, '2018/2019', '2018', 1),
	(4, '2019/2020', '2019', 1),
	(5, '2020/2021', '2020', 1);

-- Dumping structure for table quad.3a_student
CREATE TABLE IF NOT EXISTS `3a_student` (
  `id` bigint(22) NOT NULL AUTO_INCREMENT,
  `studentID` bigint(15) NOT NULL DEFAULT '0',
  `name` varchar(25) NOT NULL,
  `gender` varchar(1) NOT NULL,
  `reg` varchar(25) NOT NULL,
  `yr` int(4) NOT NULL DEFAULT '1',
  `session` varchar(45) NOT NULL,
  `phone` varchar(30) NOT NULL,
  `email` varchar(60) NOT NULL,
  `facultyID` varchar(5) NOT NULL,
  `programID` varchar(5) NOT NULL,
  `courseID` varchar(5) NOT NULL,
  `study_yr` tinyint(1) NOT NULL DEFAULT '1',
  `gl` int(1) NOT NULL,
  `pass` varchar(100) NOT NULL,
  `photo` varchar(65) NOT NULL DEFAULT '_na.jpg',
  `status` int(1) NOT NULL DEFAULT '1',
  `resident` int(11) NOT NULL DEFAULT '0',
  `date` timestamp NOT NULL DEFAULT CURRENT_TIMESTAMP,
  PRIMARY KEY (`id`),
  UNIQUE KEY `studentID` (`studentID`),
  KEY `facuityID` (`facultyID`) USING BTREE,
  KEY `courseID` (`courseID`),
  KEY `programID` (`programID`)
) ENGINE=InnoDB AUTO_INCREMENT=842 DEFAULT CHARSET=utf8;

-- Dumping data for table quad.3a_student: ~841 rows (approximately)
INSERT INTO `3a_student` (`id`, `studentID`, `name`, `gender`, `reg`, `yr`, `session`, `phone`, `email`, `facultyID`, `programID`, `courseID`, `study_yr`, `gl`, `pass`, `photo`, `status`, `resident`, `date`) VALUES
	(1, 1900401449, 'AANYU IRENE MARTHA', 'F', 'BU/UP/2019/1449', 2019, 'DAY', '+256787588490', 'aanyuirenemartha@gmail.com', 'FSE', 'DEG', 'ELS', 1, 0, '256787588490', '_na.jpg', 1, 0, '2020-05-08 19:14:20'),
	(2, 1900403269, 'ADONGO MARTHA AKELLO', 'F', 'BU/UP/2019/3269', 2019, 'DAY', '+256754690514', 'obothlawrence92@gmail.com', 'FSE', 'DEG', 'ELS', 1, 0, '256754690514', '_na.jpg', 1, 0, '2020-05-08 19:14:20'),
	(3, 1900401451, 'AGUTI IMMACULATE', 'F', 'BU/UP/2019/1451', 2019, 'DAY', '+256778238552', 'agutiimmaculate85@gmail.com', 'FSE', 'DEG', 'ELS', 1, 0, '256778238552', '_na.jpg', 1, 0, '2020-05-08 19:14:20'),
	(4, 1900403195, 'AIGO DINAH', 'F', 'BU/UP/2019/3195', 2019, 'DAY', '+256773962246', 'aigod492@gmail.com', 'FSE', 'DEG', 'ELS', 1, 0, '256773962246', '_na.jpg', 1, 0, '2020-05-08 19:14:20'),
	(5, 1900401447, 'AJAMBO SUSAN', 'F', 'BU/UP/2019/1447', 2019, 'DAY', '+256783376604', 'ajambosusan2000@gmail.com', 'FSE', 'DEG', 'ELS', 1, 0, '256783376604', '_na.jpg', 1, 0, '2020-05-08 19:14:20'),
	(6, 1900401410, 'AJUKO MARY IMMACULATE', 'F', 'BU/UP/2019/1410', 2019, 'DAY', '+256770955975', 'ajukomaryimmaculate@gmail.com', 'FSE', 'DEG', 'ELS', 1, 0, '256770955975', '_na.jpg', 1, 0, '2020-05-08 19:14:20'),
	(7, 1900401454, 'AMODING HELLEN', 'F', 'BU/UP/2019/1454', 2019, 'DAY', '+256783480182', 'hellenamoding1@gmail.com', 'FSE', 'DEG', 'ELS', 1, 0, '256783480182', '_na.jpg', 1, 0, '2020-05-08 19:14:20'),
	(8, 1900401448, 'AMPURIRA ANNITAH', 'F', 'BU/UP/2019/1448', 2019, 'DAY', '+256772693362', 'ampuriraannitah@gmail.com', 'FSE', 'DEG', 'ELS', 1, 0, '256772693362', '_na.jpg', 1, 0, '2020-05-08 19:14:20'),
	(9, 1900401425, 'AMWENI MARGRET JENIFER', 'F', 'BU/UP/2019/1425', 2019, 'DAY', '+256776701493', 'echakarapatrick3@gmail.com', 'FSE', 'DEG', 'ELS', 1, 0, '256776701493', '_na.jpg', 1, 0, '2020-05-08 19:14:20'),
	(10, 1900403268, 'ANYANGO JOANITAH', 'F', 'BU/UP/2019/3268', 2019, 'DAY', '+256777104689', 'anyangojoanitah@gmail.com', 'FSE', 'DEG', 'ELS', 1, 0, '256777104689', '_na.jpg', 1, 0, '2020-05-08 19:14:20'),
	(11, 1900403194, 'APIO ESTHER', 'F', 'BU/UP/2019/3194', 2019, 'DAY', '+256774838174', 'apioesther45@gmail.com', 'FSE', 'DEG', 'ELS', 1, 0, '256774838174', '_na.jpg', 1, 0, '2020-05-08 19:14:20'),
	(12, 1900401430, 'ATHIENO DAPHINE OSAMUK', 'F', 'BU/UP/2019/1430', 2019, 'DAY', '+256778127909', 'athienodaphineosamuk@gmail.com', 'FSE', 'DEG', 'ELS', 1, 0, '256778127909', '_na.jpg', 1, 0, '2020-05-08 19:14:21'),
	(13, 1900401456, 'CHEBET SANDRA', 'F', 'BU/UP/2019/1456', 2019, 'DAY', '+256772902210', 'sandrachebet95@gmail.com', 'FSE', 'DEG', 'ELS', 1, 0, '256772902210', '_na.jpg', 1, 0, '2020-05-08 19:14:21'),
	(14, 1900403267, 'CHELANGAT MERCY', 'F', 'BU/UP/2019/3267', 2019, 'DAY', '+256774692566', 'chelangatmercy1234@gmail.com', 'FSE', 'DEG', 'ELS', 1, 0, '256774692566', '_na.jpg', 1, 0, '2020-05-08 19:14:21'),
	(15, 1900403266, 'CHEPTOEK NEDDY', 'F', 'BU/UP/2019/3266', 2019, 'DAY', '+256779351465', 'cheptoekNeddy@gmail.com.', 'FSE', 'DEG', 'ELS', 1, 0, '256779351465', '_na.jpg', 1, 0, '2020-05-08 19:14:21'),
	(16, 1900401450, 'CHEPTOO RECHO', 'F', 'BU/UP/2019/1450', 2019, 'DAY', '+256773845125', 'rechocheptoo@gmail.com', 'FSE', 'DEG', 'ELS', 1, 0, '256773845125', '_na.jpg', 1, 0, '2020-05-08 19:14:21'),
	(17, 1900401446, 'CHEROP FLORENCE  LAURA', 'F', 'BU/UP/2019/1446', 2019, 'DAY', '+256785702777', 'cheropflorence690@gmail.com', 'FSE', 'DEG', 'ELS', 1, 0, '256785702777', '_na.jpg', 1, 0, '2020-05-08 19:14:21'),
	(18, 1900401457, 'CHEROP NASTA SIYA', 'F', 'BU/UP/2019/1457', 2019, 'DAY', '+256775957770', 'cheropn20@gmail.com', 'FSE', 'DEG', 'ELS', 1, 0, '256775957770', '_na.jpg', 1, 0, '2020-05-08 19:14:21'),
	(19, 1900403456, 'CHESHARI JORAM', 'M', 'BU/UP/2019/3456', 2019, 'DAY', '+256787670714', 'joramcheshari@gmail.com', 'FSE', 'DEG', 'ELS', 1, 0, '256787670714', '_na.jpg', 1, 0, '2020-05-08 19:14:21'),
	(20, 1900402395, 'EKISA GODFREY', 'M', 'BU/UP/2019/2395', 2019, 'DAY', '+256777058127', 'ekissgodfrey1@gmail.com@gmail.com', 'FSE', 'DEG', 'ELS', 1, 0, '256777058127', '_na.jpg', 1, 0, '2020-05-08 19:14:21'),
	(21, 1900403461, 'HIGENYI SAMSON', 'M', 'BU/UP/2019/3461', 2019, 'DAY', '+256780472192', 'higenyisamson2001@gmail.com', 'FSE', 'DEG', 'ELS', 1, 0, '256780472192', '_na.jpg', 1, 0, '2020-05-08 19:14:21'),
	(22, 1900401424, 'KATOOKO SUSAN', 'F', 'BU/UP/2019/1424', 2019, 'DAY', '+256700848924', 'susankatooko4@gmail.com', 'FSE', 'DEG', 'ELS', 1, 0, '256700848924', '_na.jpg', 1, 0, '2020-05-08 19:14:21'),
	(23, 1900401442, 'KEMBABAZI TALENT', 'F', 'BU/UP/2019/1442', 2019, 'DAY', '+256787443291', 'kembabazi1999talent@gmail.com', 'FSE', 'DEG', 'ELS', 1, 0, '256787443291', '_na.jpg', 1, 0, '2020-05-08 19:14:21'),
	(24, 1900401407, 'KIPROTICH DISON', 'M', 'BU/UP/2019/1407', 2019, 'DAY', '+256775466935', 'kiprotichdison@gmail.com', 'FSE', 'DEG', 'ELS', 1, 0, '256775466935', '_na.jpg', 1, 0, '2020-05-08 19:14:21'),
	(25, 1900403472, 'KISAKYE JEMIMAH', 'F', 'BU/UP/2019/3472', 2019, 'DAY', '+256700740789', 'jhemysakye@gmail.com', 'FSE', 'DEG', 'ELS', 1, 0, '256700740789', '_na.jpg', 1, 0, '2020-05-08 19:14:21'),
	(26, 1900401275, 'MASIBO JOAN JULIET', 'F', 'BU/UP/2019/1275', 2019, 'DAY', '+256755687337', 'masibojoanjuliet@gmail.com', 'FSE', 'DEG', 'ELS', 1, 0, '256755687337', '_na.jpg', 1, 0, '2020-05-08 19:14:21'),
	(27, 1900401432, 'MASIKA GLORIA', 'F', 'BU/UP/2019/1432', 2019, 'DAY', '+256775216269', 'masikagloria22@gmail.com', 'FSE', 'DEG', 'ELS', 1, 0, '256775216269', '_na.jpg', 1, 0, '2020-05-08 19:14:21'),
	(28, 1900401437, 'MASIKA WINNE', 'F', 'BU/UP/2019/1437', 2019, 'DAY', '+256787950466', 'masikawinne@gmail.com', 'FSE', 'DEG', 'ELS', 1, 0, '256787950466', '_na.jpg', 1, 0, '2020-05-08 19:14:21'),
	(29, 1900401417, 'MIREMBE RESTY CHARITY', 'F', 'BU/UP/2019/1417', 2019, 'DAY', '+256779334433', 'restycharity@gmail.com', 'FSE', 'DEG', 'ELS', 1, 0, '256779334433', '_na.jpg', 1, 0, '2020-05-08 19:14:21'),
	(30, 1900403265, 'MUSOKI BRIDGET NYABUTSILO', 'F', 'BU/UP/2019/3265', 2019, 'DAY', '+256775659604', 'musokibridget6@gmail.com', 'FSE', 'DEG', 'ELS', 1, 0, '256775659604', '_na.jpg', 1, 0, '2020-05-08 19:14:21'),
	(31, 1900401416, 'MUYAMA MIRIAM', 'F', 'BU/UP/2019/1416', 2019, 'DAY', '+256752642791', 'muyamamiriam2019@gmail.com', 'FSE', 'DEG', 'ELS', 1, 0, '256752642791', '_na.jpg', 1, 0, '2020-05-08 19:14:21'),
	(32, 1900401436, 'NABALAYO PEACE', 'F', 'BU/UP/2019/1436', 2019, 'DAY', '+256755152323', 'peacenabalayo@gmail.com', 'FSE', 'DEG', 'ELS', 1, 0, '256755152323', '_na.jpg', 1, 0, '2020-05-08 19:14:21'),
	(33, 1900403191, 'NABULWALA RACHEAL', 'F', 'BU/UP/2019/3191', 2019, 'DAY', '+256770622519', 'nabulwalarecheal@gmail.com', 'FSE', 'DEG', 'ELS', 1, 0, '256770622519', '_na.jpg', 1, 0, '2020-05-08 19:14:21'),
	(34, 1900403193, 'NAMUTAMBA JUPITER', 'F', 'BU/UP/2019/3193', 2019, 'DAY', '+256708090413', 'jupitern41@gmail.com', 'FSE', 'DEG', 'ELS', 1, 0, '256708090413', '_na.jpg', 1, 0, '2020-05-08 19:14:21'),
	(35, 1900401405, 'NASIRUMBI MASSELINE', 'F', 'BU/UP/2019/1405', 2019, 'DAY', '+256788643107', 'nasirumbimasseline@gmail.com', 'FSE', 'DEG', 'ELS', 1, 0, '256788643107', '_na.jpg', 1, 0, '2020-05-08 19:14:21'),
	(36, 1900401409, 'NAULA JENIPHER', 'F', 'BU/UP/2019/1409', 2019, 'DAY', '+256778859184', 'tootojohnson7@gmail.com', 'FSE', 'DEG', 'ELS', 1, 0, '256778859184', '_na.jpg', 1, 0, '2020-05-08 19:14:21'),
	(37, 1900401452, 'NAYIGA CAROLYNE KAGEZI', 'F', 'BU/UP/2019/1452', 2019, 'DAY', '+256706168564', 'carolynenayigakagezi@gmail.com.com', 'FSE', 'DEG', 'ELS', 1, 0, '256706168564', '_na.jpg', 1, 0, '2020-05-08 19:14:21'),
	(38, 1900401422, 'NYAKECHO CATHERINE', 'F', 'BU/UP/2019/1422', 2019, 'DAY', '+256770897246', 'nyakecathy2019@gmail.com', 'FSE', 'DEG', 'ELS', 1, 0, '256770897246', '_na.jpg', 1, 0, '2020-05-08 19:14:21'),
	(39, 1900401453, 'OKILAN THOMAS', 'M', 'BU/UP/2019/1453', 2019, 'DAY', '+256789988939', 'okilanthomas@gmail.com', 'FSE', 'DEG', 'ELS', 1, 0, '256789988939', '_na.jpg', 1, 0, '2020-05-08 19:14:22'),
	(40, 1900401455, 'OKOTH EMMANUEL', 'M', 'BU/UP/2019/1455', 2019, 'DAY', '+256705590250', 'emmanuelokoth03@gmail.com', 'FSE', 'DEG', 'ELS', 1, 0, '256705590250', '_na.jpg', 1, 0, '2020-05-08 19:14:22'),
	(41, 1900403059, 'OKWAKOL STEPHEN', 'M', 'BU/UP/2019/3059', 2019, 'DAY', '+256785666827', 'okwakolste5@gmail.com', 'FSE', 'DEG', 'ELS', 1, 0, '256785666827', '_na.jpg', 1, 0, '2020-05-08 19:14:22'),
	(42, 1900403108, 'TENDO MERCY', 'F', 'BU/UP/2019/3108', 2019, 'DAY', '+256751070951', 'tendomercy2019@gmail.com', 'FSE', 'DEG', 'ELS', 1, 0, '256751070951', '_na.jpg', 1, 0, '2020-05-08 19:14:22'),
	(43, 1900401433, 'UWERA EMILLY', 'F', 'BU/UP/2019/1433', 2019, 'DAY', '+256773041041', 'emillyuwera@gmail.com', 'FSE', 'DEG', 'ELS', 1, 0, '256773041041', '_na.jpg', 1, 0, '2020-05-08 19:14:22'),
	(44, 1800403248, 'APIO WINFRED FREDA', 'F', 'BU/UP/2018/3248', 2018, 'DAY', '+256702915282', 'apiowinfredfreda2018@gmail.com', 'FSE', 'DEG', 'ELS', 1, 0, '256702915282', '_na.jpg', 1, 0, '2020-05-08 19:14:22'),
	(45, 1800403249, 'APUUNO SALUME', 'F', 'BU/UP/2018/3249', 2018, 'DAY', '+256787069580', 'apuunome@gmail.com', 'FSE', 'DEG', 'ELS', 1, 0, '256787069580', '_na.jpg', 1, 0, '2020-05-08 19:14:22'),
	(46, 1800403250, 'ASIIMWE SAMARY', 'F', 'BU/UP/2018/3250', 2018, 'DAY', '+256780724655', 'asiimwesamary55@gmail.com', 'FSE', 'DEG', 'ELS', 1, 0, '256780724655', '_na.jpg', 1, 0, '2020-05-08 19:14:22'),
	(47, 1800403251, 'ASIIMWE SHARON', 'F', 'BU/UP/2018/3251', 2018, 'DAY', '+256704345830', 'asiimweroneah@gmail.com', 'FSE', 'DEG', 'ELS', 1, 0, '256704345830', '_na.jpg', 1, 0, '2020-05-08 19:14:22'),
	(48, 1800403254, 'CHEBET SHARON', 'F', 'BU/UP/2018/3254', 2018, 'DAY', '+256781342378', 'chebetisharo@gmail.com', 'FSE', 'DEG', 'ELS', 1, 0, '256781342378', '_na.jpg', 1, 0, '2020-05-08 19:14:22'),
	(49, 1800403255, 'CHEKWECH ELIZABETH FAITH', 'F', 'BU/UP/2018/3255', 2018, 'DAY', '+256785755735', 'chexliz1@gmail.com', 'FSE', 'DEG', 'ELS', 1, 0, '256785755735', '_na.jpg', 1, 0, '2020-05-08 19:14:22'),
	(50, 1800403256, 'CHELANGAT SHAULINE', 'F', 'BU/UP/2018/3256', 2018, 'DAY', '+256785755774', 'chelangatshauline@gmail.com', 'FSE', 'DEG', 'ELS', 1, 0, '256785755774', '_na.jpg', 1, 0, '2020-05-08 19:14:22'),
	(51, 1800403259, 'ILEUK ALICE', 'F', 'BU/UP/2018/3259', 2018, 'DAY', '+256786679459', 'ileukalice997@gmail.com', 'FSE', 'DEG', 'ELS', 1, 0, '256786679459', '_na.jpg', 1, 0, '2020-05-08 19:14:22'),
	(52, 1800403752, 'KAKYO MONICA', 'F', 'BU/UP/2018/3752', 2018, 'DAY', '+256779649949', 'kakyomonica200@gmail.com', 'FSE', 'DEG', 'ELS', 1, 0, '256779649949', '_na.jpg', 1, 0, '2020-05-08 19:14:22'),
	(53, 1800403261, 'KASADHA REMIN', 'M', 'BU/UP/2018/3261', 2018, 'DAY', '+256781999476', 'KSDZ58@gmail.com', 'FSE', 'DEG', 'ELS', 1, 0, '256781999476', '_na.jpg', 1, 0, '2020-05-08 19:14:22'),
	(54, 1800403262, 'KYASIIMIRE ESTHER', 'F', 'BU/UP/2018/3262', 2018, 'DAY', '+256779067334', 'estherkyasiimire4@gmail.com', 'FSE', 'DEG', 'ELS', 1, 0, '256779067334', '_na.jpg', 1, 0, '2020-05-08 19:14:22'),
	(55, 1800403995, 'MASIGA ENOCH', 'M', 'BU/UP/2018/3995', 2018, 'DAY', '+256702486160', 'enochmasiga@gmail.com', 'FSE', 'DEG', 'ELS', 1, 0, '256702486160', '_na.jpg', 1, 0, '2020-05-08 19:14:22'),
	(56, 1800403266, 'MUSEMA EDMOND', 'M', 'BU/UP/2018/3266', 2018, 'DAY', '+256789552235', 'edmondmusema256@gmail.com', 'FSE', 'DEG', 'ELS', 1, 0, '256789552235', '_na.jpg', 1, 0, '2020-05-08 19:14:22'),
	(57, 1800403267, 'MUTESI SALAMA', 'F', 'BU/UP/2018/3267', 2018, 'DAY', '+256782314749', 'mutesisalama7@gmail.com', 'FSE', 'DEG', 'ELS', 1, 0, '256782314749', '_na.jpg', 1, 0, '2020-05-08 19:14:22'),
	(58, 1800403269, 'NAKAIBALE ALICESTELLAH', 'F', 'BU/UP/2018/3269', 2018, 'DAY', '+256789616548', 'nakaibalealice2018@gmail.com', 'FSE', 'DEG', 'ELS', 1, 0, '256789616548', '_na.jpg', 1, 0, '2020-05-08 19:14:22'),
	(59, 1800403271, 'NAMBOGWE FARIDAH', 'F', 'BU/UP/2018/3271', 2018, 'DAY', '+256757685700', 'faridahn2018@gmail.com', 'FSE', 'DEG', 'ELS', 1, 0, '256757685700', '_na.jpg', 1, 0, '2020-05-08 19:14:22'),
	(60, 1800403272, 'NAMBOZO ZAITUN MARIAM', 'F', 'BU/UP/2018/3272', 2018, 'DAY', '+256783809860', 'nambozomariam2@gmail.com', 'FSE', 'DEG', 'ELS', 1, 0, '256783809860', '_na.jpg', 1, 0, '2020-05-08 19:14:22'),
	(61, 1800403273, 'NAMISI JUDITH', 'F', 'BU/UP/2018/3273', 2018, 'DAY', '+256780321355', 'namisijudith2018@gmail.com', 'FSE', 'DEG', 'ELS', 1, 0, '256780321355', '_na.jpg', 1, 0, '2020-05-08 19:14:22'),
	(62, 1800403805, 'NAMUWANGA JANAT', 'F', 'BU/UP/2018/3805', 2018, 'DAY', '+256786409272', 'namujana@gmail.com', 'FSE', 'DEG', 'ELS', 1, 0, '256786409272', '_na.jpg', 1, 0, '2020-05-08 19:14:22'),
	(63, 1800403276, 'OCHIENG JOHN', 'M', 'BU/UP/2018/3276', 2018, 'DAY', '+256786716450', '', 'FSE', 'DEG', 'ELS', 1, 0, '256786716450', '_na.jpg', 1, 0, '2020-05-08 19:14:23'),
	(64, 1800403278, 'OKIRIA MATHEW', 'M', 'BU/UP/2018/3278', 2018, 'DAY', '+256787300072', 'mathewkiria@gmail.com', 'FSE', 'DEG', 'ELS', 1, 0, '256787300072', '_na.jpg', 1, 0, '2020-05-08 19:14:23'),
	(65, 1800403281, 'OMOLLO JOHN', 'M', 'BU/UP/2018/3281', 2018, 'DAY', '+256781297016', 'omollojohn186@gmail.com', 'FSE', 'DEG', 'ELS', 1, 0, '256781297016', '_na.jpg', 1, 0, '2020-05-08 19:14:23'),
	(66, 1800403283, 'SANDE ESTHER', 'F', 'BU/UP/2018/3283', 2018, 'DAY', '+256770977230', 'sandeesther51@gmail.com', 'FSE', 'DEG', 'ELS', 1, 0, '256770977230', '_na.jpg', 1, 0, '2020-05-08 19:14:23'),
	(67, 1800403856, 'TALI FIONA', 'F', 'BU/UP/2018/3856', 2018, 'DAY', '+256784997473', 'Talifiona53@gmail.com', 'FSE', 'DEG', 'ELS', 1, 0, '256784997473', '_na.jpg', 1, 0, '2020-05-08 19:14:23'),
	(68, 1800403284, 'TONGOI GERALDINE', 'F', 'BU/UP/2018/3284', 2018, 'DAY', '+256705863747', 'tongoigeraldine@gmail.com', 'FSE', 'DEG', 'ELS', 1, 0, '256705863747', '_na.jpg', 1, 0, '2020-05-08 19:14:23'),
	(69, 1800403285, 'TOTO VICKY NOLA', 'F', 'BU/UP/2018/3285', 2018, 'DAY', '+256778585184', 'totovicky2018@gmail.com', 'FSE', 'DEG', 'ELS', 1, 0, '256778585184', '_na.jpg', 1, 0, '2020-05-08 19:14:23'),
	(70, 1800403869, 'YARIWO JAMI', 'F', 'BU/UP/2018/3869', 2018, 'DAY', '+256772961013', 'yariwojami@gmail.com', 'FSE', 'DEG', 'ELS', 1, 0, '256772961013', '_na.jpg', 1, 0, '2020-05-08 19:14:23'),
	(71, 1700401262, 'APADET RESTITUTE', 'F', 'BU/UP/2017/1204', 2017, 'DAY', '+256770627944', 'apadetrestitute@gmail.com', 'FSE', 'DEG', 'ELS', 1, 0, '256770627944', '_na.jpg', 1, 0, '2020-05-08 19:14:23'),
	(72, 1700401263, 'ASABA SIMBULA', 'M', 'BU/UP/2017/1205', 2017, 'DAY', '+256753628060', 'ryansimbulaasaba@gmail.com', 'FSE', 'DEG', 'ELS', 1, 0, '256753628060', '_na.jpg', 1, 0, '2020-05-08 19:14:23'),
	(73, 1700401265, 'KHAINZA SHARON', 'F', 'BU/UP/2017/1207', 2017, 'DAY', '+256781325566', 'khainzasharon@yahoo.com', 'FSE', 'DEG', 'ELS', 1, 0, '256781325566', '_na.jpg', 1, 0, '2020-05-08 19:14:23'),
	(74, 1700401266, 'MAKUBO MARVIN', 'M', 'BU/UP/2017/1208', 2017, 'DAY', '+256704128521', 'marvinmakubo@yahoo.com', 'FSE', 'DEG', 'ELS', 1, 0, '256704128521', '_na.jpg', 1, 0, '2020-05-08 19:14:23'),
	(75, 1700401267, 'MOLAH HAIRATI', 'F', 'BU/UP/2017/1209', 2017, 'DAY', '+256759180884', 'molahhairati@gmail.com', 'FSE', 'DEG', 'ELS', 1, 0, '256759180884', '_na.jpg', 1, 0, '2020-05-08 19:14:23'),
	(76, 1700401272, 'OKEN GEORGE MOSES', 'M', 'BU/UP/2017/1214', 2017, 'DAY', '0777783459', 'okenmosesg@gmail.com', 'FSE', 'DEG', 'ELS', 1, 0, '777783459', '_na.jpg', 1, 0, '2020-05-08 19:14:23'),
	(77, 1700401269, 'OKETCHO ALFRED', 'M', 'BU/UP/2017/1211', 2017, 'DAY', '+256755187315', 'jralfredsoye77@gmail.com', 'FSE', 'DEG', 'ELS', 1, 0, '256755187315', '_na.jpg', 1, 0, '2020-05-08 19:14:23'),
	(78, 1900402555, 'ACAN STELLA LUCY', 'F', 'BU/UP/2019/2555', 2019, 'DAY', '+256777614293', 'acanstellalucy@gmail.com', 'FSE', 'DEG', 'BEP', 1, 0, '256777614293', '_na.jpg', 1, 0, '2020-05-08 19:14:23'),
	(79, 1900403450, 'AKINYI ELIZABETH', 'F', 'BU/UP/2019/3450', 2019, 'WEEKEND', '+256756003523', 'akinyielizabeth451@gmail.com', 'FSE', 'DEG', 'BEP', 1, 0, '256756003523', '_na.jpg', 1, 0, '2020-05-08 19:14:23'),
	(80, 1900402683, 'DERA ASUMANI', 'M', 'BU/UP/2019/2683', 2019, 'DAY', '+256771461676', 'deraasumani18@gmail.com', 'FSE', 'DEG', 'BEP', 1, 0, '256771461676', '_na.jpg', 1, 0, '2020-05-08 19:14:23'),
	(81, 1900403306, 'NABWIRE AIDAH', 'M', 'BU/UP/2019/3306', 2019, 'WEEKEND', '+256773666524', 'aidahnabwire7@gmail.com', 'FSE', 'DEG', 'BEP', 1, 0, '256773666524', '_na.jpg', 1, 0, '2020-05-08 19:14:23'),
	(82, 1900403447, 'NAFULA GRACE WINFRED', 'F', 'BU/UP/2019/3447', 2019, 'WEEKEND', '+256775024946', 'nafulagracewinfred2019@gmail.com', 'FSE', 'DEG', 'BEP', 1, 0, '256775024946', '_na.jpg', 1, 0, '2020-05-08 19:14:23'),
	(83, 1900403305, 'NAGAWA RECHEAL', 'F', 'BU/UP/2019/3305', 2019, 'WEEKEND', '+256775531468', 'rechealnagawa@gmail.com', 'FSE', 'DEG', 'BEP', 1, 0, '256775531468', '_na.jpg', 1, 0, '2020-05-08 19:14:23'),
	(84, 1900402768, 'NAMUKOBE BABRA', 'F', 'BU/UP/2019/2768', 2019, 'DAY', '+256756759913', 'babranamukobe@gmail.com', 'FSE', 'DEG', 'BEP', 1, 0, '256756759913', '_na.jpg', 1, 0, '2020-05-08 19:14:23'),
	(85, 1900402342, 'NASILA DOROTH', 'F', 'BU/UP/2019/2342', 2019, 'DAY', '+256780550103', 'dorothnasila@gmail.com', 'FSE', 'DEG', 'BEP', 1, 0, '256780550103', '_na.jpg', 1, 0, '2020-05-08 19:14:23'),
	(86, 1900402759, 'NGHERO FREDRICK', 'M', 'BU/UP/2019/2759', 2019, 'DAY', '+256783363458', 'ngherofred@gmail.com', 'FSE', 'DEG', 'BEP', 1, 0, '256783363458', '_na.jpg', 1, 0, '2020-05-08 19:14:23'),
	(87, 1900402694, 'ORYEMA JOSEPH', 'M', 'BU/UP/2019/2694', 2019, 'DAY', '+256782540754', 'oryemajoseph12@gmail.com', 'FSE', 'DEG', 'BEP', 1, 0, '256782540754', '_na.jpg', 1, 0, '2020-05-08 19:14:23'),
	(88, 1900402781, 'TAABU WANGIRA CORNELIUS', 'M', 'BU/UP/2019/2781', 2019, 'DAY', '+256776395231', 'taabuwangiracornelius@gmail.com', 'FSE', 'DEG', 'BEP', 1, 0, '256776395231', '_na.jpg', 1, 0, '2020-05-08 19:14:23'),
	(89, 1900402606, 'TUMWEBAZE JOSELLEN', 'F', 'BU/UP/2019/2606', 2019, 'DAY', '+256703017757', 'tumwebazejosellen@gmail.com', 'FSE', 'DEG', 'BEP', 1, 0, '256703017757', '_na.jpg', 1, 0, '2020-05-08 19:14:24'),
	(90, 1800403697, 'AKOL MICHAEL', 'M', 'BU/UP/2018/3697', 2018, 'WEEKEND', '+256778067342', 'akolmike3@gmail.com', 'FSE', 'DEG', 'BEP', 1, 0, '256778067342', '_na.jpg', 1, 0, '2020-05-08 19:14:24'),
	(91, 1800400002, 'EBULU EMANUEL', 'M', 'BU/UP/2018/4258', 2018, 'WEEKEND', '+256703283820', 'ebuluemanuel@gmail.com', 'FSE', 'DEG', 'BEP', 1, 0, '256703283820', '_na.jpg', 1, 0, '2020-05-08 19:14:24'),
	(92, 1800402133, 'GIRA JOEL', 'M', 'BU/UP/2018/2133', 2018, 'WEEKEND', '+256775711599', 'girajoel2@yahoo.com', 'FSE', 'DEG', 'BEP', 1, 0, '256775711599', '_na.jpg', 1, 0, '2020-05-08 19:14:24'),
	(93, 1800402297, 'MUGOYA AKUZASI PAUL', 'M', 'BU/UP/2018/2297', 2018, 'WEEKEND', '+256753956494', 'livingstonemugoya@gmail.com', 'FSE', 'DEG', 'BEP', 1, 0, '256753956494', '_na.jpg', 1, 0, '2020-05-08 19:14:24'),
	(94, 1800402311, 'MULEMU ZEFANIA', 'M', 'BU/UP/2018/2311', 2018, 'WEEKEND', '+256779010252', 'Zefaniamulemu18@gmail.com', 'FSE', 'DEG', 'BEP', 1, 0, '256779010252', '_na.jpg', 1, 0, '2020-05-08 19:14:24'),
	(95, 1800404223, 'MUNUBI BUMALI', 'M', 'BU/UP/2018/4223', 2018, 'WEEKEND', '+256779037925', 'munubibumali@gmail.com', 'FSE', 'DEG', 'BEP', 1, 0, '256779037925', '_na.jpg', 1, 0, '2020-05-08 19:14:24'),
	(96, 1800402444, 'OBUA PATRICK', 'M', 'BU/UP/2018/2444', 2018, 'WEEKEND', '+256772000468', 'patrickobua@gmail.com', 'FSE', 'DEG', 'BEP', 1, 0, '256772000468', '_na.jpg', 1, 0, '2020-05-08 19:14:24'),
	(97, 1800402568, 'ONYAIT JOHN MARTIN', 'M', 'BU/UP/2018/2568', 2018, 'WEEKEND', '+256774778691', 'onyaitjohnmartin@gmail.com', 'FSE', 'DEG', 'BEP', 1, 0, '256774778691', '_na.jpg', 1, 0, '2020-05-08 19:14:24'),
	(98, 1800404191, 'OSIRE PETER', 'M', 'BU/UP/2018/4191', 2018, 'WEEKEND', '+256777058141', 'osirepeter@gmail.com', 'FSE', 'DEG', 'BEP', 1, 0, '256777058141', '_na.jpg', 1, 0, '2020-05-08 19:14:24'),
	(99, 1800402700, 'WAKULALI ISAAC', 'M', 'BU/UP/2018/2700', 2018, 'WEEKEND', '+256784854776', 'isaacwak18@gmail.com', 'FSE', 'DEG', 'BEP', 1, 0, '256784854776', '_na.jpg', 1, 0, '2020-05-08 19:14:24'),
	(100, 1800404245, 'WAMANIALA ROGERS', 'M', 'BU/UP/2018/4245', 2018, 'WEEKEND', '+256753335480', 'rogerwam.90@gmail.com', 'FSE', 'DEG', 'BEP', 1, 0, '256753335480', '_na.jpg', 1, 0, '2020-05-08 19:14:24'),
	(101, 1700400300, 'BWIRE JOEL ANDREW', 'M', 'BU/UP/2017/1597', 2017, 'EXTERNAL', '+256773866705', 'bwirejoelandrew80@gmail.com', 'FSE', 'DEG', 'BEP', 1, 0, '256773866705', '_na.jpg', 1, 0, '2020-05-08 19:14:24'),
	(102, 1700400307, 'MUGOYA LIVINGSTONE', 'M', 'BU/UP/2017/1605', 2017, 'EXTERNAL', '+256704273760', 'livingstonemugoya@gmail.com', 'FSE', 'DEG', 'BEP', 1, 0, '256704273760', '_na.jpg', 1, 0, '2020-05-08 19:14:24'),
	(103, 1700400309, 'NABUKWASI JULIET', 'F', 'BU/UP/2017/1607', 2017, 'EXTERNAL', '+256773033574', 'nabujululiet@gmail.com', 'FSE', 'DEG', 'BEP', 1, 0, '256773033574', '_na.jpg', 1, 0, '2020-05-08 19:14:24'),
	(104, 1700402175, 'NALYAKA MILCENT', 'F', 'BU/UP/2017/1534', 2017, 'EXTERNAL', '+256779767112', 'nalyakamilcent@gmail.com', 'FSE', 'DEG', 'BEP', 1, 0, '256779767112', '_na.jpg', 1, 0, '2020-05-08 19:14:24'),
	(105, 1700401720, 'OBBO CLEMENT', 'M', 'BU/UP/2017/1715', 2017, 'EXTERNAL', '+256772308146', 'obboclemen@gmail.com', 'FSE', 'DEG', 'BEP', 1, 0, '256772308146', '_na.jpg', 1, 0, '2020-05-08 19:14:24'),
	(106, 1700401721, 'OKONGO PETER MIDAMBA', 'M', 'BU/UP/2017/1716', 2017, 'EXTERNAL', '+256774748098', 'opmidamba@gmail.com', 'FSE', 'DEG', 'BEP', 1, 0, '256774748098', '_na.jpg', 1, 0, '2020-05-08 19:14:24'),
	(107, 1700400319, 'OMIO MOSES', 'M', 'BU/UP/2017/1617', 2017, 'EXTERNAL', '+256774121142', 'omiomoses77@gmail.com', 'FSE', 'DEG', 'BEP', 1, 0, '256774121142', '_na.jpg', 1, 0, '2020-05-08 19:14:24'),
	(108, 1700400321, 'OSILO JOHN', 'M', 'BU/UP/2017/1619', 2017, 'EXTERNAL', '+256773080344', 'osilojohn@gmail.com', 'FSE', 'DEG', 'BEP', 1, 0, '256773080344', '_na.jpg', 1, 0, '2020-05-08 19:14:24'),
	(109, 1700400324, 'OWORI LEVI', 'M', 'BU/UP/2017/1622', 2017, 'EXTERNAL', '+256773633486', 'leviowor@gmail.com', 'FSE', 'DEG', 'BEP', 1, 0, '256773633486', '_na.jpg', 1, 0, '2020-05-08 19:14:24'),
	(110, 1700400326, 'SOOKA WILSON', 'M', 'BU/UP/2017/1624', 2017, 'EXTERNAL', '+256785641121', 'sookawilson2017@gmail.com', 'FSE', 'DEG', 'BEP', 1, 0, '256785641121', '_na.jpg', 1, 0, '2020-05-08 19:14:24'),
	(111, 1700400327, 'WAGENO MARY MARGARET', 'F', 'BU/UP/2017/1625', 2017, 'EXTERNAL', '+256786561182', 'wagenomary@gmail.com', 'FSE', 'DEG', 'BEP', 1, 0, '256786561182', '_na.jpg', 1, 0, '2020-05-08 19:14:24'),
	(112, 1700400331, 'WANINDA DANIEL', 'M', 'BU/UP/2017/1629', 2017, 'EXTERNAL', '+256782590746', 'danielwaninda5@gmail.com', 'FSE', 'DEG', 'BEP', 1, 0, '256782590746', '_na.jpg', 1, 0, '2020-05-08 19:14:24'),
	(113, 1900403300, 'AKETCH BRENDA', 'F', 'BU/UP/2019/3300', 2019, 'DAY', '+256770743368', 'brendaaketch6@gmail.com', 'FSE', 'DEG', 'BTI', 1, 0, '256770743368', '_na.jpg', 1, 0, '2020-05-08 19:14:24'),
	(114, 1900401272, 'HASAHYA REBECCA  NABWIRE', 'F', 'BU/UP/2019/1272', 2019, 'DAY', '+256773330104', 'rebeccahassy8@gmail.com', 'FSE', 'DEG', 'BTI', 1, 0, '256773330104', '_na.jpg', 1, 0, '2020-05-08 19:14:24'),
	(115, 1900403178, 'MUSANA KOHATH', 'M', 'BU/UP/2019/3178', 2019, 'DAY', '+256750543592', 'musanakohath2019@gmail.com', 'FSE', 'DEG', 'BTI', 1, 0, '256750543592', '_na.jpg', 1, 0, '2020-05-08 19:14:24'),
	(116, 1900401260, 'ODERO EDRINE STEPHEN', 'M', 'BU/UP/2019/1260', 2019, 'DAY', '+256780851544', 'edrinestphen@gmail.com', 'FSE', 'DEG', 'BTI', 1, 0, '256780851544', '_na.jpg', 1, 0, '2020-05-08 19:14:24'),
	(117, 1800403041, 'ABBO TEDDY', 'F', 'BU/UP/2018/3041', 2018, 'DAY', '+256759581157', 'teddyab143@gmail.com', 'FSE', 'DEG', 'BTI', 1, 0, '256759581157', '_na.jpg', 1, 0, '2020-05-08 19:14:25'),
	(118, 1800403051, 'YEKO RAMAZHAN', 'M', 'BU/UP/2018/3051', 2018, 'DAY', '+256704668165', 'yekoramazhan@gmail.com', 'FSE', 'DEG', 'BTI', 1, 0, '256704668165', '_na.jpg', 1, 0, '2020-05-08 19:14:25'),
	(119, 1900401648, 'ABOLOLO JACKSON', 'M', 'BU/UP/2019/1648', 2019, 'DAY', '+256757360279', 'abololojackson60@gmail.com', 'FSE', 'DEG', 'SCE', 1, 0, '256757360279', '_na.jpg', 1, 0, '2020-05-08 19:14:25'),
	(120, 1900401616, 'AJAMBO EVERINE', 'F', 'BU/UP/2019/1616', 2019, 'DAY', '+256756119183', 'ajamoeverine83@gmail.com', 'FSE', 'DEG', 'SCE', 1, 0, '256756119183', '_na.jpg', 1, 0, '2020-05-08 19:14:25'),
	(121, 1900401576, 'AKELLO PATRICIA', 'F', 'BU/UP/2019/1576', 2019, 'DAY', '+256705801058', 'akellopatricia29@gmail.com', 'FSE', 'DEG', 'SCE', 1, 0, '256705801058', '_na.jpg', 1, 0, '2020-05-08 19:14:25'),
	(122, 1900401702, 'AKIROR ESTHER  JOSEPHINE', 'F', 'BU/UP/2019/1702', 2019, 'DAY', '+256780691937', 'akirorestherjosephine@gmail.com', 'FSE', 'DEG', 'SCE', 1, 0, '256780691937', '_na.jpg', 1, 0, '2020-05-08 19:14:25'),
	(123, 1900402863, 'AKUKU MOUREEN', 'F', 'BU/UP/2019/2863', 2019, 'DAY', '+256780380458', 'akukumoureen@gmail.com', 'FSE', 'DEG', 'SCE', 1, 0, '256780380458', '_na.jpg', 1, 0, '2020-05-08 19:14:25'),
	(124, 1900401670, 'AKUMU MARIA', 'F', 'BU/UP/2019/1670', 2019, 'DAY', '+256783614587', 'Akumumaria56@gmail.com', 'FSE', 'DEG', 'SCE', 1, 0, '256783614587', '_na.jpg', 1, 0, '2020-05-08 19:14:25'),
	(125, 1900401699, 'ALOO PATIENCE', 'F', 'BU/UP/2019/1699', 2019, 'DAY', '+256785513721', 'aloopatience@gmail.com', 'FSE', 'DEG', 'SCE', 1, 0, '256785513721', '_na.jpg', 1, 0, '2020-05-08 19:14:25'),
	(126, 1900400055, 'AMENU ROGERS', 'M', 'BU/UG/2019/0055', 2019, 'DAY', '+256754407584', 'rogersamenu590@gmail.com', 'FSE', 'DEG', 'SCE', 1, 0, '256754407584', '_na.jpg', 1, 0, '2020-05-08 19:14:25'),
	(127, 1900403213, 'ANYABO RUTH', 'F', 'BU/UP/2019/3213', 2019, 'DAY', '+256772751142', 'ruthanyabo@gmail.com', 'FSE', 'DEG', 'SCE', 1, 0, '256772751142', '_na.jpg', 1, 0, '2020-05-08 19:14:25'),
	(128, 1900401501, 'ATIM ABEL ATIM', 'M', 'BU/UP/2019/1501', 2019, 'DAY', '+256787826150', 'atimabelatim@gmail.com', 'FSE', 'DEG', 'SCE', 1, 0, '256787826150', '_na.jpg', 1, 0, '2020-05-08 19:14:25'),
	(129, 1900403439, 'ATOKE KEVIN', 'M', 'BU/UP/2019/3439', 2019, 'DAY', '+256786254042', 'kevinatoke@gmail.com', 'FSE', 'DEG', 'SCE', 1, 0, '256786254042', '_na.jpg', 1, 0, '2020-05-08 19:14:25'),
	(130, 1900401546, 'AWORI MOREEN', 'F', 'BU/UP/2019/1546', 2019, 'DAY', '+256774625950', 'aworimoreen@gmail.com', 'FSE', 'DEG', 'SCE', 1, 0, '256774625950', '_na.jpg', 1, 0, '2020-05-08 19:14:25'),
	(131, 1900401591, 'AYEKO DAVIS', 'M', 'BU/UP/2019/1591', 2019, 'DAY', '+256789401500', 'ayekodavis0@gmail.com', 'FSE', 'DEG', 'SCE', 1, 0, '256789401500', '_na.jpg', 1, 0, '2020-05-08 19:14:25'),
	(132, 1900401666, 'AYEKO ELLY', 'M', 'BU/UP/2019/1666', 2019, 'DAY', '+256780852516', 'ayekoelly@gmail.com', 'FSE', 'DEG', 'SCE', 1, 0, '256780852516', '_na.jpg', 1, 0, '2020-05-08 19:14:25'),
	(133, 1900401507, 'BASEKE FRANCIS', 'M', 'BU/UP/2019/1507', 2019, 'DAY', '+256778243558', 'basekefrancis59@gmail.com', 'FSE', 'DEG', 'SCE', 1, 0, '256778243558', '_na.jpg', 1, 0, '2020-05-08 19:14:25'),
	(134, 1900401646, 'BWAITA SADAT', 'M', 'BU/UP/2019/1646', 2019, 'DAY', '+256754665474', 'bwaitasadat@gmail.com', 'FSE', 'DEG', 'SCE', 1, 0, '256754665474', '_na.jpg', 1, 0, '2020-05-08 19:14:25'),
	(135, 1900400057, 'BYOMUGABI HEEZI', 'M', 'BU/UG/2019/0057', 2019, 'DAY', '+256771424391', 'heezibyomugabi@gmail.com', 'FSE', 'DEG', 'SCE', 1, 0, '256771424391', '_na.jpg', 1, 0, '2020-05-08 19:14:25'),
	(136, 1900400009, 'CHEBIJIRA MERCY', 'F', 'BU/UG/2019/0009', 2019, 'DAY', '+256776090822', 'chebijiramercy@gmail.com', 'FSE', 'DEG', 'SCE', 1, 0, '256776090822', '_na.jpg', 1, 0, '2020-05-08 19:14:25'),
	(137, 1900401572, 'CHELANGAT CALEB', 'M', 'BU/UP/2019/1572', 2019, 'DAY', '+256780273726', 'chelangatcaleb2019@gmail.com', 'FSE', 'DEG', 'SCE', 1, 0, '256780273726', '_na.jpg', 1, 0, '2020-05-08 19:14:25'),
	(138, 1900401532, 'CHELANGAT EMMANUEL', 'M', 'BU/UP/2019/1532', 2019, 'DAY', '+256776774788', 'emmanuelchelangat00@gmail.com', 'FSE', 'DEG', 'SCE', 1, 0, '256776774788', '_na.jpg', 1, 0, '2020-05-08 19:14:25'),
	(139, 1900401668, 'CHEMONGES AGGREY', 'M', 'BU/UP/2019/1668', 2019, 'DAY', '+256788060555', 'chemongesaggrey22@gmail.com', 'FSE', 'DEG', 'SCE', 1, 0, '256788060555', '_na.jpg', 1, 0, '2020-05-08 19:14:25'),
	(140, 1900401697, 'CHEPTORUS GLORIA', 'F', 'BU/UP/2019/1697', 2019, 'DAY', '+256773517684', 'gloriacheptorus@gmail.com', 'FSE', 'DEG', 'SCE', 1, 0, '256773517684', '_na.jpg', 1, 0, '2020-05-08 19:14:25'),
	(141, 1900401643, 'CHEROP EMMANUELA', 'F', 'BU/UP/2019/1643', 2019, 'DAY', '+256784975130', 'emmanuelacherop@gmail.com', 'FSE', 'DEG', 'SCE', 1, 0, '256784975130', '_na.jpg', 1, 0, '2020-05-08 19:14:25'),
	(142, 1900401637, 'CHIKAMOKO DIANA', 'F', 'BU/UP/2019/1637', 2019, 'DAY', '+256777874542', 'chikamokodiana@gmail.com', 'FSE', 'DEG', 'SCE', 1, 0, '256777874542', '_na.jpg', 1, 0, '2020-05-08 19:14:26'),
	(143, 1900401528, 'DOMBODO FRANCIS', 'M', 'BU/UP/2019/1528', 2019, 'DAY', '+256758649817', 'mulakowilliam7@gmail.com', 'FSE', 'DEG', 'SCE', 1, 0, '256758649817', '_na.jpg', 1, 0, '2020-05-08 19:14:26'),
	(144, 1800403732, 'EGAU MALIK', 'M', 'BU/UP/2018/3732', 2018, 'DAY', '+256777177444', 'egaumalik225@gmail.com', 'FSE', 'DEG', 'SCE', 1, 0, '256777177444', '_na.jpg', 1, 0, '2020-05-08 19:14:26'),
	(145, 1900401584, 'ELUNGAT MARTIN', 'M', 'BU/UP/2019/1584', 2019, 'DAY', '+256771079698', 'elungatmartin1994@gmail.com', 'FSE', 'DEG', 'SCE', 1, 0, '256771079698', '_na.jpg', 1, 0, '2020-05-08 19:14:26'),
	(146, 1900401513, 'EMIKU DAVID', 'M', 'BU/UP/2019/1513', 2019, 'DAY', '+256770596045', 'emikudavido@gmail.com', 'FSE', 'DEG', 'SCE', 1, 0, '256770596045', '_na.jpg', 1, 0, '2020-05-08 19:14:26'),
	(147, 1900401559, 'EMURIA JOSEPH  MARTIN', 'M', 'BU/UP/2019/1559', 2019, 'DAY', '+256789826709', 'emuriajmartin@gmail.com', 'FSE', 'DEG', 'SCE', 1, 0, '256789826709', '_na.jpg', 1, 0, '2020-05-08 19:14:26'),
	(148, 1900403207, 'ETOKU JAMES', 'M', 'BU/UP/2019/3207', 2019, 'DAY', '+256770744908', 'etokuj@gmail.com', 'FSE', 'DEG', 'SCE', 1, 0, '256770744908', '_na.jpg', 1, 0, '2020-05-08 19:14:26'),
	(149, 1900401517, 'GALYA SAILAS', 'M', 'BU/UP/2019/1517', 2019, 'DAY', '+256700376099', 'galyasailas@gmail.com', 'FSE', 'DEG', 'SCE', 1, 0, '256700376099', '_na.jpg', 1, 0, '2020-05-08 19:14:26'),
	(150, 1900401696, 'IKIRING MARTHA', 'F', 'BU/UP/2019/1696', 2019, 'DAY', '+256772165169', 'odiamajames@gmail.com', 'FSE', 'DEG', 'SCE', 1, 0, '256772165169', '_na.jpg', 1, 0, '2020-05-08 19:14:26'),
	(151, 1900401618, 'JAUKE ALON', 'M', 'BU/UP/2019/1618', 2019, 'DAY', '+256781782069', 'okongoian7@gmail.com', 'FSE', 'DEG', 'SCE', 1, 0, '256781782069', '_na.jpg', 1, 0, '2020-05-08 19:14:26'),
	(152, 1900401736, 'KABASA EMMANUEL', 'M', 'BU/UP/2019/1736', 2019, 'DAY', '+256705650536', 'kabasaemmanuel10@gmail.com', 'FSE', 'DEG', 'SCE', 1, 0, '256705650536', '_na.jpg', 1, 0, '2020-05-08 19:14:26'),
	(153, 1900401586, 'KABUSERA RONNIE PROSPER', 'M', 'BU/UP/2019/1586', 2019, 'DAY', '+256701334715', 'prosperkabuseraronnie@gmail.com', 'FSE', 'DEG', 'SCE', 1, 0, '256701334715', '_na.jpg', 1, 0, '2020-05-08 19:14:26'),
	(154, 1900401739, 'KALUGANA NELSON', 'M', 'BU/UP/2019/1739', 2019, 'DAY', '+256708696203', 'nelsonkalugana.ug@gmail.com', 'FSE', 'DEG', 'SCE', 1, 0, '256708696203', '_na.jpg', 1, 0, '2020-05-08 19:14:26'),
	(155, 1900401536, 'KAMPI MARIA GORRET', 'F', 'BU/UP/2019/1536', 2019, 'DAY', '+256753607743', 'kampimariagorret@gmail.com', 'FSE', 'DEG', 'SCE', 1, 0, '256753607743', '_na.jpg', 1, 0, '2020-05-08 19:14:26'),
	(156, 1900401686, 'KAMUTONO TOMASI', 'M', 'BU/UP/2019/1686', 2019, 'DAY', '+256778067864', 'kamutonotomasi@yahoo.com', 'FSE', 'DEG', 'SCE', 1, 0, '256778067864', '_na.jpg', 1, 0, '2020-05-08 19:14:26'),
	(157, 1900401498, 'KANYINYI DOUGLAS MOI', 'M', 'BU/UP/2019/1498', 2019, 'DAY', '+256780988152', 'moidouglas4@gmail.com', 'FSE', 'DEG', 'SCE', 1, 0, '256780988152', '_na.jpg', 1, 0, '2020-05-08 19:14:26'),
	(158, 1900401617, 'KATOLE HENRY', 'M', 'BU/UP/2019/1617', 2019, 'DAY', '+256777025743', 'henrykatole@gmail.com', 'FSE', 'DEG', 'SCE', 1, 0, '256777025743', '_na.jpg', 1, 0, '2020-05-08 19:14:26'),
	(159, 1900401499, 'KAUTA PETER', 'M', 'BU/UP/2019/1499', 2019, 'DAY', '+256783978720', 'kautapeter2@gmail.com', 'FSE', 'DEG', 'SCE', 1, 0, '256783978720', '_na.jpg', 1, 0, '2020-05-08 19:14:26'),
	(160, 1900401556, 'KAZIBA IVAN', 'M', 'BU/UP/2019/1556', 2019, 'DAY', '+256782663414', 'kazibaivan2019@gmail.com', 'FSE', 'DEG', 'SCE', 1, 0, '256782663414', '_na.jpg', 1, 0, '2020-05-08 19:14:26'),
	(161, 1900401705, 'KHISA RONALD SALEKWA', 'M', 'BU/UP/2019/1705', 2019, 'DAY', '+256774978025', 'mukonisilver@gmail.com', 'FSE', 'DEG', 'SCE', 1, 0, '256774978025', '_na.jpg', 1, 0, '2020-05-08 19:14:26'),
	(162, 1900403036, 'KIBET EDWIN MUNERIA', 'M', 'BU/UP/2019/3036', 2019, 'DAY', '+256771938873', 'kibetedwinmuneria@gmail.com', 'FSE', 'DEG', 'SCE', 1, 0, '256771938873', '_na.jpg', 1, 0, '2020-05-08 19:14:26'),
	(163, 1900401573, 'KIFUNDWA STEPHEN', 'M', 'BU/UP/2019/1573', 2019, 'DAY', '+256781551703', 'kifundwastephen@gmail.com', 'FSE', 'DEG', 'SCE', 1, 0, '256781551703', '_na.jpg', 1, 0, '2020-05-08 19:14:26'),
	(164, 1900401624, 'KIPLIMO TONNY', 'M', 'BU/UP/2019/1624', 2019, 'DAY', '+256774608874', 'kiplimotonny6@gmail.com', 'FSE', 'DEG', 'SCE', 1, 0, '256774608874', '_na.jpg', 1, 0, '2020-05-08 19:14:26'),
	(165, 1900401629, 'KIPROTICH CALEB', 'M', 'BU/UP/2019/1629', 2019, 'DAY', '+256781068103', 'kiprotichcaleb20@gmail.com', 'FSE', 'DEG', 'SCE', 1, 0, '256781068103', '_na.jpg', 1, 0, '2020-05-08 19:14:26'),
	(166, 1900401579, 'KIRYA MICHAEL', 'M', 'BU/UP/2019/1579', 2019, 'DAY', '+256704788328', 'kiryamichael5@gmail.com', 'FSE', 'DEG', 'SCE', 1, 0, '256704788328', '_na.jpg', 1, 0, '2020-05-08 19:14:26'),
	(167, 1900401609, 'KISAKYE KEZIAH PRISCILLA', 'F', 'BU/UP/2019/1609', 2019, 'DAY', '+256706026772', 'kisakyekeziahpriscilla@gmail.com', 'FSE', 'DEG', 'SCE', 1, 0, '256706026772', '_na.jpg', 1, 0, '2020-05-08 19:14:27'),
	(168, 1900403215, 'KITIMBO HAKIM', 'M', 'BU/UP/2019/3215', 2019, 'DAY', '+256784427641', 'hakimkitimbo@gmail.com', 'FSE', 'DEG', 'SCE', 1, 0, '256784427641', '_na.jpg', 1, 0, '2020-05-08 19:14:27'),
	(169, 1900401582, 'KIWUSO HASSAN', 'M', 'BU/UP/2019/1582', 2019, 'DAY', '+256751202844', 'kiwusohassan@gmail.com', 'FSE', 'DEG', 'SCE', 1, 0, '256751202844', '_na.jpg', 1, 0, '2020-05-08 19:14:27'),
	(170, 1900403257, 'KIZIRE DAPHINE', 'F', 'BU/UP/2019/3257', 2019, 'DAY', '+256772072176', 'daphinekizire@gmail.com', 'FSE', 'DEG', 'SCE', 1, 0, '256772072176', '_na.jpg', 1, 0, '2020-05-08 19:14:27'),
	(171, 1900401695, 'KOOKO RYAN', 'M', 'BU/UP/2019/1695', 2019, 'DAY', '+256784005715', 'kookoryan246@gmail.com', 'FSE', 'DEG', 'SCE', 1, 0, '256784005715', '_na.jpg', 1, 0, '2020-05-08 19:14:27'),
	(172, 1900401051, 'KUTOSI IVAN', 'M', 'BU/UP/2019/1051', 2019, 'DAY', '+256783353340', 'ivankutosi2019@gmail.com', 'FSE', 'DEG', 'SCE', 1, 0, '256783353340', '_na.jpg', 1, 0, '2020-05-08 19:14:27'),
	(173, 1900401593, 'KWEMOI ROBIN', 'M', 'BU/UP/2019/1593', 2019, 'DAY', '+256779610111', 'kwemoirobin65@gmail.com', 'FSE', 'DEG', 'SCE', 1, 0, '256779610111', '_na.jpg', 1, 0, '2020-05-08 19:14:27'),
	(174, 1900401669, 'KYALIGONZA WILSON', 'M', 'BU/UP/2019/1669', 2019, 'DAY', '+256779704715', 'kyaligonzawilson97@gmail.com', 'FSE', 'DEG', 'SCE', 1, 0, '256779704715', '_na.jpg', 1, 0, '2020-05-08 19:14:27'),
	(175, 1900401681, 'KYAZIKE PROSCOVIA', 'F', 'BU/UP/2019/1681', 2019, 'DAY', '+256774729694', 'kyazikeprossy0@gmail.com', 'FSE', 'DEG', 'SCE', 1, 0, '256774729694', '_na.jpg', 1, 0, '2020-05-08 19:14:27'),
	(176, 1900401656, 'KYOTALYE BRAIN', 'M', 'BU/UP/2019/1656', 2019, 'DAY', '+256783765978', 'kyotalyeb@gmail.com', 'FSE', 'DEG', 'SCE', 1, 0, '256783765978', '_na.jpg', 1, 0, '2020-05-08 19:14:27'),
	(177, 1900403214, 'LUTAAYA BADRU', 'M', 'BU/UP/2019/3214', 2019, 'DAY', '+256755728179', 'lutaayabadru569@gmail.com', 'FSE', 'DEG', 'SCE', 1, 0, '256755728179', '_na.jpg', 1, 0, '2020-05-08 19:14:27'),
	(178, 1900403205, 'LWAMUYINI DENIS MATEGE', 'M', 'BU/UP/2019/3205', 2019, 'DAY', '+256703621225', 'Lwamuyinidenis97@gmail.com', 'FSE', 'DEG', 'SCE', 1, 0, '256703621225', '_na.jpg', 1, 0, '2020-05-08 19:14:27'),
	(179, 1900401170, 'MAGANDA ROGERS', 'M', 'BU/UP/2019/1170', 2019, 'DAY', '+256759071527', 'rogersmaganda07@gmail.com', 'FSE', 'DEG', 'SCE', 1, 0, '256759071527', '_na.jpg', 1, 0, '2020-05-08 19:14:27'),
	(180, 1900401595, 'MAGOOLA MORRIS', 'M', 'BU/UP/2019/1595', 2019, 'DAY', '+256776012231', 'morrismagoola@gmail.com', 'FSE', 'DEG', 'SCE', 1, 0, '256776012231', '_na.jpg', 1, 0, '2020-05-08 19:14:27'),
	(181, 1900401613, 'MAISO EMMANUEL', 'M', 'BU/UP/2019/1613', 2019, 'DAY', '+256777592032', 'maisoemmanuel2019@gmail.com', 'FSE', 'DEG', 'SCE', 1, 0, '256777592032', '_na.jpg', 1, 0, '2020-05-08 19:14:27'),
	(182, 1900401687, 'MASIBO FRED MASOLO', 'M', 'BU/UP/2019/1687', 2019, 'DAY', '+256787772423', 'masibofredmasolo@gmail.com', 'FSE', 'DEG', 'SCE', 1, 0, '256787772423', '_na.jpg', 1, 0, '2020-05-08 19:14:27'),
	(183, 1900401529, 'MATALIRO MUTWALIBI', 'M', 'BU/UP/2019/1529', 2019, 'DAY', '+256786906055', 'mutwalibimataliro1997@gmail.com', 'FSE', 'DEG', 'SCE', 1, 0, '256786906055', '_na.jpg', 1, 0, '2020-05-08 19:14:27'),
	(184, 1900401545, 'MATOVU FREDRICK', 'M', 'BU/UP/2019/1545', 2019, 'DAY', '+256750707457', 'matovufredrick889@gmail.com', 'FSE', 'DEG', 'SCE', 1, 0, '256750707457', '_na.jpg', 1, 0, '2020-05-08 19:14:27'),
	(185, 1900401560, 'MATSELELE EMMANUEL', 'M', 'BU/UP/2019/1560', 2019, 'DAY', '+256784368581', 'emmanuelmats96@gmail.com', 'FSE', 'DEG', 'SCE', 1, 0, '256784368581', '_na.jpg', 1, 0, '2020-05-08 19:14:27'),
	(186, 1900403256, 'MATWA BENARD', 'M', 'BU/UP/2019/3256', 2019, 'DAY', '+256778202904', 'matwabenard6@gmail.com', 'FSE', 'DEG', 'SCE', 1, 0, '256778202904', '_na.jpg', 1, 0, '2020-05-08 19:14:27'),
	(187, 1900403254, 'MBOIZI JOHN', 'M', 'BU/UP/2019/3254', 2019, 'DAY', '+256786687657', 'mboizijohn598@gmail.com', 'FSE', 'DEG', 'SCE', 1, 0, '256786687657', '_na.jpg', 1, 0, '2020-05-08 19:14:27'),
	(188, 1900401709, 'MIDIERO SHARON', 'F', 'BU/UP/2019/1709', 2019, 'DAY', '+256780354105', 'midierosharon@gmail.com', 'FSE', 'DEG', 'SCE', 1, 0, '256780354105', '_na.jpg', 1, 0, '2020-05-08 19:14:27'),
	(189, 1900401654, 'MINOKI PIUS', 'M', 'BU/UP/2019/1654', 2019, 'DAY', '+256782532255', 'minokipius@gmail.com', 'FSE', 'DEG', 'SCE', 1, 0, '256782532255', '_na.jpg', 1, 0, '2020-05-08 19:14:27'),
	(190, 1900401682, 'MORO DANIEL', 'M', 'BU/UP/2019/1682', 2019, 'DAY', '+256751122682', 'danielomoro4@gmail.com', 'FSE', 'DEG', 'SCE', 1, 0, '256751122682', '_na.jpg', 1, 0, '2020-05-08 19:14:27'),
	(191, 1900401571, 'MPIRWE BRIAN', 'M', 'BU/UP/2019/1571', 2019, 'DAY', '+256787700308', 'mpirwebrian256@gmail.com', 'FSE', 'DEG', 'SCE', 1, 0, '256787700308', '_na.jpg', 1, 0, '2020-05-08 19:14:27'),
	(192, 1900400010, 'MUDAMBO ROGERS', 'M', 'BU/UG/2019/0010', 2019, 'DAY', '+256787588059', 'rogersmudambo@gmail.com', 'FSE', 'DEG', 'SCE', 1, 0, '256787588059', '_na.jpg', 1, 0, '2020-05-08 19:14:27'),
	(193, 1900401552, 'MUDUME ISIHAKA', 'M', 'BU/UP/2019/1552', 2019, 'DAY', '+256779266751', 'okongoian7@gmail.com', 'FSE', 'DEG', 'SCE', 1, 0, '256779266751', '_na.jpg', 1, 0, '2020-05-08 19:14:27'),
	(194, 1900401510, 'MUGALAGALA NICHOLUS', 'M', 'BU/UP/2019/1510', 2019, 'DAY', '+256773466287', 'mugalagalanicholus47@gmail.com', 'FSE', 'DEG', 'SCE', 1, 0, '256773466287', '_na.jpg', 1, 0, '2020-05-08 19:14:27'),
	(195, 1900401719, 'MUGOLE ISMA MALEWU', 'M', 'BU/UP/2019/1719', 2019, 'DAY', '+256759311914', 'Mugoleisma98@gmail.com', 'FSE', 'DEG', 'SCE', 1, 0, '256759311914', '_na.jpg', 1, 0, '2020-05-08 19:14:28'),
	(196, 1900401706, 'MUJANGOLO ISAAC', 'M', 'BU/UP/2019/1706', 2019, 'DAY', '+256779994561', 'isaacmujangolo@gmail.com', 'FSE', 'DEG', 'SCE', 1, 0, '256779994561', '_na.jpg', 1, 0, '2020-05-08 19:14:28'),
	(197, 1900401688, 'MUKIIBI JOSEPH', 'M', 'BU/UP/2019/1688', 2019, 'DAY', '+256783348076', 'josephmukiibi41@gmail.com', 'FSE', 'DEG', 'SCE', 1, 0, '256783348076', '_na.jpg', 1, 0, '2020-05-08 19:14:28'),
	(198, 1900403252, 'MUKISA EMMANUEL', 'M', 'BU/UP/2019/3252', 2019, 'DAY', '+256788858572', 'mukisaemmanuel@gmail.com', 'FSE', 'DEG', 'SCE', 1, 0, '256788858572', '_na.jpg', 1, 0, '2020-05-08 19:14:28'),
	(199, 1900401630, 'MUKOYA FIRIDAUSI', 'F', 'BU/UP/2019/1630', 2019, 'DAY', '+256782045114', 'nanjeregodfrey@gmail.com', 'FSE', 'DEG', 'SCE', 1, 0, '256782045114', '_na.jpg', 1, 0, '2020-05-08 19:14:28'),
	(200, 1900401538, 'MULAKO WILLIAM', 'M', 'BU/UP/2019/1538', 2019, 'DAY', '+256774126824', 'mulakowilliam54@gmail.com', 'FSE', 'DEG', 'SCE', 1, 0, '256774126824', '_na.jpg', 1, 0, '2020-05-08 19:14:28'),
	(201, 1900403240, 'MULANI MASANA', 'M', 'BU/UP/2019/3240', 2019, 'DAY', '+256789106243', 'musanamulani@gmail.com', 'FSE', 'DEG', 'SCE', 1, 0, '256789106243', '_na.jpg', 1, 0, '2020-05-08 19:14:28'),
	(202, 1900401575, 'MULIRO YOWELI', 'M', 'BU/UP/2019/1575', 2019, 'DAY', '+256787841781', 'yowelimuliro@gmail.com', 'FSE', 'DEG', 'SCE', 1, 0, '256787841781', '_na.jpg', 1, 0, '2020-05-08 19:14:28'),
	(203, 1900401744, 'MULONDO DEREK', 'M', 'BU/UP/2019/1744', 2019, 'DAY', '+256776960631', 'ivankayondo32@gmail.com', 'FSE', 'DEG', 'SCE', 1, 0, '256776960631', '_na.jpg', 1, 0, '2020-05-08 19:14:28'),
	(204, 1900401569, 'MWAGALE FLAVIA', 'F', 'BU/UP/2019/1569', 2019, 'DAY', '+256706711151', 'mwagalef@gmail.com', 'FSE', 'DEG', 'SCE', 1, 0, '256706711151', '_na.jpg', 1, 0, '2020-05-08 19:14:28'),
	(205, 1900401577, 'MWAMBU JUNIOR', 'M', 'BU/UP/2019/1577', 2019, 'DAY', '+256751575865', 'juniormwambu256@gmail.com', 'FSE', 'DEG', 'SCE', 1, 0, '256751575865', '_na.jpg', 1, 0, '2020-05-08 19:14:28'),
	(206, 1900403212, 'NABENDE IVAN', 'M', 'BU/UP/2019/3212', 2019, 'DAY', '+256772220680', 'ivannabe9@gmail.com', 'FSE', 'DEG', 'SCE', 1, 0, '256772220680', '_na.jpg', 1, 0, '2020-05-08 19:14:28'),
	(207, 1900401672, 'NADUNGA HELLEN', 'F', 'BU/UP/2019/1672', 2019, 'DAY', '+256776111133', 'hellenadunga@gmail.com', 'FSE', 'DEG', 'SCE', 1, 0, '256776111133', '_na.jpg', 1, 0, '2020-05-08 19:14:28'),
	(208, 1900401533, 'NAFULA JOAN', 'F', 'BU/UP/2019/1533', 2019, 'DAY', '+256786727847', 'nafulajoan55@gmail.com', 'FSE', 'DEG', 'SCE', 1, 0, '256786727847', '_na.jpg', 1, 0, '2020-05-08 19:14:28'),
	(209, 1900401692, 'NAIRUBA ESEZA', 'F', 'BU/UP/2019/1692', 2019, 'DAY', '+256775417990', 'nairubaeseza3@gmail.com', 'FSE', 'DEG', 'SCE', 1, 0, '256775417990', '_na.jpg', 1, 0, '2020-05-08 19:14:28'),
	(210, 1900401683, 'NAKHAIMA FRED', 'M', 'BU/UP/2019/1683', 2019, 'DAY', '+256780860273', 'nakhaima2@gmail.com', 'FSE', 'DEG', 'SCE', 1, 0, '256780860273', '_na.jpg', 1, 0, '2020-05-08 19:14:28'),
	(211, 1900401721, 'NAMBALA OLIVER', 'F', 'BU/UP/2019/1721', 2019, 'DAY', '+256757676098', 'nambalaoliver@gmail.com', 'FSE', 'DEG', 'SCE', 1, 0, '256757676098', '_na.jpg', 1, 0, '2020-05-08 19:14:28'),
	(212, 1900401673, 'NAPOOLI BENARD', 'M', 'BU/UP/2019/1673', 2019, 'DAY', '+256775216381', 'napoolib@gmail.com', 'FSE', 'DEG', 'SCE', 1, 0, '256775216381', '_na.jpg', 1, 0, '2020-05-08 19:14:28'),
	(213, 1900403478, 'OBOI ZABULON', 'M', 'BU/UP/2019/3478', 2019, 'DAY', '+256703107433', 'zabulonoboi01@gmail.comm', 'FSE', 'DEG', 'SCE', 1, 0, '256703107433', '_na.jpg', 1, 0, '2020-05-08 19:14:28'),
	(214, 1800403509, 'OCHWO JOSEPH', 'M', 'BU/UP/2018/3509', 2018, 'DAY', '+256787057352', 'ochwojosephhh@gmail.com', 'FSE', 'DEG', 'SCE', 1, 0, '256787057352', '_na.jpg', 1, 0, '2020-05-08 19:14:28'),
	(215, 1900401644, 'OCOM FELIX', 'M', 'BU/UP/2019/1644', 2019, 'DAY', '+256785614072', 'felixocom3@gmail.com', 'FSE', 'DEG', 'SCE', 1, 0, '256785614072', '_na.jpg', 1, 0, '2020-05-08 19:14:28'),
	(216, 1900402320, 'ODOKONYERO PHILIP', 'M', 'BU/UG/2019/2320', 2019, 'DAY', '+256781958457', 'odokonyerophilip2019@gmail.com', 'FSE', 'DEG', 'SCE', 1, 0, '256781958457', '_na.jpg', 1, 0, '2020-05-08 19:14:28'),
	(217, 1900402327, 'ODONG ROBERT', 'M', 'BU/UG/2019/2327', 2019, 'DAY', '+256776182427', 'robertodong222@gmail.com', 'FSE', 'DEG', 'SCE', 1, 0, '256776182427', '_na.jpg', 1, 0, '2020-05-08 19:14:28'),
	(218, 1900403239, 'ODONGO ANDREW', 'M', 'BU/UP/2019/3239', 2019, 'DAY', '+256771438607', 'odongoa4@gmail.com', 'FSE', 'DEG', 'SCE', 1, 0, '256771438607', '_na.jpg', 1, 0, '2020-05-08 19:14:28'),
	(219, 1900401716, 'ODONGO JESSE', 'M', 'BU/UP/2019/1716', 2019, 'DAY', '+256785227496', 'odongojesse2018@gmail.com', 'FSE', 'DEG', 'SCE', 1, 0, '256785227496', '_na.jpg', 1, 0, '2020-05-08 19:14:28'),
	(220, 1900401724, 'OGWANG CHARLES', 'M', 'BU/UP/2019/1724', 2019, 'DAY', '+256773192416', 'ogwangcharles1@gmail.com', 'FSE', 'DEG', 'SCE', 1, 0, '256773192416', '_na.jpg', 1, 0, '2020-05-08 19:14:29'),
	(221, 1900403199, 'OITAKOL JAMES', 'M', 'BU/UP/2019/3199', 2019, 'DAY', '+256771468989', 'oitakoljames@gmail.com', 'FSE', 'DEG', 'SCE', 1, 0, '256771468989', '_na.jpg', 1, 0, '2020-05-08 19:14:29'),
	(222, 1900401518, 'OJOK SIMON', 'M', 'BU/UP/2019/1518', 2019, 'DAY', '+256777320097', 'simonojok32@gmail.com', 'FSE', 'DEG', 'SCE', 1, 0, '256777320097', '_na.jpg', 1, 0, '2020-05-08 19:14:29'),
	(223, 1900401714, 'OKUKU FILEX', 'M', 'BU/UP/2019/1714', 2019, 'DAY', '+256788314043', 'filexokuku@gmail.com', 'FSE', 'DEG', 'SCE', 1, 0, '256788314043', '_na.jpg', 1, 0, '2020-05-08 19:14:29'),
	(224, 1900401540, 'OKUKU MOSES ONDIEGE', 'M', 'BU/UP/2019/1540', 2019, 'DAY', '+256751523616', 'moses@gmail.com', 'FSE', 'DEG', 'SCE', 1, 0, '256751523616', '_na.jpg', 1, 0, '2020-05-08 19:14:29'),
	(225, 1900401597, 'OMUROK DAVID NATHAN', 'M', 'BU/UP/2019/1597', 2019, 'DAY', '+256770743659', 'omurokdavid@gmail.com', 'FSE', 'DEG', 'SCE', 1, 0, '256770743659', '_na.jpg', 1, 0, '2020-05-08 19:14:29'),
	(226, 1900401592, 'OPOLOT ANDREW', 'M', 'BU/UP/2019/1592', 2019, 'DAY', '+256784264924', 'not applicable', 'FSE', 'DEG', 'SCE', 1, 0, '256784264924', '_na.jpg', 1, 0, '2020-05-08 19:14:29'),
	(227, 1900401690, 'OPUA ALLAN', 'M', 'BU/UP/2019/1690', 2019, 'DAY', '+256772532979', 'opua.allan@gmail.com', 'FSE', 'DEG', 'SCE', 1, 0, '256772532979', '_na.jpg', 1, 0, '2020-05-08 19:14:29'),
	(228, 1900401662, 'OTAU MICHAEL', 'M', 'BU/UP/2019/1662', 2019, 'DAY', '+256778260851', 'otaummichael@gmail.com', 'FSE', 'DEG', 'SCE', 1, 0, '256778260851', '_na.jpg', 1, 0, '2020-05-08 19:14:29'),
	(229, 1900401562, 'OTHIENO THOMAS', 'M', 'BU/UP/2019/1562', 2019, 'DAY', '+256782173144', 'othienothomas42@yahoo.com', 'FSE', 'DEG', 'SCE', 1, 0, '256782173144', '_na.jpg', 1, 0, '2020-05-08 19:14:29'),
	(230, 1900401583, 'SABILA TIMOTHY', 'M', 'BU/UP/2019/1583', 2019, 'DAY', '+256783126653', 'sabilatimothy@gmail.com', 'FSE', 'DEG', 'SCE', 1, 0, '256783126653', '_na.jpg', 1, 0, '2020-05-08 19:14:29'),
	(231, 1900401504, 'SANYA DAVID', 'M', 'BU/UP/2019/1504', 2019, 'DAY', '+256778339671', 'sanyadavid98@gmail.com', 'FSE', 'DEG', 'SCE', 1, 0, '256778339671', '_na.jpg', 1, 0, '2020-05-08 19:14:29'),
	(232, 1900401589, 'SANYA MOSES', 'M', 'BU/UP/2019/1589', 2019, 'DAY', '+256770887361', 'sanyamoses981@@gmail.com', 'FSE', 'DEG', 'SCE', 1, 0, '256770887361', '_na.jpg', 1, 0, '2020-05-08 19:14:29'),
	(233, 1900401628, 'SIDUDA WILLY', 'M', 'BU/UP/2019/1628', 2019, 'DAY', '+256758893474', 'willysiduda@gmail.com', 'FSE', 'DEG', 'SCE', 1, 0, '256758893474', '_na.jpg', 1, 0, '2020-05-08 19:14:29'),
	(234, 1900401588, 'SOLIMO FADIL', 'M', 'BU/UP/2019/1588', 2019, 'DAY', '+256774305921', 'solimofadil@gmail.com', 'FSE', 'DEG', 'SCE', 1, 0, '256774305921', '_na.jpg', 1, 0, '2020-05-08 19:14:29'),
	(235, 1900400059, 'SSEKITTO NATHAN', 'M', 'BU/UG/2019/0059', 2019, 'DAY', '+256708562710', 'ssekittonathan19@gmail.com', 'FSE', 'DEG', 'SCE', 1, 0, '256708562710', '_na.jpg', 1, 0, '2020-05-08 19:14:29'),
	(236, 1900401522, 'SSEMAKULA SHAWAL', 'M', 'BU/UP/2019/1522', 2019, 'DAY', '+256755481723', 'shawamnssema@gmail.com', 'FSE', 'DEG', 'SCE', 1, 0, '256755481723', '_na.jpg', 1, 0, '2020-05-08 19:14:29'),
	(237, 1900401523, 'SSEMWOGERERE ALI', 'M', 'BU/UP/2019/1523', 2019, 'DAY', '+256706703718', 'hanselali158@gmail.com', 'FSE', 'DEG', 'SCE', 1, 0, '256706703718', '_na.jpg', 1, 0, '2020-05-08 19:14:29'),
	(238, 1900401525, 'TAAKA VIVIAN', 'F', 'BU/UP/2019/1525', 2019, 'DAY', '+256786387984', 'viviantakaa@gmail.com', 'FSE', 'DEG', 'SCE', 1, 0, '256786387984', '_na.jpg', 1, 0, '2020-05-08 19:14:29'),
	(239, 1900403483, 'TAKUNYA GERALD', 'M', 'BU/UP/2019/3483', 2019, 'DAY', '+256756758769', 'geraldtakunya@gmail.com', 'FSE', 'DEG', 'SCE', 1, 0, '256756758769', '_na.jpg', 1, 0, '2020-05-08 19:14:29'),
	(240, 1900403209, 'TIBAKWENDEZA ANNALUSIA', 'F', 'BU/UP/2019/3209', 2019, 'DAY', '+256782111502', 'ruthtibakwendeza@gmail.com', 'FSE', 'DEG', 'SCE', 1, 0, '256782111502', '_na.jpg', 1, 0, '2020-05-08 19:14:29'),
	(241, 1900400054, 'WABAGHA LAWRENCE', 'M', 'BU/UG/2019/0054', 2019, 'DAY', '+256784027942', 'wabawalawrence2019@gmail.com', 'FSE', 'DEG', 'SCE', 1, 0, '256784027942', '_na.jpg', 1, 0, '2020-05-08 19:14:29'),
	(242, 1900401727, 'WABWIRE SAMSON', 'M', 'BU/UP/2019/1727', 2019, 'DAY', '+256786084410', 'goldensam04@gmail.com', 'FSE', 'DEG', 'SCE', 1, 0, '256786084410', '_na.jpg', 1, 0, '2020-05-08 19:14:29'),
	(243, 1900402864, 'WACHEMBA PETER', 'M', 'BU/UP/2019/2864', 2019, 'DAY', '+256776485724', 'wachembapeter@gmail.com', 'FSE', 'DEG', 'SCE', 1, 0, '256776485724', '_na.jpg', 1, 0, '2020-05-08 19:14:29'),
	(244, 1900401641, 'WAJIJE JULIUS', 'M', 'BU/UP/2019/1641', 2019, 'DAY', '+256779045716', 'wajijejulius@gmail.com', 'FSE', 'DEG', 'SCE', 1, 0, '256779045716', '_na.jpg', 1, 0, '2020-05-08 19:14:29'),
	(245, 1900401707, 'WAMIMBI AKIM', 'M', 'BU/UP/2019/1707', 2019, 'DAY', '+256781622143', 'wamimbiakim2019@gmail.com', 'FSE', 'DEG', 'SCE', 1, 0, '256781622143', '_na.jpg', 1, 0, '2020-05-08 19:14:29'),
	(246, 1900403157, 'WAMOTO APOLLO', 'M', 'BU/UP/2019/3157', 2019, 'DAY', '+256782779761', 'wamotoapollo2@gmail.com', 'FSE', 'DEG', 'SCE', 1, 0, '256782779761', '_na.jpg', 1, 0, '2020-05-08 19:14:30'),
	(247, 1900403247, 'WANDERA CHRISTOPHER', 'M', 'BU/UP/2019/3247', 2019, 'DAY', '+256786127442', 'wanderachristopher1999@gmail.com', 'FSE', 'DEG', 'SCE', 1, 0, '256786127442', '_na.jpg', 1, 0, '2020-05-08 19:14:30'),
	(248, 1900401585, 'WANGATYA MOSES', 'M', 'BU/UP/2019/1585', 2019, 'DAY', '+256777810359', 'moseswangatya@gemail com', 'FSE', 'DEG', 'SCE', 1, 0, '256777810359', '_na.jpg', 1, 0, '2020-05-08 19:14:30'),
	(249, 1900401743, 'WATASA VALENTINE', 'M', 'BU/UP/2019/1743', 2019, 'DAY', '+256787932826', 'vwatasa@gmail.com', 'FSE', 'DEG', 'SCE', 1, 0, '256787932826', '_na.jpg', 1, 0, '2020-05-08 19:14:30'),
	(250, 1900403245, 'WATATYA KEVIN', 'M', 'BU/UP/2019/3245', 2019, 'DAY', '+256752026877', 'Watatyakevin1995@gmail.com', 'FSE', 'DEG', 'SCE', 1, 0, '256752026877', '_na.jpg', 1, 0, '2020-05-08 19:14:30'),
	(251, 1900401611, 'WATILA JOSHUA  SAMUEL', 'M', 'BU/UP/2019/1611', 2019, 'DAY', '+256786856762', 'watilasammy@gmail.com', 'FSE', 'DEG', 'SCE', 1, 0, '256786856762', '_na.jpg', 1, 0, '2020-05-08 19:14:30'),
	(252, 1900401698, 'WATSEMBA MARY', 'F', 'BU/UP/2019/1698', 2019, 'DAY', '+256778657743', 'marywats870@gmail.com', 'FSE', 'DEG', 'SCE', 1, 0, '256778657743', '_na.jpg', 1, 0, '2020-05-08 19:14:30'),
	(253, 1900403244, 'WATSEMBA SHARON', 'F', 'BU/UP/2019/3244', 2019, 'DAY', '+256780351604', 'watsshanny@gmail.com', 'FSE', 'DEG', 'SCE', 1, 0, '256780351604', '_na.jpg', 1, 0, '2020-05-08 19:14:30'),
	(254, 1900401627, 'WEJULI DERRICK', 'M', 'BU/UP/2019/1627', 2019, 'DAY', '+256776287584', 'derrickwejuli72@gmail.com', 'FSE', 'DEG', 'SCE', 1, 0, '256776287584', '_na.jpg', 1, 0, '2020-05-08 19:14:30'),
	(255, 1900401570, 'WEJULI EMMANUEL', 'M', 'BU/UP/2019/1570', 2019, 'DAY', '+256772291107', 'wejuliemmanuel70@gmail.com', 'FSE', 'DEG', 'SCE', 1, 0, '256772291107', '_na.jpg', 1, 0, '2020-05-08 19:14:30'),
	(256, 1900401535, 'WEKOYE SEZI NAMANDA', 'M', 'BU/UP/2019/1535', 2019, 'DAY', '+256789133861', 'seziwekoye@gmail.com', 'FSE', 'DEG', 'SCE', 1, 0, '256789133861', '_na.jpg', 1, 0, '2020-05-08 19:14:30'),
	(257, 1900401596, 'WOLIMBWA IVAN', 'M', 'BU/UP/2019/1596', 2019, 'DAY', '+256773352868', 'wolimbwaivan785@gmail.com', 'FSE', 'DEG', 'SCE', 1, 0, '256773352868', '_na.jpg', 1, 0, '2020-05-08 19:14:30'),
	(258, 1900403210, 'ICARIT JOHN', 'M', 'BU/UP/2019/3210', 2019, 'DAY', '+256787920442', 'icaritjohn@gmail.com', 'FSE', 'DEG', 'SCE', 1, 0, '256787920442', '_na.jpg', 1, 0, '2020-05-08 19:14:30'),
	(259, 1900401526, 'MACHO BEN', 'M', 'BU/UP/2019/1526', 2019, 'DAY', '+256784966454', 'benmarc1980@gmail.com', 'FSE', 'DEG', 'SCE', 1, 0, '256784966454', '_na.jpg', 1, 0, '2020-05-08 19:14:30'),
	(260, 1800403347, 'ACHIENG IMMACULATE', 'F', 'BU/UP/2018/3347', 2018, 'DAY', '+256781831635', 'achiengimmaculate@gmail.com', 'FSE', 'DEG', 'SCE', 1, 0, '256781831635', '_na.jpg', 1, 0, '2020-05-08 19:14:30'),
	(261, 1800403358, 'AKETCH ROSE MARY', 'F', 'BU/UP/2018/3358', 2018, 'DAY', '+256758139831', 'aketchrosemary96@gmail.com', 'FSE', 'DEG', 'SCE', 1, 0, '256758139831', '_na.jpg', 1, 0, '2020-05-08 19:14:30'),
	(262, 1800403709, 'AREMU TOM FELIX', 'M', 'BU/UP/2018/3709', 2018, 'DAY', '+256778518937', 'aremutomfelix22@gmail.com', 'FSE', 'DEG', 'SCE', 1, 0, '256778518937', '_na.jpg', 1, 0, '2020-05-08 19:14:30'),
	(263, 1800403376, 'BARASA POLLY', 'M', 'BU/UP/2018/3376', 2018, 'DAY', '+256771855100', 'barasapolly@gmail.com', 'FSE', 'DEG', 'SCE', 1, 0, '256771855100', '_na.jpg', 1, 0, '2020-05-08 19:14:30'),
	(264, 1800403379, 'BATYA SAM', 'M', 'BU/UP/2018/3379', 2018, 'DAY', '+256785314827', 'batyasam@gmail.com', 'FSE', 'DEG', 'SCE', 1, 0, '256785314827', '_na.jpg', 1, 0, '2020-05-08 19:14:30'),
	(265, 1800404218, 'BULUBA BALATI', 'M', 'BU/UP/2018/4218', 2018, 'DAY', '+256781908214', 'bulubabalati@gmail.com', 'FSE', 'DEG', 'SCE', 1, 0, '256781908214', '_na.jpg', 1, 0, '2020-05-08 19:14:30'),
	(266, 1800403382, 'BWAMIKI MATHEW', 'M', 'BU/UP/2018/3382', 2018, 'DAY', '+256756416508', 'bwamikimathew@gmail.com', 'FSE', 'DEG', 'SCE', 1, 0, '256756416508', '_na.jpg', 1, 0, '2020-05-08 19:14:30'),
	(267, 1800403384, 'BWIRE DUNCAN NGEGEMI', 'M', 'BU/UP/2018/3384', 2018, 'DAY', '+256781178200', 'duncanngegemi@gmail.com', 'FSE', 'DEG', 'SCE', 1, 0, '256781178200', '_na.jpg', 1, 0, '2020-05-08 19:14:30'),
	(268, 1800403387, 'CHEBET NICHOLAS', 'M', 'BU/UP/2018/3387', 2018, 'DAY', '+256788758085', 'chebetnicholas98@gmail.com', 'FSE', 'DEG', 'SCE', 1, 0, '256788758085', '_na.jpg', 1, 0, '2020-05-08 19:14:30'),
	(269, 1800403388, 'CHEMAGET K OSCAR', 'M', 'BU/UP/2018/3388', 2018, 'DAY', '+256780366501', 'chemagetkoscar2018@gmail.com', 'FSE', 'DEG', 'SCE', 1, 0, '256780366501', '_na.jpg', 1, 0, '2020-05-08 19:14:31'),
	(270, 1800402739, 'CHEMOS ABIGAIL', 'F', 'BU/UP/2018/2739', 2018, 'DAY', '+256788188050', 'chemosabigail@gmail.com', 'FSE', 'DEG', 'SCE', 1, 0, '256788188050', '_na.jpg', 1, 0, '2020-05-08 19:14:31'),
	(271, 1800403389, 'CHEMUTAI CHARITY', 'F', 'BU/UP/2018/3389', 2018, 'DAY', '+256782611189', 'chemutaicharity05@gmail.com', 'FSE', 'DEG', 'SCE', 1, 0, '256782611189', '_na.jpg', 1, 0, '2020-05-08 19:14:31'),
	(272, 1800403393, 'DEMUNI JULIUS', 'M', 'BU/UP/2018/3393', 2018, 'DAY', '+256786515885', 'demunijulius@gmail.com', 'FSE', 'DEG', 'SCE', 1, 0, '256786515885', '_na.jpg', 1, 0, '2020-05-08 19:14:31'),
	(273, 1800403394, 'DIIRI JAMES EMMANUEL', 'M', 'BU/UP/2018/3394', 2018, 'DAY', '+256705986495', 'jamesemmanueldiiri@gmail.com', 'FSE', 'DEG', 'SCE', 1, 0, '256705986495', '_na.jpg', 1, 0, '2020-05-08 19:14:31'),
	(274, 1800403400, 'ENGWENYU MICHAEL', 'M', 'BU/UP/2018/3400', 2018, 'DAY', '+256786153783', 'michengwenyu2018@gmail.com', 'FSE', 'DEG', 'SCE', 1, 0, '256786153783', '_na.jpg', 1, 0, '2020-05-08 19:14:31'),
	(275, 1800403406, 'GOMEI BRIAN', 'M', 'BU/UP/2018/3406', 2018, 'DAY', '+256759376340', 'briangomei65@gmail.com', 'FSE', 'DEG', 'SCE', 1, 0, '256759376340', '_na.jpg', 1, 0, '2020-05-08 19:14:31'),
	(276, 1800403997, 'HIRYA EMMANUEL', 'M', 'BU/UP/2018/3997', 2018, 'DAY', '+256701815569', 'emmahirya25@gmail.com', 'FSE', 'DEG', 'SCE', 1, 0, '256701815569', '_na.jpg', 1, 0, '2020-05-08 19:14:31'),
	(277, 1800403743, 'IKILI AARON', 'M', 'BU/UP/2018/3743', 2018, 'DAY', '+256773513319', 'ikiliaaron@gmail.com', 'FSE', 'DEG', 'SCE', 1, 0, '256773513319', '_na.jpg', 1, 0, '2020-05-08 19:14:31'),
	(278, 1800403417, 'JANJA MOSES', 'M', 'BU/UP/2018/3417', 2018, 'DAY', '+256787616038', 'janjamoses@gmail.com', 'FSE', 'DEG', 'SCE', 1, 0, '256787616038', '_na.jpg', 1, 0, '2020-05-08 19:14:31'),
	(279, 1800403998, 'KAMBALE EMMA', 'M', 'BU/UP/2018/3998', 2018, 'DAY', '+256773122640', 'khainzasharonbwayo@gmail.com', 'FSE', 'DEG', 'SCE', 1, 0, '256773122640', '_na.jpg', 1, 0, '2020-05-08 19:14:31'),
	(280, 1800403879, 'KAMINJA EMMANUEL', 'M', 'BU/UP/2018/3879', 2018, 'DAY', '+256772316312', 'kaminjaemmanuel@gmail.com', 'FSE', 'DEG', 'SCE', 1, 0, '256772316312', '_na.jpg', 1, 0, '2020-05-08 19:14:31'),
	(281, 1700401425, 'KATAMI MARY TOPISTA', 'F', 'BU/UP/2017/1302', 2017, 'DAY', '+256757661541', 'katami@gmail.com', 'FSE', 'DEG', 'SCE', 1, 0, '256757661541', '_na.jpg', 1, 0, '2020-05-08 19:14:31'),
	(282, 1800403426, 'KAWALA SHARON', 'F', 'BU/UP/2018/3426', 2018, 'DAY', '+256755982859', 'kawasharon2018@gmail.com', 'FSE', 'DEG', 'SCE', 1, 0, '256755982859', '_na.jpg', 1, 0, '2020-05-08 19:14:31'),
	(283, 1800403763, 'KISISHO WALTER', 'M', 'BU/UP/2018/3763', 2018, 'DAY', '+256784066945', 'walterkisisho25@gmail.com', 'FSE', 'DEG', 'SCE', 1, 0, '256784066945', '_na.jpg', 1, 0, '2020-05-08 19:14:31'),
	(284, 1800403438, 'KISSA CHEBUKWEN EMMANUEL', 'M', 'BU/UP/2018/3438', 2018, 'DAY', '+256771613504', 'kissaemmanuel123@gmail.com', 'FSE', 'DEG', 'SCE', 1, 0, '256771613504', '_na.jpg', 1, 0, '2020-05-08 19:14:31'),
	(285, 1800403451, 'MABONGA RAYMOND', 'M', 'BU/UP/2018/3451', 2018, 'DAY', '+256780122326', 'mabongaraymond@yahoo.com', 'FSE', 'DEG', 'SCE', 1, 0, '256780122326', '_na.jpg', 1, 0, '2020-05-08 19:14:31'),
	(286, 1800403453, 'MASHA DANIEL', 'M', 'BU/UP/2018/3453', 2018, 'DAY', '+256786865922', 'danielmasha34@gmail.com', 'FSE', 'DEG', 'SCE', 1, 0, '256786865922', '_na.jpg', 1, 0, '2020-05-08 19:14:31'),
	(287, 1800403458, 'MODO DAVID ISAAC', 'M', 'BU/UP/2018/3458', 2018, 'DAY', '+256774212489', 'mododavidisaac@gmail.com', 'FSE', 'DEG', 'SCE', 1, 0, '256774212489', '_na.jpg', 1, 0, '2020-05-08 19:14:31'),
	(288, 1800403459, 'MOI JULIUS', 'M', 'BU/UP/2018/3459', 2018, 'DAY', '+256781890833', 'moijulius117@gmail.com', 'FSE', 'DEG', 'SCE', 1, 0, '256781890833', '_na.jpg', 1, 0, '2020-05-08 19:14:31'),
	(289, 1800403460, 'MPANSYO ANTHONY', 'M', 'BU/UP/2018/3460', 2018, 'DAY', '+256759063102', 'mpansyoanthony@gmail.com', 'FSE', 'DEG', 'SCE', 1, 0, '256759063102', '_na.jpg', 1, 0, '2020-05-08 19:14:31'),
	(290, 1800403786, 'MUKHWANA THOMAS', 'M', 'BU/UP/2018/3786', 2018, 'DAY', '+256778191704', 'mukhwanathomas6@gmail.com', 'FSE', 'DEG', 'SCE', 1, 0, '256778191704', '_na.jpg', 1, 0, '2020-05-08 19:14:31'),
	(291, 1800403580, 'MUKISA AHAMADAH', 'M', 'BU/UP/2018/3580', 2018, 'DAY', '+256775917530', 'Mukisaahamadah@gmail.com', 'FSE', 'DEG', 'SCE', 1, 0, '256775917530', '_na.jpg', 1, 0, '2020-05-08 19:14:31'),
	(292, 1800403787, 'MUKISA HENRY', 'M', 'BU/UP/2018/3787', 2018, 'DAY', '+256778905852', 'mukisahenry43@gmail.com', 'FSE', 'DEG', 'SCE', 1, 0, '256778905852', '_na.jpg', 1, 0, '2020-05-08 19:14:32'),
	(293, 1800403472, 'MUSAU OSCAR', 'M', 'BU/UP/2018/3472', 2018, 'DAY', '+256785142187', 'musauoscar27@gmail.com', 'FSE', 'DEG', 'SCE', 1, 0, '256785142187', '_na.jpg', 1, 0, '2020-05-08 19:14:32'),
	(294, 1800403474, 'MUTUMA DAN', 'M', 'BU/UP/2018/3474', 2018, 'DAY', '+256776428491', 'mutumadan1@gmail.com', 'FSE', 'DEG', 'SCE', 1, 0, '256776428491', '_na.jpg', 1, 0, '2020-05-08 19:14:32'),
	(295, 1800403477, 'NABENDE ADAM', 'M', 'BU/UP/2018/3477', 2018, 'DAY', '+256754529216', 'nabendeadam@gmail.com', 'FSE', 'DEG', 'SCE', 1, 0, '256754529216', '_na.jpg', 1, 0, '2020-05-08 19:14:32'),
	(296, 1800403478, 'NABONYA ESTHER MWENYI', 'F', 'BU/UP/2018/3478', 2018, 'DAY', '+256777517877', 'nabonyaesther@@gmail.com', 'FSE', 'DEG', 'SCE', 1, 0, '256777517877', '_na.jpg', 1, 0, '2020-05-08 19:14:32'),
	(297, 1800404098, 'NABUSHISA SAM', 'M', 'BU/UP/2018/4098', 2018, 'DAY', '+256770750708', 'nevajackie.@gmail.com', 'FSE', 'DEG', 'SCE', 1, 0, '256770750708', '_na.jpg', 1, 0, '2020-05-08 19:14:32'),
	(298, 1800403483, 'NAGUDI MEGI', 'F', 'BU/UP/2018/3483', 2018, 'DAY', '+256750178754', 'nagudi@gmail.com', 'FSE', 'DEG', 'SCE', 1, 0, '256750178754', '_na.jpg', 1, 0, '2020-05-08 19:14:32'),
	(299, 1800403887, 'NAKUYA SANDRA', 'F', 'BU/UP/2018/3887', 2018, 'DAY', '+256701413471', 'nakuyasandra2018@gmail.com', 'FSE', 'DEG', 'SCE', 1, 0, '256701413471', '_na.jpg', 1, 0, '2020-05-08 19:14:32'),
	(300, 1800403495, 'NANKYA BINA LONEX', 'F', 'BU/UP/2018/3495', 2018, 'DAY', '+256759276465', 'nankyabinalonex@gmail.com', 'FSE', 'DEG', 'SCE', 1, 0, '256759276465', '_na.jpg', 1, 0, '2020-05-08 19:14:32'),
	(301, 1800403500, 'NAWEGULO EUNICE', 'F', 'BU/UP/2018/3500', 2018, 'DAY', '+256789964898', 'naweguloeunice@gmail.com', 'FSE', 'DEG', 'SCE', 1, 0, '256789964898', '_na.jpg', 1, 0, '2020-05-08 19:14:32'),
	(302, 1800403504, 'NNAKAZZI MARIAM', 'F', 'BU/UP/2018/3504', 2018, 'DAY', '+256759837948', 'nakazzimariam18@gmial.com', 'FSE', 'DEG', 'SCE', 1, 0, '256759837948', '_na.jpg', 1, 0, '2020-05-08 19:14:32'),
	(303, 1800403508, 'OCHOLA JOHN CHARLES', 'M', 'BU/UP/2018/3508', 2018, 'DAY', '+256754867143', 'ocholacharles@gmail.com', 'FSE', 'DEG', 'SCE', 1, 0, '256754867143', '_na.jpg', 1, 0, '2020-05-08 19:14:32'),
	(304, 1800403516, 'OJIAMBO JULIUS', 'M', 'BU/UP/2018/3516', 2018, 'DAY', '+256781975896', 'ojiambojulius8@gmail.com', 'FSE', 'DEG', 'SCE', 1, 0, '256781975896', '_na.jpg', 1, 0, '2020-05-08 19:14:32'),
	(305, 1800403519, 'OKIRIA DAVID', 'M', 'BU/UP/2018/3519', 2018, 'DAY', '+256778551221', 'okiriadavid07@gmail.com', 'FSE', 'DEG', 'SCE', 1, 0, '256778551221', '_na.jpg', 1, 0, '2020-05-08 19:14:32'),
	(306, 1800403827, 'OKIROR MORIS', 'M', 'BU/UP/2018/3827', 2018, 'DAY', '+256702754677', 'mouriceokhror64@gmail.com', 'FSE', 'DEG', 'SCE', 1, 0, '256702754677', '_na.jpg', 1, 0, '2020-05-08 19:14:32'),
	(307, 1800403520, 'OKONGO IAN', 'M', 'BU/UP/2018/3520', 2018, 'DAY', '+256705378585', 'okumuian@gmail.com', 'FSE', 'DEG', 'SCE', 1, 0, '256705378585', '_na.jpg', 1, 0, '2020-05-08 19:14:32'),
	(308, 1800403890, 'OKONYE JAPHES', 'M', 'BU/UP/2018/3890', 2018, 'DAY', '+256774331694', 'okonyejaphes97@gmail.com', 'FSE', 'DEG', 'SCE', 1, 0, '256774331694', '_na.jpg', 1, 0, '2020-05-08 19:14:32'),
	(309, 1800403523, 'OKUMU EMMANUEL', 'M', 'BU/UP/2018/3523', 2018, 'DAY', '+256704952297', 'ammeokumu19@gmail.com', 'FSE', 'DEG', 'SCE', 1, 0, '256704952297', '_na.jpg', 1, 0, '2020-05-08 19:14:32'),
	(310, 1800403524, 'OKUMU PIUS', 'M', 'BU/UP/2018/3524', 2018, 'DAY', '+256772288751', '0772288751', 'FSE', 'DEG', 'SCE', 1, 0, '256772288751', '_na.jpg', 1, 0, '2020-05-08 19:14:32'),
	(311, 1800403526, 'OKUNI PIUS', 'M', 'BU/UP/2018/3526', 2018, 'DAY', '+256780478348', 'Piusokuni@gmail.com', 'FSE', 'DEG', 'SCE', 1, 0, '256780478348', '_na.jpg', 1, 0, '2020-05-08 19:14:32'),
	(312, 1800403527, 'OLEBO JOHN', 'M', 'BU/UP/2018/3527', 2018, 'DAY', '+256785991045', 'olebjohn32@gmail.com', 'FSE', 'DEG', 'SCE', 1, 0, '256785991045', '_na.jpg', 1, 0, '2020-05-08 19:14:32'),
	(313, 1800403534, 'OSANGI JOHN MOSES', 'M', 'BU/UP/2018/3534', 2018, 'DAY', '+256789292005', 'osangijoihnmoses97@gmail.com', 'FSE', 'DEG', 'SCE', 1, 0, '256789292005', '_na.jpg', 1, 0, '2020-05-08 19:14:32'),
	(314, 1800403848, 'OTIENO PHELIX OMULLO', 'M', 'BU/UP/2018/3848', 2018, 'DAY', '+256785019752', 'omullophelix@gmail.com', 'FSE', 'DEG', 'SCE', 1, 0, '256785019752', '_na.jpg', 1, 0, '2020-05-08 19:14:32'),
	(315, 1800403541, 'PEKE JOEL', 'M', 'BU/UP/2018/3541', 2018, 'DAY', '+256780888714', 'pekejoel18@gmail.com', 'FSE', 'DEG', 'SCE', 1, 0, '256780888714', '_na.jpg', 1, 0, '2020-05-08 19:14:32'),
	(316, 1700401550, 'ROTICH SAM', 'M', 'BU/UP/2017/1690', 2017, 'DAY', '+256704249470', 'rotichsam18@gmail.com', 'FSE', 'DEG', 'SCE', 1, 0, '256704249470', '_na.jpg', 1, 0, '2020-05-08 19:14:32'),
	(317, 1800403545, 'SSENKIMA BENSON', 'M', 'BU/UP/2018/3545', 2018, 'DAY', '+256779227689', 'bensonssenkima@gmail.com', 'FSE', 'DEG', 'SCE', 1, 0, '256779227689', '_na.jpg', 1, 0, '2020-05-08 19:14:33'),
	(318, 1800403548, 'TAGOOLE WILSON', 'M', 'BU/UP/2018/3548', 2018, 'DAY', '+256775681051', 'tagoowilsonz@gmail.com', 'FSE', 'DEG', 'SCE', 1, 0, '256775681051', '_na.jpg', 1, 0, '2020-05-08 19:14:33'),
	(319, 1800403551, 'TIBITA IBRAHIM', 'M', 'BU/UP/2018/3551', 2018, 'DAY', '+256759051547', 'ibrahimtibita21@gmail.com', 'FSE', 'DEG', 'SCE', 1, 0, '256759051547', '_na.jpg', 1, 0, '2020-05-08 19:14:33'),
	(320, 1800403557, 'TWAHIRWA VIANNY', 'M', 'BU/UP/2018/3557', 2018, 'DAY', '+256775005932', 'viannytwahirwa@gmail.com', 'FSE', 'DEG', 'SCE', 1, 0, '256775005932', '_na.jpg', 1, 0, '2020-05-08 19:14:33'),
	(321, 1800403558, 'WABWIIRE JACOB', 'M', 'BU/UP/2018/3558', 2018, 'DAY', '+256774797590', 'wabirejacob18@gmail.com', 'FSE', 'DEG', 'SCE', 1, 0, '256774797590', '_na.jpg', 1, 0, '2020-05-08 19:14:33'),
	(322, 1800403559, 'WAFULA PAUL', 'M', 'BU/UP/2018/3559', 2018, 'DAY', '+256777384335', 'wafulapaul714@gmail.com', 'FSE', 'DEG', 'SCE', 1, 0, '256777384335', '_na.jpg', 1, 0, '2020-05-08 19:14:33'),
	(323, 1700401576, 'WAMALA EMMANUEL BISMARK', 'M', 'BU/UP/2017/1440', 2017, 'DAY', '+256778112830', 'wamalae71@gmail.com', 'FSE', 'DEG', 'SCE', 1, 0, '256778112830', '_na.jpg', 1, 0, '2020-05-08 19:14:33'),
	(324, 1800403565, 'WAMALISYA MULANI', 'M', 'BU/UP/2018/3565', 2018, 'DAY', '+256782150191', 'mwamalisya@gmail.com', 'FSE', 'DEG', 'SCE', 1, 0, '256782150191', '_na.jpg', 1, 0, '2020-05-08 19:14:33'),
	(325, 1800403566, 'WAMUBIRIGWE MUTWALIBI', 'M', 'BU/UP/2018/3566', 2018, 'DAY', '+256785061213', 'mutwalibiwamubirigwe@gmail.com', 'FSE', 'DEG', 'SCE', 1, 0, '256785061213', '_na.jpg', 1, 0, '2020-05-08 19:14:33'),
	(326, 1700401537, 'ONGOM SAM', 'M', 'BU/UP/2017/1405', 2017, 'DAY', '+256785725209', 'ongomormssam@gmail.com', 'FSE', 'DEG', 'SCE', 1, 0, '256785725209', '_na.jpg', 1, 0, '2020-05-08 19:14:33'),
	(327, 1800403344, 'ACHEN SANDRA', 'F', 'BU/UP/2018/3344', 2018, 'DAY', '+256778714799', 'achensandra282@gmail.com', 'FSE', 'DEG', 'SCE', 1, 0, '256778714799', '_na.jpg', 1, 0, '2020-05-08 19:14:33'),
	(328, 1800403345, 'ACHIENG ESTHER KISAKYE', 'F', 'BU/UP/2018/3345', 2018, 'DAY', '+256756937288', 'kisakyeesther1996@gmail.com', 'FSE', 'DEG', 'SCE', 1, 0, '256756937288', '_na.jpg', 1, 0, '2020-05-08 19:14:33'),
	(329, 1800403351, 'AHUMUZA MARYFIONA', 'F', 'BU/UP/2018/3351', 2018, 'DAY', '+256775675813', 'ahumuzamaryfiona@gmail.com', 'FSE', 'DEG', 'SCE', 1, 0, '256775675813', '_na.jpg', 1, 0, '2020-05-08 19:14:33'),
	(330, 1800403357, 'AKETCH BECKY FAITH', 'F', 'BU/UP/2018/3357', 2018, 'DAY', '+256783312518', 'aketchbeckyfaith@gmail.com', 'FSE', 'DEG', 'SCE', 1, 0, '256783312518', '_na.jpg', 1, 0, '2020-05-08 19:14:33'),
	(331, 1800403361, 'AMUSUGUT CLEMENTINA', 'F', 'BU/UP/2018/3361', 2018, 'DAY', '+256784356626', 'amusugutclementina@gmail.com', 'FSE', 'DEG', 'SCE', 1, 0, '256784356626', '_na.jpg', 1, 0, '2020-05-08 19:14:33'),
	(332, 1800403362, 'ANGEDU ALI', 'M', 'BU/UP/2018/3362', 2018, 'DAY', '+256787730727', '0787730727', 'FSE', 'DEG', 'SCE', 1, 0, '256787730727', '_na.jpg', 1, 0, '2020-05-08 19:14:33'),
	(333, 1800403365, 'ANYANGO BABRA', 'F', 'BU/UP/2018/3365', 2018, 'DAY', '+256781065781', 'anyangobabra33@gmail.com', 'FSE', 'DEG', 'SCE', 1, 0, '256781065781', '_na.jpg', 1, 0, '2020-05-08 19:14:33'),
	(334, 1800403366, 'APIO MARY VALENTINE', 'F', 'BU/UP/2018/3366', 2018, 'DAY', '+256786331865', 'valentineapio@gmail.com', 'FSE', 'DEG', 'SCE', 1, 0, '256786331865', '_na.jpg', 1, 0, '2020-05-08 19:14:33'),
	(335, 1800403355, 'ASIO SHARON SCOVIA', 'F', 'BU/UP/2018/3355', 2018, 'DAY', '+256775291257', 'asiosharonscovia.1997@gmail.com', 'FSE', 'DEG', 'SCE', 1, 0, '256775291257', '_na.jpg', 1, 0, '2020-05-08 19:14:33'),
	(336, 1800403369, 'AUKI DANIEL', 'M', 'BU/UP/2018/3369', 2018, 'DAY', '+256775877399', 'aukidnl@gmail.com', 'FSE', 'DEG', 'SCE', 1, 0, '256775877399', '_na.jpg', 1, 0, '2020-05-08 19:14:33'),
	(337, 1800402027, 'BABIRYE SHAKIRA', 'F', 'BU/UG/2018/2027', 2018, 'DAY', '+256786216433', 'babiryeshakira125@gmail.com', 'FSE', 'DEG', 'SCE', 1, 0, '256786216433', '_na.jpg', 1, 0, '2020-05-08 19:14:33'),
	(338, 1800403373, 'BAGEYA EVANS', 'M', 'BU/UP/2018/3373', 2018, 'DAY', '+256786100794', 'bageyaevans6@gmail.com', 'FSE', 'DEG', 'SCE', 1, 0, '256786100794', '_na.jpg', 1, 0, '2020-05-08 19:14:33'),
	(339, 1800403719, 'BALIKENDA DIANA', 'F', 'BU/UP/2018/3719', 2018, 'DAY', '+256779126508', 'balikendadiana2018@gmail.com', 'FSE', 'DEG', 'SCE', 1, 0, '256779126508', '_na.jpg', 1, 0, '2020-05-08 19:14:33'),
	(340, 1800403378, 'BATESAKI MATHIAS', 'M', 'BU/UP/2018/3378', 2018, 'DAY', '+256753345079', 'mbatesaki@gmail.com', 'FSE', 'DEG', 'SCE', 1, 0, '256753345079', '_na.jpg', 1, 0, '2020-05-08 19:14:33'),
	(341, 1800403381, 'BUYI MILON', 'M', 'BU/UP/2018/3381', 2018, 'DAY', '+256784296040', 'buyimilon@mail.com', 'FSE', 'DEG', 'SCE', 1, 0, '256784296040', '_na.jpg', 1, 0, '2020-05-08 19:14:33'),
	(342, 1800404106, 'CHELIMO JABETH', 'M', 'BU/UP/2018/4106', 2018, 'DAY', '+256788475091', 'chelimojabeth85@gmail.com', 'FSE', 'DEG', 'SCE', 1, 0, '256788475091', '_na.jpg', 1, 0, '2020-05-08 19:14:33'),
	(343, 1800403874, 'CHELIMO SHEDRACK', 'M', 'BU/UP/2018/3874', 2018, 'DAY', '+256787925466', 'Shedrackchelimo@gmail.com', 'FSE', 'DEG', 'SCE', 1, 0, '256787925466', '_na.jpg', 1, 0, '2020-05-08 19:14:33'),
	(344, 1700401398, 'CHEMUSTO LINNETTE', 'F', 'BU/UP/2017/1276', 2017, 'DAY', '+256772651347', 'chemustolinnette@gmail.com', 'FSE', 'DEG', 'SCE', 1, 0, '256772651347', '_na.jpg', 1, 0, '2020-05-08 19:14:34'),
	(345, 1800403390, 'CHEROTICH JABETH', 'M', 'BU/UP/2018/3390', 2018, 'DAY', '+256770662657', 'cherotichjabeth@hotmail.com', 'FSE', 'DEG', 'SCE', 1, 0, '256770662657', '_na.jpg', 1, 0, '2020-05-08 19:14:34'),
	(346, 1800403391, 'CHERUTO SABENZA GRACE', 'F', 'BU/UP/2018/3391', 2018, 'DAY', '+256789565100', 'cherutosabenza@gmail.com', 'FSE', 'DEG', 'SCE', 1, 0, '256789565100', '_na.jpg', 1, 0, '2020-05-08 19:14:34'),
	(347, 1800403395, 'DYOGO JOHN BATAMYE', 'M', 'BU/UP/2018/3395', 2018, 'DAY', '+256705585073', 'dyogobatamye@gmail.com', 'FSE', 'DEG', 'SCE', 1, 0, '256705585073', '_na.jpg', 1, 0, '2020-05-08 19:14:34'),
	(348, 1800403876, 'EKISA LAWRENCE', 'M', 'BU/UP/2018/3876', 2018, 'DAY', '+256778262779', 'ekisalawrence2@gmail.com', 'FSE', 'DEG', 'SCE', 1, 0, '256778262779', '_na.jpg', 1, 0, '2020-05-08 19:14:34'),
	(349, 1800403396, 'EKWARO JEREMIAH IKEMER', 'M', 'BU/UP/2018/3396', 2018, 'DAY', '+256780850401', 'jeremiahekwaro@gmail.com', 'FSE', 'DEG', 'SCE', 1, 0, '256780850401', '_na.jpg', 1, 0, '2020-05-08 19:14:34'),
	(350, 1800403398, 'ELIKO GEORGE', 'M', 'BU/UP/2018/3398', 2018, 'DAY', '+256785689630', 'georgeeliko45@gmail.com', 'FSE', 'DEG', 'SCE', 1, 0, '256785689630', '_na.jpg', 1, 0, '2020-05-08 19:14:34'),
	(351, 1800403399, 'EMARU JUDE', 'M', 'BU/UP/2018/3399', 2018, 'DAY', '+256785492883', 'hectorjudemaros@gmail.com', 'FSE', 'DEG', 'SCE', 1, 0, '256785492883', '_na.jpg', 1, 0, '2020-05-08 19:14:34'),
	(352, 1700402074, 'EMILU EMMANUEL', 'M', 'BU/UP/2017/1848', 2017, 'DAY', '+256705505815', 'emmanuelemilu16@gmail.com', 'FSE', 'DEG', 'SCE', 1, 0, '256705505815', '_na.jpg', 1, 0, '2020-05-08 19:14:34'),
	(353, 1800403401, 'ETIBU EMMANUEL', 'M', 'BU/UP/2018/3401', 2018, 'DAY', '+256781459016', 'emmanueletibu@gmail.com', 'FSE', 'DEG', 'SCE', 1, 0, '256781459016', '_na.jpg', 1, 0, '2020-05-08 19:14:34'),
	(354, 1800403405, 'GIMUI AMOS', 'M', 'BU/UP/2018/3405', 2018, 'DAY', '+256788659966', 'gimuiamos17@gmail.com', 'FSE', 'DEG', 'SCE', 1, 0, '256788659966', '_na.jpg', 1, 0, '2020-05-08 19:14:34'),
	(355, 1800403407, 'HIGENYI NOAH NOBEL', 'M', 'BU/UP/2018/3407', 2018, 'DAY', '+256753859938', 'hnoahnobel@gmail.com', 'FSE', 'DEG', 'SCE', 1, 0, '256753859938', '_na.jpg', 1, 0, '2020-05-08 19:14:34'),
	(356, 1800402153, 'ISABIRYE BOB', 'M', 'BU/UG/2018/2153', 2018, 'DAY', '+256759598380', 'okwax1@gmail.com', 'FSE', 'DEG', 'SCE', 1, 0, '256759598380', '_na.jpg', 1, 0, '2020-05-08 19:14:34'),
	(357, 1800403420, 'JOOLE ANDREW', 'M', 'BU/UP/2018/3420', 2018, 'DAY', '+256772290969', 'jooleandrew@gmail.com', 'FSE', 'DEG', 'SCE', 1, 0, '256772290969', '_na.jpg', 1, 0, '2020-05-08 19:14:34'),
	(358, 1800403753, 'KALIBO ABUNELI', 'M', 'BU/UP/2018/3753', 2018, 'DAY', '+256787498740', 'kalixitaabix@gmail.com', 'FSE', 'DEG', 'SCE', 1, 0, '256787498740', '_na.jpg', 1, 0, '2020-05-08 19:14:34'),
	(359, 1800403424, 'KASENYI MICHEAL', 'M', 'BU/UP/2018/3424', 2018, 'DAY', '+256786091162', 'kasenyimicheal@gmail.com', 'FSE', 'DEG', 'SCE', 1, 0, '256786091162', '_na.jpg', 1, 0, '2020-05-08 19:14:34'),
	(360, 1800403432, 'KIIBA SCOVIA', 'F', 'BU/UP/2018/3432', 2018, 'DAY', '+256706288495', 'scoviakiiba4@gmail.com', 'FSE', 'DEG', 'SCE', 1, 0, '256706288495', '_na.jpg', 1, 0, '2020-05-08 19:14:34'),
	(361, 1800404199, 'KIRIMWIRA IVAN', 'M', 'BU/UG/2018/4199', 2018, 'DAY', '+256757023436', 'ikirimwira@gmail.com', 'FSE', 'DEG', 'SCE', 1, 0, '256757023436', '_na.jpg', 1, 0, '2020-05-08 19:14:34'),
	(362, 1800403437, 'KISODA ANDREW', 'M', 'BU/UP/2018/3437', 2018, 'DAY', '+256783731481', 'kisodaandrew144@gmail.com', 'FSE', 'DEG', 'SCE', 1, 0, '256783731481', '_na.jpg', 1, 0, '2020-05-08 19:14:34'),
	(363, 1800403439, 'KITEMU JULIUS', 'M', 'BU/UP/2018/3439', 2018, 'DAY', '+256784495225', 'juliuskitemu@gmail.com', 'FSE', 'DEG', 'SCE', 1, 0, '256784495225', '_na.jpg', 1, 0, '2020-05-08 19:14:34'),
	(364, 1800403882, 'KITIYO LABAN', 'M', 'BU/UP/2018/3882', 2018, 'DAY', '+256784971471', 'kitiyolaban@gmail.com', 'FSE', 'DEG', 'SCE', 1, 0, '256784971471', '_na.jpg', 1, 0, '2020-05-08 19:14:34'),
	(365, 1800403447, 'LODIM ROBERT LOMER', 'M', 'BU/UP/2018/3447', 2018, 'DAY', '+256786469699', 'robeliza77@gmail.com', 'FSE', 'DEG', 'SCE', 1, 0, '256786469699', '_na.jpg', 1, 0, '2020-05-08 19:14:34'),
	(366, 1800403448, 'LOKALEI JOSEPH', 'M', 'BU/UP/2018/3448', 2018, 'DAY', '+256782062484', 'lokaleijose@gmail.com', 'FSE', 'DEG', 'SCE', 1, 0, '256782062484', '_na.jpg', 1, 0, '2020-05-08 19:14:34'),
	(367, 1800403449, 'LOKIRU JOHN ALEPER', 'M', 'BU/UP/2018/3449', 2018, 'DAY', '+256782968713', 'johnaleper@gmail.com', 'FSE', 'DEG', 'SCE', 1, 0, '256782968713', '_na.jpg', 1, 0, '2020-05-08 19:14:34'),
	(368, 1800403450, 'LUBOKHO JOSHUA', 'M', 'BU/UP/2018/3450', 2018, 'DAY', '+256770538869', 'jlubokho@gmail.com', 'FSE', 'DEG', 'SCE', 1, 0, '256770538869', '_na.jpg', 1, 0, '2020-05-08 19:14:34'),
	(369, 1800403455, 'MATOVU DANIEL', 'M', 'BU/UP/2018/3455', 2018, 'DAY', '+256773091165', 'matovudaniel45@gmail.com', 'FSE', 'DEG', 'SCE', 1, 0, '256773091165', '_na.jpg', 1, 0, '2020-05-08 19:14:34'),
	(370, 1800404088, 'MUFAMBU TITUS', 'M', 'BU/UP/2018/4088', 2018, 'DAY', '+256784323386', 'titusmufambu@gmail.com', 'FSE', 'DEG', 'SCE', 1, 0, '256784323386', '_na.jpg', 1, 0, '2020-05-08 19:14:34'),
	(371, 1800403463, 'MUGISA PAUL', 'M', 'BU/UP/2018/3463', 2018, 'DAY', '+256700243701', 'paulmugisa1@gmail.com', 'FSE', 'DEG', 'SCE', 1, 0, '256700243701', '_na.jpg', 1, 0, '2020-05-08 19:14:34'),
	(372, 1800403784, 'MUGOMA EDDY', 'M', 'BU/UP/2018/3784', 2018, 'DAY', '+256785902246', 'muneddyson.g.com', 'FSE', 'DEG', 'SCE', 1, 0, '256785902246', '_na.jpg', 1, 0, '2020-05-08 19:14:35'),
	(373, 1800403464, 'MUGOYA FRED', 'M', 'BU/UP/2018/3464', 2018, 'DAY', '+256754377691', '0754377691', 'FSE', 'DEG', 'SCE', 1, 0, '256754377691', '_na.jpg', 1, 0, '2020-05-08 19:14:35'),
	(374, 1800403465, 'MUKHWANA BENJAMIN', 'M', 'BU/UP/2018/3465', 2018, 'DAY', '+256779865209', 'mukhwanabenj@gmail.com', 'FSE', 'DEG', 'SCE', 1, 0, '256779865209', '_na.jpg', 1, 0, '2020-05-08 19:14:35'),
	(375, 1800403467, 'MULIRO TITUS WANDERA', 'M', 'BU/UP/2018/3467', 2018, 'DAY', '+256785908554', 'mulirotituswandera90@gmail.com', 'FSE', 'DEG', 'SCE', 1, 0, '256785908554', '_na.jpg', 1, 0, '2020-05-08 19:14:35'),
	(376, 1800403469, 'MULOKWA JUDITH', 'F', 'BU/UP/2018/3469', 2018, 'DAY', '+256779957955', 'judithmulokwa@gmail.com', 'FSE', 'DEG', 'SCE', 1, 0, '256779957955', '_na.jpg', 1, 0, '2020-05-08 19:14:35'),
	(377, 1800403471, 'MURENGA BRIAN', 'M', 'BU/UP/2018/3471', 2018, 'DAY', '+256706040603', 'murengabrian97@gmail.com', 'FSE', 'DEG', 'SCE', 1, 0, '256706040603', '_na.jpg', 1, 0, '2020-05-08 19:14:35'),
	(378, 1800402890, 'MUSWANE JONATHAN', 'M', 'BU/UP/2018/2890', 2018, 'DAY', '+256783265737', 'jmuswane@gmail.com', 'FSE', 'DEG', 'SCE', 1, 0, '256783265737', '_na.jpg', 1, 0, '2020-05-08 19:14:35'),
	(379, 1800402336, 'MWINE EMMYSON', 'M', 'BU/UG/2018/2336', 2018, 'DAY', '+256777809298', 'NA', 'FSE', 'DEG', 'SCE', 1, 0, '256777809298', '_na.jpg', 1, 0, '2020-05-08 19:14:35'),
	(380, 1800403480, 'NABWANA ESTHER', 'F', 'BU/UP/2018/3480', 2018, 'DAY', '+256784507159', '0784507159', 'FSE', 'DEG', 'SCE', 1, 0, '256784507159', '_na.jpg', 1, 0, '2020-05-08 19:14:35'),
	(381, 1800403482, 'NADUNGA SANDRA', 'F', 'BU/UP/2018/3482', 2018, 'DAY', '+256751632367', 'nadungasandra11@gmail.com', 'FSE', 'DEG', 'SCE', 1, 0, '256751632367', '_na.jpg', 1, 0, '2020-05-08 19:14:35'),
	(382, 1800403484, 'NAKASANGO PROSCOVIA', 'F', 'BU/UP/2018/3484', 2018, 'DAY', '+256702750481', 'naka2018@gmailcom', 'FSE', 'DEG', 'SCE', 1, 0, '256702750481', '_na.jpg', 1, 0, '2020-05-08 19:14:35'),
	(383, 1700401494, 'NAKATO HELLEN', 'F', 'BU/UP/2017/1365', 2017, 'DAY', '+256752222878', 'nakatolena@gmail.com', 'FSE', 'DEG', 'SCE', 1, 0, '256752222878', '_na.jpg', 1, 0, '2020-05-08 19:14:35'),
	(384, 1800403485, 'NAKIBIGI ALONE', 'M', 'BU/UP/2018/3485', 2018, 'DAY', '+256775320758', 'nakibigialone@gmai.com', 'FSE', 'DEG', 'SCE', 1, 0, '256775320758', '_na.jpg', 1, 0, '2020-05-08 19:14:35'),
	(385, 1800402366, 'NAKIWALA OLIVIA', 'F', 'BU/UG/2018/2366', 2018, 'DAY', '+256751665250', 'nakiwalaluckyolivia@gmail.com', 'FSE', 'DEG', 'SCE', 1, 0, '256751665250', '_na.jpg', 1, 0, '2020-05-08 19:14:35'),
	(386, 1800403487, 'NAMAASA BRIGHT', 'M', 'BU/UP/2018/3487', 2018, 'DAY', '+256704095178', 'namsb98@gmail.com', 'FSE', 'DEG', 'SCE', 1, 0, '256704095178', '_na.jpg', 1, 0, '2020-05-08 19:14:35'),
	(387, 1800403490, 'NAMULEMU NICOLOUS', 'M', 'BU/UP/2018/3490', 2018, 'DAY', '+256781814375', 'namulemunicolous@gmail.com', 'FSE', 'DEG', 'SCE', 1, 0, '256781814375', '_na.jpg', 1, 0, '2020-05-08 19:14:35'),
	(388, 1800403492, 'NANDERA TEDDY', 'F', 'BU/UP/2018/3492', 2018, 'DAY', '+256751064752', 'nanderateddy@gmail.com', 'FSE', 'DEG', 'SCE', 1, 0, '256751064752', '_na.jpg', 1, 0, '2020-05-08 19:14:35'),
	(389, 1800403494, 'NANGIRA BENARD', 'M', 'BU/UP/2018/3494', 2018, 'DAY', '+256753109203', 'nangirabenard2018@gmail.com', 'FSE', 'DEG', 'SCE', 1, 0, '256753109203', '_na.jpg', 1, 0, '2020-05-08 19:14:35'),
	(390, 1800403497, 'NANYANZI SHARIFAH', 'F', 'BU/UP/2018/3497', 2018, 'DAY', '+256701801147', 'nanyanzisharifah2018@gmail.com', 'FSE', 'DEG', 'SCE', 1, 0, '256701801147', '_na.jpg', 1, 0, '2020-05-08 19:14:35'),
	(391, 1800403505, 'NSADHU JOSHUA', 'M', 'BU/UP/2018/3505', 2018, 'DAY', '+256702304874', '0702304874', 'FSE', 'DEG', 'SCE', 1, 0, '256702304874', '_na.jpg', 1, 0, '2020-05-08 19:14:35'),
	(392, 1800404148, 'NYABURU HILDA ALOWO', 'F', 'BU/UP/2018/4148', 2018, 'DAY', '+256771936688', 'nyaburuhilda@gmail.com', 'FSE', 'DEG', 'SCE', 1, 0, '256771936688', '_na.jpg', 1, 0, '2020-05-08 19:14:35'),
	(393, 1800403506, 'OCEN PETER', 'M', 'BU/UP/2018/3506', 2018, 'DAY', '+256778313983', 'ocenpeterjj@mail.com', 'FSE', 'DEG', 'SCE', 1, 0, '256778313983', '_na.jpg', 1, 0, '2020-05-08 19:14:35'),
	(394, 1800403510, 'OCULI DAVID', 'M', 'BU/UP/2018/3510', 2018, 'DAY', '+256788163882', 'oculidavid@gmail.com', 'FSE', 'DEG', 'SCE', 1, 0, '256788163882', '_na.jpg', 1, 0, '2020-05-08 19:14:35'),
	(395, 1800403817, 'ODEMA ROBERT MORIS', 'M', 'BU/UP/2018/3817', 2018, 'DAY', '+256775698360', 'robertmoriso@gmail.com', 'FSE', 'DEG', 'SCE', 1, 0, '256775698360', '_na.jpg', 1, 0, '2020-05-08 19:14:35'),
	(396, 1800403512, 'OFAMBA LIVINGSTONE', 'M', 'BU/UP/2018/3512', 2018, 'DAY', '+256777660938', 'ofambalivingstone@gmail.com', 'FSE', 'DEG', 'SCE', 1, 0, '256777660938', '_na.jpg', 1, 0, '2020-05-08 19:14:35'),
	(397, 1800404112, 'OKAL PETER', 'M', 'BU/UG/2018/4112', 2018, 'DAY', '+256789312030', 'peterokal736@gmail.com', 'FSE', 'DEG', 'SCE', 1, 0, '256789312030', '_na.jpg', 1, 0, '2020-05-08 19:14:35'),
	(398, 1800403518, 'OKELLO GEOFFREY', 'M', 'BU/UP/2018/3518', 2018, 'DAY', '+256758001662', 'okellogeoffrey28@gmail.com', 'FSE', 'DEG', 'SCE', 1, 0, '256758001662', '_na.jpg', 1, 0, '2020-05-08 19:14:36'),
	(399, 1800402508, 'OKETTA OBUKKA GASPARE', 'M', 'BU/UG/2018/2508', 2018, 'DAY', '+256783616155', 'okettaobukka@gmail.com', 'FSE', 'DEG', 'SCE', 1, 0, '256783616155', '_na.jpg', 1, 0, '2020-05-08 19:14:36'),
	(400, 1800402514, 'OKOIT STEPHEN', 'M', 'BU/UG/2018/2514', 2018, 'DAY', '+256775834979', 'stephenokoit5@gmail.com', 'FSE', 'DEG', 'SCE', 1, 0, '256775834979', '_na.jpg', 1, 0, '2020-05-08 19:14:36'),
	(401, 1700401527, 'OKOROPOT JOSEPH', 'M', 'BU/UP/2017/1395', 2017, 'DAY', '+256772245703', 'josephokoropot7@gmail.com', 'FSE', 'DEG', 'SCE', 1, 0, '256772245703', '_na.jpg', 1, 0, '2020-05-08 19:14:36'),
	(402, 1800403522, 'OKUKU NICHOLUS', 'M', 'BU/UP/2018/3522', 2018, 'DAY', '+256777453726', 'nicholusokuku54@gmail', 'FSE', 'DEG', 'SCE', 1, 0, '256777453726', '_na.jpg', 1, 0, '2020-05-08 19:14:36'),
	(403, 1800403528, 'OLOKA XAVIOUR', 'M', 'BU/UP/2018/3528', 2018, 'DAY', '+256788833227', 'xaviouroloka6@gmail.com', 'FSE', 'DEG', 'SCE', 1, 0, '256788833227', '_na.jpg', 1, 0, '2020-05-08 19:14:36'),
	(404, 1800403529, 'OMIOT JOHN BOSCO', 'M', 'BU/UP/2018/3529', 2018, 'DAY', '+256759824921', 'omiotjb@gmail.com', 'FSE', 'DEG', 'SCE', 1, 0, '256759824921', '_na.jpg', 1, 0, '2020-05-08 19:14:36'),
	(405, 1800403530, 'OMUTIA JOHN MARK', 'M', 'BU/UP/2018/3530', 2018, 'DAY', '0785352657', 'omutiajohnmark21@gmail.com', 'FSE', 'DEG', 'SCE', 1, 0, '785352657', '_na.jpg', 1, 0, '2020-05-08 19:14:36'),
	(406, 1800402563, 'ONGOM BONNY', 'M', 'BU/UP/2018/2563', 2018, 'DAY', '+256786156322', 'bonniesmithlira@gmail.com', 'FSE', 'DEG', 'SCE', 1, 0, '256786156322', '_na.jpg', 1, 0, '2020-05-08 19:14:36'),
	(407, 1800402584, 'OPIGE HUDSON', 'M', 'BU/UG/2018/2584', 2018, 'DAY', '+256777525504', 'opigehudson317@gmail.com', 'FSE', 'DEG', 'SCE', 1, 0, '256777525504', '_na.jpg', 1, 0, '2020-05-08 19:14:36'),
	(408, 1700401539, 'OPIO WILLIAM', 'M', 'BU/UP/2017/1407', 2017, 'DAY', '+256781995826', 'opiowilliam95@gmail.com', 'FSE', 'DEG', 'SCE', 1, 0, '256781995826', '_na.jpg', 1, 0, '2020-05-08 19:14:36'),
	(409, 1700401541, 'ORIKOI DEO', 'M', 'BU/UP/2017/1409', 2017, 'DAY', '+256786689577', 'orikoideo@gmail.com', 'FSE', 'DEG', 'SCE', 1, 0, '256786689577', '_na.jpg', 1, 0, '2020-05-08 19:14:36'),
	(410, 1800403537, 'OSINDE DANIEL', 'M', 'BU/UP/2018/3537', 2018, 'DAY', '+256783585296', 'osindedaniel94@gmail.com', 'FSE', 'DEG', 'SCE', 1, 0, '256783585296', '_na.jpg', 1, 0, '2020-05-08 19:14:36'),
	(411, 1800403538, 'OTENGE ELIAS OMUSUGU', 'M', 'BU/UP/2018/3538', 2018, 'DAY', '+256770810693', 'oeliasomugu@gmail.com', 'FSE', 'DEG', 'SCE', 1, 0, '256770810693', '_na.jpg', 1, 0, '2020-05-08 19:14:36'),
	(412, 1800403539, 'OWACHIGIU DANIEL', 'M', 'BU/UP/2018/3539', 2018, 'DAY', '+256789978584', 'owachigiudaniel2018@gmail.com', 'FSE', 'DEG', 'SCE', 1, 0, '256789978584', '_na.jpg', 1, 0, '2020-05-08 19:14:36'),
	(413, 1800403543, 'SANDE PATRICK', 'M', 'BU/UP/2018/3543', 2018, 'DAY', '+256704810654', 'sandepatrick2018@gmail.com', 'FSE', 'DEG', 'SCE', 1, 0, '256704810654', '_na.jpg', 1, 0, '2020-05-08 19:14:36'),
	(414, 1800403544, 'SOYEKWO HOSTA', 'M', 'BU/UP/2018/3544', 2018, 'DAY', '+256778240978', 'hostakibetsoyekwo@gmail.com', 'FSE', 'DEG', 'SCE', 1, 0, '256778240978', '_na.jpg', 1, 0, '2020-05-08 19:14:36'),
	(415, 1800403552, 'TULYAGANANA EZEKIE', 'M', 'BU/UP/2018/3552', 2018, 'DAY', '+256703214138', 'tulirinyajohn@gmail.com', 'FSE', 'DEG', 'SCE', 1, 0, '256703214138', '_na.jpg', 1, 0, '2020-05-08 19:14:36'),
	(416, 1800403556, 'TUSABE VICENT', 'M', 'BU/UP/2018/3556', 2018, 'DAY', '+256786611189', 'tusabevicent18@gmail.com', 'FSE', 'DEG', 'SCE', 1, 0, '256786611189', '_na.jpg', 1, 0, '2020-05-08 19:14:36'),
	(417, 1700401568, 'TWAFUNA ISAAC', 'M', 'BU/UP/2017/1433', 2017, 'DAY', '+256779547322', 'twafunaisaac438@gmail.com', 'FSE', 'DEG', 'SCE', 1, 0, '256779547322', '_na.jpg', 1, 0, '2020-05-08 19:14:36'),
	(418, 1800404111, 'WABUGWA JAMES', 'M', 'BU/UG/2018/4111', 2018, 'DAY', '+256773563125', 'vkymkosa@gmail.com', 'FSE', 'DEG', 'SCE', 1, 0, '256773563125', '_na.jpg', 1, 0, '2020-05-08 19:14:36'),
	(419, 1800402804, 'WAKIRO ALLAN', 'M', 'BU/UP/2018/2804', 2018, 'DAY', '+256776553497', 'allanwakiro1@gmail.com', 'FSE', 'DEG', 'SCE', 1, 0, '256776553497', '_na.jpg', 1, 0, '2020-05-08 19:14:36'),
	(420, 1800403562, 'WAKOBA RICHARD', 'M', 'BU/UP/2018/3562', 2018, 'DAY', '+256777755233', 'wakobarichard2018@gmail.com', 'FSE', 'DEG', 'SCE', 1, 0, '256777755233', '_na.jpg', 1, 0, '2020-05-08 19:14:36'),
	(421, 1800403861, 'WAKUBE JULIUS', 'M', 'BU/UP/2018/3861', 2018, 'DAY', '+256789699441', 'wakubejulius96@gmail.com', 'FSE', 'DEG', 'SCE', 1, 0, '256789699441', '_na.jpg', 1, 0, '2020-05-08 19:14:36'),
	(422, 1800403567, 'WANDULU AMBROSE', 'M', 'BU/UP/2018/3567', 2018, 'DAY', '+256776026256', 'wanduluambrose@gmail.com', 'FSE', 'DEG', 'SCE', 1, 0, '256776026256', '_na.jpg', 1, 0, '2020-05-08 19:14:36'),
	(423, 1800403898, 'WANZALA AMBROSE GEORGE', 'M', 'BU/UP/2018/3898', 2018, 'DAY', '+256771920556', 'mbrsgeorge@gmail.com', 'FSE', 'DEG', 'SCE', 1, 0, '256771920556', '_na.jpg', 1, 0, '2020-05-08 19:14:36'),
	(424, 1800403570, 'WATSISI BEATRICE', 'F', 'BU/UP/2018/3570', 2018, 'DAY', '+256773910572', 'watsisibeatrice@gmail.com', 'FSE', 'DEG', 'SCE', 1, 0, '256773910572', '_na.jpg', 1, 0, '2020-05-08 19:14:36'),
	(425, 1700401583, 'WERE INNOCENT', 'M', 'BU/UP/2017/1446', 2017, 'DAY', '+256753634367', 'wereinnocent2017@gmail.com', 'FSE', 'DEG', 'SCE', 1, 0, '256753634367', '_na.jpg', 1, 0, '2020-05-08 19:14:37'),
	(426, 1800403571, 'WETALA ANDREW MUBAJJE', 'M', 'BU/UP/2018/3571', 2018, 'DAY', '+256779234359', 'wetalaandrew@gmail.com', 'FSE', 'DEG', 'SCE', 1, 0, '256779234359', '_na.jpg', 1, 0, '2020-05-08 19:14:37'),
	(427, 1800403573, 'WOZEI DAVID', 'M', 'BU/UP/2018/3573', 2018, 'DAY', '+256786532754', 'wozeidavid347@gmail.com', 'FSE', 'DEG', 'SCE', 1, 0, '256786532754', '_na.jpg', 1, 0, '2020-05-08 19:14:37'),
	(428, 1700401370, 'AJIBO LOYCE', 'F', 'BU/UP/2017/1248', 2017, 'DAY', '+256779682445', 'loyceajibo34@gmail.com', 'FSE', 'DEG', 'SCE', 1, 0, '256779682445', '_na.jpg', 1, 0, '2020-05-08 19:14:37'),
	(429, 1700402177, 'ALUPO GRACE', 'F', 'BU/UP/2017/1947', 2017, 'DAY', '+256788326400', 'alupograce1996@gmail.com', 'FSE', 'DEG', 'SCE', 1, 0, '256788326400', '_na.jpg', 1, 0, '2020-05-08 19:14:37'),
	(430, 1600401396, 'ANYOVI RONALD', 'M', 'BU/UP/2016/320', 2016, 'DAY', '0777260639', 'NA', 'FSE', 'DEG', 'SCE', 3, 0, '777260639', '_na.jpg', 1, 0, '2020-05-08 19:14:37'),
	(431, 1700402027, 'ASABA GERESOM', 'M', 'BU/UP/2017/1799', 2017, 'DAY', '+256703640525', 'asabageresom@gmail.com', 'FSE', 'DEG', 'SCE', 1, 0, '256703640525', '_na.jpg', 1, 0, '2020-05-08 19:14:37'),
	(432, 1700402076, 'BANIYO NAHORI', 'M', 'BU/UG/2017/1853', 2017, 'DAY', '+256783405340', 'baniyonahori@gmail.com', 'FSE', 'DEG', 'SCE', 1, 0, '256783405340', '_na.jpg', 1, 0, '2020-05-08 19:14:37'),
	(433, 1700401385, 'BANURA MONICA', 'F', 'BU/UP/2017/1263', 2017, 'DAY', '+256779332035', 'jkmonic56@gmail.com', 'FSE', 'DEG', 'SCE', 1, 0, '256779332035', '_na.jpg', 1, 0, '2020-05-08 19:14:37'),
	(434, 1700401387, 'BATUMBYA JOSEPH', 'M', 'BU/UP/2017/1264', 2017, 'DAY', '+256706760605', 'josephbatumbya@gmail.com', 'FSE', 'DEG', 'SCE', 1, 0, '256706760605', '_na.jpg', 1, 0, '2020-05-08 19:14:37'),
	(435, 1700401388, 'BAZAALE CONERIOUS', 'M', 'BU/UP/2017/1265', 2017, 'DAY', '+256756063754', 'coneriousb@gmail.com', 'FSE', 'DEG', 'SCE', 1, 0, '256756063754', '_na.jpg', 1, 0, '2020-05-08 19:14:37'),
	(436, 1700401390, 'BIRUSI JOSEPH', 'M', 'BU/UP/2017/1267', 2017, 'DAY', '+256788177183', 'birusijoseph@gmail.com', 'FSE', 'DEG', 'SCE', 1, 0, '256788177183', '_na.jpg', 1, 0, '2020-05-08 19:14:37'),
	(437, 1700401391, 'BWAMBALE SAMSON', 'M', 'BU/UP/2017/1269', 2017, 'DAY', '+256789043498', 'bwambalesamson47@gmail.com', 'FSE', 'DEG', 'SCE', 1, 0, '256789043498', '_na.jpg', 1, 0, '2020-05-08 19:14:37'),
	(438, 1700401393, 'BWIRE COSMAS KWOME', 'M', 'BU/UP/2017/1271', 2017, 'DAY', '+256781186044', 'bwirecosmas@gmail.com', 'FSE', 'DEG', 'SCE', 1, 0, '256781186044', '_na.jpg', 1, 0, '2020-05-08 19:14:37'),
	(439, 1700401394, 'CHEBET BOSCO', 'M', 'BU/UP/2017/1272', 2017, 'DAY', '+256784098847', 'chebetbosco1@gmail.com', 'FSE', 'DEG', 'SCE', 1, 0, '256784098847', '_na.jpg', 1, 0, '2020-05-08 19:14:37'),
	(440, 1700401395, 'CHEBET ISAAC', 'M', 'BU/UP/2017/1273', 2017, 'DAY', '+256704249733', 'chebetizo9@gmail.com', 'FSE', 'DEG', 'SCE', 1, 0, '256704249733', '_na.jpg', 1, 0, '2020-05-08 19:14:37'),
	(441, 1700401397, 'CHEMONGES ROMMY', 'M', 'BU/UP/2017/1275', 2017, 'DAY', '+256753540154', 'chemongesrommy@gmail.com', 'FSE', 'DEG', 'SCE', 1, 0, '256753540154', '_na.jpg', 1, 0, '2020-05-08 19:14:37'),
	(442, 1700401400, 'CHEPTOYEK BABRA', 'F', 'BU/UP/2017/1278', 2017, 'DAY', '+256778819098', 'cheptoyekbabra@gmail.com', 'FSE', 'DEG', 'SCE', 1, 0, '256778819098', '_na.jpg', 1, 0, '2020-05-08 19:14:37'),
	(443, 1700401402, 'ECOKU EMANUEL', 'M', 'BU/UG/2017/118', 2017, 'DAY', '+256778990909', 'ecokuester@gmail.com', 'FSE', 'DEG', 'SCE', 3, 0, '256778990909', '_na.jpg', 1, 0, '2020-05-08 19:14:37'),
	(444, 1700401407, 'EMONGORI ANDREW', 'M', 'BU/UP/2017/1284', 2017, 'DAY', '+256786749123', 'emongoriand@gmail.com', 'FSE', 'DEG', 'SCE', 1, 0, '256786749123', '_na.jpg', 1, 0, '2020-05-08 19:14:37'),
	(445, 1700402043, 'GIDONGO TITUS', 'M', 'BU/UP/2017/1842', 2017, 'DAY', '+256780474067', 'gidongotitus@gmail.com', 'FSE', 'DEG', 'SCE', 1, 0, '256780474067', '_na.jpg', 1, 0, '2020-05-08 19:14:37'),
	(446, 1700401411, 'GIDUDU WILSON', 'M', 'BU/UP/2017/1288', 2017, 'DAY', '+256780437602', 'giduduwilson70@gmail.com', 'FSE', 'DEG', 'SCE', 1, 0, '256780437602', '_na.jpg', 1, 0, '2020-05-08 19:14:37'),
	(447, 1700401035, 'GOOBI STEVEN', 'M', 'BU/UP/2017/1030', 2017, 'DAY', '+256752209789', 'stevengoobi@gmail.com', 'FSE', 'DEG', 'SCE', 1, 0, '256752209789', '_na.jpg', 1, 0, '2020-05-08 19:14:37'),
	(448, 1700402078, 'GUMA ALIHAJ SALIM', 'M', 'BU/UG/2017/1856', 2017, 'DAY', '+256786046953', 'alihajsalim79@gmail.com', 'FSE', 'DEG', 'SCE', 1, 0, '256786046953', '_na.jpg', 1, 0, '2020-05-08 19:14:37'),
	(449, 1700401413, 'IMONGIN MAX KENETH', 'M', 'BU/UP/2017/1290', 2017, 'DAY', '+256705955298', 'kenethimongin@gmail.com', 'FSE', 'DEG', 'SCE', 1, 0, '256705955298', '_na.jpg', 1, 0, '2020-05-08 19:14:37'),
	(450, 1700401421, 'KALENDA SUZAN', 'F', 'BU/UP/2017/1297', 2017, 'DAY', '+256787785236', 'kalendasuzan@gmail.com', 'FSE', 'DEG', 'SCE', 1, 0, '256787785236', '_na.jpg', 1, 0, '2020-05-08 19:14:37'),
	(451, 1600401444, 'KALENDA TABITHA', 'F', 'BU/UP/2016/358', 2016, 'DAY', '0786464717', 'kalendatabitha@gmail.com', 'FSE', 'DEG', 'SCE', 3, 0, '786464717', '_na.jpg', 1, 0, '2020-05-08 19:14:37'),
	(452, 1700401422, 'KANGU FRED', 'M', 'BU/UP/2017/1299', 2017, 'DAY', '0782787596', 'kangufred97@gmail.com', 'FSE', 'DEG', 'SCE', 1, 0, '782787596', '_na.jpg', 1, 0, '2020-05-08 19:14:38'),
	(453, 1700401426, 'KATWESIGYE RICHARD', 'M', 'BU/UG/2017/28', 2017, 'DAY', '+256782736870', 'katwesigyerichard2017@gmail.com', 'FSE', 'DEG', 'SCE', 3, 0, '256782736870', '_na.jpg', 1, 0, '2020-05-08 19:14:38'),
	(454, 1700401427, 'KHABUYA MIRIAM BUKYENI', 'F', 'BU/UP/2017/1303', 2017, 'DAY', '+256783072079', 'khabuyamiriam@gmail.com', 'FSE', 'DEG', 'SCE', 1, 0, '256783072079', '_na.jpg', 1, 0, '2020-05-08 19:14:38'),
	(455, 1700401602, 'KIIZA GEORGE', 'M', 'BU/UP/2017/1456', 2017, 'DAY', '+256702644388', 'kiizamubitogeorge@gmail.com', 'FSE', 'DEG', 'SCE', 1, 0, '256702644388', '_na.jpg', 1, 0, '2020-05-08 19:14:38'),
	(456, 1700401431, 'KISIGE THOMAS', 'M', 'BU/UP/2017/1307', 2017, 'DAY', '+256789994459', 'Kisigetom@gmail.com', 'FSE', 'DEG', 'SCE', 1, 0, '256789994459', '_na.jpg', 1, 0, '2020-05-08 19:14:38'),
	(457, 1700401433, 'KISULE JOSEPH', 'M', 'BU/UP/2017/1309', 2017, 'DAY', '+256751339538', 'josephkisule', 'FSE', 'DEG', 'SCE', 1, 0, '256751339538', '_na.jpg', 1, 0, '2020-05-08 19:14:38'),
	(458, 1700401436, 'KOMUGISHA RUTH', 'F', 'BU/UP/2017/1312', 2017, 'DAY', '+256706024144', 'komugisharuth100@gmail.com', 'FSE', 'DEG', 'SCE', 1, 0, '256706024144', '_na.jpg', 1, 0, '2020-05-08 19:14:38'),
	(459, 1700401442, 'LAZALUS GEOFREY', 'M', 'BU/UP/2017/1318', 2017, 'DAY', '+256759625886', 'gengageofry@gmail.com', 'FSE', 'DEG', 'SCE', 1, 0, '256759625886', '_na.jpg', 1, 0, '2020-05-08 19:14:38'),
	(460, 1700401444, 'LUMANYIKA DESMOND', 'M', 'BU/UG/2017/37', 2017, 'DAY', '+256756694576', 'lumanyikadesmond@gmail.com', 'FSE', 'DEG', 'SCE', 3, 0, '256756694576', '_na.jpg', 1, 0, '2020-05-08 19:14:38'),
	(461, 1700401445, 'LUZWALA MICHAEL', 'M', 'BU/UP/2017/1320', 2017, 'DAY', '+256784122381', 'michaelluzwala@gmail.com', 'FSE', 'DEG', 'SCE', 1, 0, '256784122381', '_na.jpg', 1, 0, '2020-05-08 19:14:38'),
	(462, 1600401470, 'LWANGA ASHIRAF', 'M', 'BU/UP/2016/381', 2016, 'DAY', '+256788683781', 'ashwegnerl@gmail.com', 'FSE', 'DEG', 'SCE', 3, 0, '256788683781', '_na.jpg', 1, 0, '2020-05-08 19:14:38'),
	(463, 1700402041, 'MAGINO TOM', 'M', 'BU/UP/2017/1841', 2017, 'DAY', '+256780549153', 'maginotom@gmail.com', 'FSE', 'DEG', 'SCE', 1, 0, '256780549153', '_na.jpg', 1, 0, '2020-05-08 19:14:38'),
	(464, 1700401451, 'MALOBA FREDRICK', 'M', 'BU/UP/2017/1326', 2017, 'DAY', '+256780327818', 'malobafredric872gmail.com', 'FSE', 'DEG', 'SCE', 1, 0, '256780327818', '_na.jpg', 1, 0, '2020-05-08 19:14:38'),
	(465, 1700401452, 'MANDE JOEL', 'M', 'BU/UP/2017/1327', 2017, 'DAY', '+256705814748', 'mandejoel2017@gmail.com', 'FSE', 'DEG', 'SCE', 1, 0, '256705814748', '_na.jpg', 1, 0, '2020-05-08 19:14:38'),
	(466, 1700401456, 'MATANDA BRIAN', 'M', 'BU/UP/2017/1330', 2017, 'DAY', '+256786685578', 'matandabrain2017@gmail.com', 'FSE', 'DEG', 'SCE', 1, 0, '256786685578', '_na.jpg', 1, 0, '2020-05-08 19:14:38'),
	(467, 1700401457, 'MAULO DAN', 'M', 'BU/UP/2017/1331', 2017, 'DAY', '+256702190014', 'nkunyireken@gmail.com', 'FSE', 'DEG', 'SCE', 1, 0, '256702190014', '_na.jpg', 1, 0, '2020-05-08 19:14:38'),
	(468, 1700401458, 'MAWEGYE UMARU', 'M', 'BU/UG/2017/40', 2017, 'DAY', '+256757517621', 'mawegyeumaru@gmail.com', 'FSE', 'DEG', 'SCE', 3, 0, '256757517621', '_na.jpg', 1, 0, '2020-05-08 19:14:38'),
	(469, 1700401464, 'MUGWANYA STEVEN', 'M', 'BU/UG/2017/51', 2017, 'DAY', '+256701776545', 'mugwanya01@gmail.com', 'FSE', 'DEG', 'SCE', 3, 0, '256701776545', '_na.jpg', 1, 0, '2020-05-08 19:14:38'),
	(470, 1700401465, 'MUHINDO JENIPHER', 'F', 'BU/UP/2017/1337', 2017, 'DAY', '+256773178888', 'muhindo.jen@gmail.com', 'FSE', 'DEG', 'SCE', 1, 0, '256773178888', '_na.jpg', 1, 0, '2020-05-08 19:14:38'),
	(471, 1600401485, 'MUKHWANA ISAAC', 'M', 'BU/UP/2016/395', 2016, 'DAY', '+256771394177', 'mukhwanaisaac2013@gmail.com', 'FSE', 'DEG', 'SCE', 3, 0, '256771394177', '_na.jpg', 1, 0, '2020-05-08 19:14:38'),
	(472, 1700401468, 'MUKOLA DERRICK', 'M', 'BU/UP/2017/1340', 2017, 'DAY', '+256751726002', 'figo10latex@gmail.com', 'FSE', 'DEG', 'SCE', 1, 0, '256751726002', '_na.jpg', 1, 0, '2020-05-08 19:14:38'),
	(473, 1700401469, 'MUKUBA ISAAC', 'M', 'BU/UP/2017/1341', 2017, 'DAY', '+256782991602', '`mukubaisaac2017@gmail.com', 'FSE', 'DEG', 'SCE', 1, 0, '256782991602', '_na.jpg', 1, 0, '2020-05-08 19:14:38'),
	(474, 1700401471, 'MUMBERE RICHARD', 'M', 'BU/UP/2017/1343', 2017, 'DAY', '+256705197301', 'mumbererich@gmail.com', 'FSE', 'DEG', 'SCE', 1, 0, '256705197301', '_na.jpg', 1, 0, '2020-05-08 19:14:38'),
	(475, 1700401477, 'MUSIIMENTA CATHERINE', 'F', 'BU/UP/2017/1349', 2017, 'DAY', '+256786546964', 'musiimentacatherine@gmail.com', 'FSE', 'DEG', 'SCE', 1, 0, '256786546964', '_na.jpg', 1, 0, '2020-05-08 19:14:38'),
	(476, 1700401478, 'MUTESI JANAT', 'F', 'BU/UP/2017/1350', 2017, 'DAY', '+256185617488', 'mutesijanat123@gmail.com', 'FSE', 'DEG', 'SCE', 1, 0, '256185617488', '_na.jpg', 1, 0, '2020-05-08 19:14:38'),
	(477, 1700401484, 'MWEBAZE PETER ISABIRYE', 'M', 'BU/UP/2017/1355', 2017, 'DAY', '+256785746707', 'petertumwebaze92@gmail.com', 'FSE', 'DEG', 'SCE', 1, 0, '256785746707', '_na.jpg', 1, 0, '2020-05-08 19:14:38'),
	(478, 1700401485, 'MWIRAGUZU CHARLES', 'M', 'BU/UP/2017/1356', 2017, 'DAY', '+256773950049', 'mwiraguzucharles@gmail.com', 'FSE', 'DEG', 'SCE', 1, 0, '256773950049', '_na.jpg', 1, 0, '2020-05-08 19:14:38'),
	(479, 1700401486, 'MWOGEZI DERICK', 'M', 'BU/UP/2017/1357', 2017, 'DAY', '+256773928269', 'mwogeziderick@gmail.com', 'FSE', 'DEG', 'SCE', 1, 0, '256773928269', '_na.jpg', 1, 0, '2020-05-08 19:14:38'),
	(480, 1700401488, 'NABATANZI BENA', 'F', 'BU/UP/2017/1359', 2017, 'DAY', '+256779374545', 'benmagezi@centenarybank.co.ug', 'FSE', 'DEG', 'SCE', 1, 0, '256779374545', '_na.jpg', 1, 0, '2020-05-08 19:14:39'),
	(481, 1700401490, 'NADUNGA BABRA', 'F', 'BU/UP/2017/1361', 2017, 'DAY', '+256780221622', 'nadungababra2017@gmail.com', 'FSE', 'DEG', 'SCE', 1, 0, '256780221622', '_na.jpg', 1, 0, '2020-05-08 19:14:39'),
	(482, 1700401493, 'NAIGAGA OLIVER', 'F', 'BU/UP/2017/1364', 2017, 'DAY', '+256772022907', 'olivia@gmail.com', 'FSE', 'DEG', 'SCE', 1, 0, '256772022907', '_na.jpg', 1, 0, '2020-05-08 19:14:39'),
	(483, 1700401495, 'NAKAYIMA PHIONA MARTHA', 'M', 'BU/UP/2017/1366', 2017, 'DAY', '+256758240202', 'nakayimaphionamartha@gmail.com', 'FSE', 'DEG', 'SCE', 1, 0, '256758240202', '_na.jpg', 1, 0, '2020-05-08 19:14:39'),
	(484, 1700401498, 'NAMBALE AMOS', 'M', 'BU/UP/2017/1369', 2017, 'DAY', '+256786800013', 'nambaleamos@gmail.com', 'FSE', 'DEG', 'SCE', 1, 0, '256786800013', '_na.jpg', 1, 0, '2020-05-08 19:14:39'),
	(485, 1600401507, 'NAMBALE MARTIN', 'M', 'BU/UP/2016/410', 2016, 'DAY', '+256782406041', 'nambalemartin12@gmail.com', 'FSE', 'DEG', 'SCE', 3, 0, '256782406041', '_na.jpg', 1, 0, '2020-05-08 19:14:39'),
	(486, 1600401508, 'NAMBASI WILBER', 'M', 'BU/UP/2016/411', 2016, 'DAY', '+256772797978', 'nambasi73@gmail.com', 'FSE', 'DEG', 'SCE', 3, 0, '256772797978', '_na.jpg', 1, 0, '2020-05-08 19:14:39'),
	(487, 1700401499, 'NAMUGOGO SALUWA', 'F', 'BU/UP/2017/1370', 2017, 'DAY', '+256704373121', 'shaluwakeshaj@gmail.com', 'FSE', 'DEG', 'SCE', 1, 0, '256704373121', '_na.jpg', 1, 0, '2020-05-08 19:14:39'),
	(488, 1700401502, 'NAMULI DANIELLA', 'F', 'BU/UG/2017/70', 2017, 'DAY', '+256705187786', 'tendoblessing11@gmail.com', 'FSE', 'DEG', 'SCE', 3, 0, '256705187786', '_na.jpg', 1, 0, '2020-05-08 19:14:39'),
	(489, 1700401505, 'NDUGA VICENT', 'M', 'BU/UP/2017/1373', 2017, 'DAY', '+256773034693', 'ndugavicent@gmail.com', 'FSE', 'DEG', 'SCE', 1, 0, '256773034693', '_na.jpg', 1, 0, '2020-05-08 19:14:39'),
	(490, 1700401508, 'NEWUMBE HELLEN', 'F', 'BU/UP/2017/1376', 2017, 'DAY', '+256753806443', 'newumbe97@gmail.com', 'FSE', 'DEG', 'SCE', 1, 0, '256753806443', '_na.jpg', 1, 0, '2020-05-08 19:14:39'),
	(491, 1700402180, 'NGOTOWA EMMA', 'M', 'BU/UG/2017/1962', 2017, 'DAY', '+256777138735', 'ngotomaemma@gmail.com', 'FSE', 'DEG', 'SCE', 1, 0, '256777138735', '_na.jpg', 1, 0, '2020-05-08 19:14:39'),
	(492, 1700401513, 'OBWIN MARTIN', 'M', 'BU/UP/2017/1381', 2017, 'DAY', '+256755229124', 'mutesijanat123@gmail.com', 'FSE', 'DEG', 'SCE', 1, 0, '256755229124', '_na.jpg', 1, 0, '2020-05-08 19:14:39'),
	(493, 1700401516, 'OCHOM PETER', 'M', 'BU/UP/2017/1384', 2017, 'DAY', '+256774840283', 'ochompeter28@gmail.com', 'FSE', 'DEG', 'SCE', 1, 0, '256774840283', '_na.jpg', 1, 0, '2020-05-08 19:14:39'),
	(494, 1700402080, 'ODONGO SAMUEL', 'M', 'BU/UG/2017/1864', 2017, 'DAY', '+256779817199', 'odongosam95@gmail.com', 'FSE', 'DEG', 'SCE', 1, 0, '256779817199', '_na.jpg', 1, 0, '2020-05-08 19:14:39'),
	(495, 1700401520, 'ODUR MOSES', 'M', 'BU/UP/2017/1388', 2017, 'DAY', '+256787776576', 'mozesodur@gmail.com', 'FSE', 'DEG', 'SCE', 1, 0, '256787776576', '_na.jpg', 1, 0, '2020-05-08 19:14:39'),
	(496, 1700402082, 'OKELLO EMMANUEL', 'M', 'BU/UG/2017/1865', 2017, 'DAY', '+256773255135', 'okelloe65@gmail.com', 'FSE', 'DEG', 'SCE', 1, 0, '256773255135', '_na.jpg', 1, 0, '2020-05-08 19:14:39'),
	(497, 1700401523, 'OKELLO ROBIN', 'M', 'BU/UP/2017/1391', 2017, 'DAY', '+256757343788', 'joeadoko@gmail.com', 'FSE', 'DEG', 'SCE', 1, 0, '256757343788', '_na.jpg', 1, 0, '2020-05-08 19:14:39'),
	(498, 1700401525, 'OKETCH DENIS', 'M', 'BU/UP/2017/1393', 2017, 'DAY', '+256756230422', 'oketchdeniso@gmail.com', 'FSE', 'DEG', 'SCE', 1, 0, '256756230422', '_na.jpg', 1, 0, '2020-05-08 19:14:39'),
	(499, 1700401604, 'OKODOI DENIS', 'M', 'BU/UP/2017/1459', 2017, 'DAY', '+256785508849', 'denisokodoi1995@gmail.com', 'FSE', 'DEG', 'SCE', 1, 0, '256785508849', '_na.jpg', 1, 0, '2020-05-08 19:14:39'),
	(500, 1700401526, 'OKONGO EMMANUEL', 'M', 'BU/UP/2017/1394', 2017, 'DAY', '+256785997074', 'okongoemmanuel161@gmail.com', 'FSE', 'DEG', 'SCE', 1, 0, '256785997074', '_na.jpg', 1, 0, '2020-05-08 19:14:39'),
	(501, 1700401528, 'OKOTH ALEX', 'M', 'BU/UP/2017/1396', 2017, 'DAY', '+256786800658', 'okothalex93@gmail.com', 'FSE', 'DEG', 'SCE', 1, 0, '256786800658', '_na.jpg', 1, 0, '2020-05-08 19:14:39'),
	(502, 1600401548, 'OKOTH JOSHUA', 'M', 'BU/UP/2016/449', 2016, 'DAY', '+256784583919', 'joshuaokoth64@gmail.com', 'FSE', 'DEG', 'SCE', 3, 0, '256784583919', '_na.jpg', 1, 0, '2020-05-08 19:14:39'),
	(503, 1700401529, 'OKURUT MARIKO', 'M', 'BU/UP/2017/1397', 2017, 'DAY', '+256771904565', 'okurutmariko69@gmail.com', 'FSE', 'DEG', 'SCE', 1, 0, '256771904565', '_na.jpg', 1, 0, '2020-05-08 19:14:39'),
	(504, 1700401531, 'OLOBO JULIUS', 'M', 'BU/UP/2017/1399', 2017, 'DAY', '+256789134662', 'juliusolobo8@gmail.com', 'FSE', 'DEG', 'SCE', 1, 0, '256789134662', '_na.jpg', 1, 0, '2020-05-08 19:14:40'),
	(505, 1700401534, 'OMARE PATRICK', 'M', 'BU/UP/2017/1402', 2017, 'DAY', '+256788861442', 'patrickomare3@gmail.com', 'FSE', 'DEG', 'SCE', 1, 0, '256788861442', '_na.jpg', 1, 0, '2020-05-08 19:14:40'),
	(506, 1700401536, 'OMUMBA ERUFASI', 'M', 'BU/UP/2017/1404', 2017, 'DAY', '+256777270310', 'omumbaerufasi@gmail.com', 'FSE', 'DEG', 'SCE', 1, 0, '256777270310', '_na.jpg', 1, 0, '2020-05-08 19:14:40'),
	(507, 1700401542, 'OSAKO THOMAS', 'M', 'BU/UP/2017/1410', 2017, 'DAY', '+256770673811', 'osakothomas11@gmail.com', 'FSE', 'DEG', 'SCE', 1, 0, '256770673811', '_na.jpg', 1, 0, '2020-05-08 19:14:40'),
	(508, 1700401543, 'OSUNA CHRISTOPHER', 'M', 'BU/UP/2017/1411', 2017, 'DAY', '+256755277210', 'osunachristopherparo@gmail.com|', 'FSE', 'DEG', 'SCE', 1, 0, '256755277210', '_na.jpg', 1, 0, '2020-05-08 19:14:40'),
	(509, 1700401544, 'OTIM ALFRED', 'M', 'BU/UP/2017/1412', 2017, 'DAY', '+256780193562', 'otimalfred@gmail.com', 'FSE', 'DEG', 'SCE', 1, 0, '256780193562', '_na.jpg', 1, 0, '2020-05-08 19:14:40'),
	(510, 1700401546, 'OUMA ALI', 'M', 'BU/UP/2017/1414', 2017, 'DAY', '+256705350406', 'oumaali235@gmail.com', 'FSE', 'DEG', 'SCE', 1, 0, '256705350406', '_na.jpg', 1, 0, '2020-05-08 19:14:40'),
	(511, 1700401551, 'SADAT VVULE', 'M', 'BU/UP/2017/1418', 2017, 'DAY', '+256788814246', 'sadatvvule2015@gmail.com', 'FSE', 'DEG', 'SCE', 1, 0, '256788814246', '_na.jpg', 1, 0, '2020-05-08 19:14:40'),
	(512, 1700401556, 'SSEWAALI UTHUMAN', 'M', 'BU/UP/2017/1423', 2017, 'DAY', '+256751908424', 'ssewaaliuthuman@gmail.com', 'FSE', 'DEG', 'SCE', 1, 0, '256751908424', '_na.jpg', 1, 0, '2020-05-08 19:14:40'),
	(513, 1700401559, 'TAKOBERWA WINFRED', 'F', 'BU/UP/2017/1424', 2017, 'DAY', '+256785715582', 'winfredtakob@gmail.com', 'FSE', 'DEG', 'SCE', 1, 0, '256785715582', '_na.jpg', 1, 0, '2020-05-08 19:14:40'),
	(514, 1700402029, 'TAKUNYA KENETH', 'M', 'BU/UP/2017/1803', 2017, 'DAY', '+256775052817', 'takunyakeneth@gmail.com', 'FSE', 'DEG', 'SCE', 1, 0, '256775052817', '_na.jpg', 1, 0, '2020-05-08 19:14:40'),
	(515, 1700401561, 'TAWULIRA JAMES PATRICK', 'M', 'BU/UP/2017/1426', 2017, 'DAY', '+256785805569', 'tawulirajamespatrick@gmail.com', 'FSE', 'DEG', 'SCE', 1, 0, '256785805569', '_na.jpg', 1, 0, '2020-05-08 19:14:40'),
	(516, 1700402025, 'TAYEBWA BRIAN', 'M', 'BU/UP/2017/1823', 2017, 'DAY', '+256754600697', 'tayebwabrian260@gmail.com', 'FSE', 'DEG', 'SCE', 1, 0, '256754600697', '_na.jpg', 1, 0, '2020-05-08 19:14:40'),
	(517, 1700401563, 'TIBATA JADEN', 'M', 'BU/UP/2017/1428', 2017, 'DAY', '+256700181675', 'jadentibata@gmail.com', 'FSE', 'DEG', 'SCE', 1, 0, '256700181675', '_na.jpg', 1, 0, '2020-05-08 19:14:40'),
	(518, 1700401570, 'WAIKASI SULAIMANI', 'M', 'BU/UP/2017/1435', 2017, 'DAY', '+256701703170', 'swaikasi25@gmail.com', 'FSE', 'DEG', 'SCE', 1, 0, '256701703170', '_na.jpg', 1, 0, '2020-05-08 19:14:40'),
	(519, 1700401571, 'WAISWA NICHOLAS', 'M', 'BU/UP/2017/1436', 2017, 'DAY', '+256773974247', 'waiswanicho@gmail.com', 'FSE', 'DEG', 'SCE', 1, 0, '256773974247', '_na.jpg', 1, 0, '2020-05-08 19:14:40'),
	(520, 1700401572, 'WAISWA YASINI', 'M', 'BU/UG/2017/99', 2017, 'DAY', '+256753772774', 'yasiniwaiswa@gmail.com', 'FSE', 'DEG', 'SCE', 3, 0, '256753772774', '_na.jpg', 1, 0, '2020-05-08 19:14:40'),
	(521, 1700402186, 'WAKOLI DAN', 'M', 'BU/UG/2017/1964', 2017, 'DAY', '+256771849240', 'wakolidan01@gmail.com', 'FSE', 'DEG', 'SCE', 1, 0, '256771849240', '_na.jpg', 1, 0, '2020-05-08 19:14:40'),
	(522, 1700401574, 'WALALA RONALD', 'M', 'BU/UP/2017/1438', 2017, 'DAY', '+256773952378', 'walalaronald@gmail.com', 'FSE', 'DEG', 'SCE', 1, 0, '256773952378', '_na.jpg', 1, 0, '2020-05-08 19:14:40'),
	(523, 1700401575, 'WALUBE BLAIR', 'M', 'BU/UP/2017/1439', 2017, 'DAY', '+256756339080', 'walubeblair97@gmail.com', 'FSE', 'DEG', 'SCE', 1, 0, '256756339080', '_na.jpg', 1, 0, '2020-05-08 19:14:40'),
	(524, 1600401588, 'WANZALA KEZEKIA', 'M', 'BU/UP/2016/486', 2016, 'DAY', '+256782664242', 'NA', 'FSE', 'DEG', 'SCE', 3, 0, '256782664242', '_na.jpg', 1, 0, '2020-05-08 19:14:40'),
	(525, 1600401593, 'WERE VINCENT', 'M', 'BU/UP/2016/490', 2016, 'DAY', '+256781254065', 'luckyvincent120@gmail.com', 'FSE', 'DEG', 'SCE', 3, 0, '256781254065', '_na.jpg', 1, 0, '2020-05-08 19:14:40'),
	(526, 1700402084, 'WESONGA JAMES', 'M', 'BU/UG/2017/1867', 2017, 'DAY', '+256773341070', 'jameswesonga200@gmail.com', 'FSE', 'DEG', 'SCE', 1, 0, '256773341070', '_na.jpg', 1, 0, '2020-05-08 19:14:40'),
	(527, 1600401597, 'WOGAALI GEOFREY', 'M', 'BU/UP/2016/494', 2016, 'DAY', '+256783231201', 'wogaaligeof07@gmail.com', 'FSE', 'DEG', 'SCE', 3, 0, '256783231201', '_na.jpg', 1, 0, '2020-05-08 19:14:40'),
	(528, 1900400051, 'KAMPIRE DIANAH', 'F', 'BU/UG/2019/0051', 2019, 'DAY', '+256759213840', 'umwalidiynepatiianz@gmail.com', 'FSE', 'DEG', 'SCS', 1, 0, '256759213840', '_na.jpg', 1, 0, '2020-05-08 19:14:40'),
	(529, 1900402302, 'MANIRIHO ARMSTRONG', 'M', 'BU/UG/2019/2302', 2019, 'DAY', '+256787799301', 'manirihoarmstrong4@gmail.com', 'FSE', 'DEG', 'SCS', 1, 0, '256787799301', '_na.jpg', 1, 0, '2020-05-08 19:14:40'),
	(530, 1900402314, 'NABWIRE BRENDA', 'F', 'BU/UG/2019/2314', 2019, 'DAY', '+256770663305', 'nabwirebrenda645@gmail.com', 'FSE', 'DEG', 'SCS', 1, 0, '256770663305', '_na.jpg', 1, 0, '2020-05-08 19:14:40'),
	(531, 1900400052, 'NAIKOBA MACKLYN', 'F', 'BU/UG/2019/0052', 2019, 'DAY', '+256703982375', 'naikobamacklyn@gmail.com', 'FSE', 'DEG', 'SCS', 1, 0, '256703982375', '_na.jpg', 1, 0, '2020-05-08 19:14:40'),
	(532, 1900402307, 'OPOYA PONSIANO', 'M', 'BU/UG/2019/2307', 2019, 'DAY', '+256777745473', 'opyahponsian@gmail.com', 'FSE', 'DEG', 'SCS', 1, 0, '256777745473', '_na.jpg', 1, 0, '2020-05-08 19:14:41'),
	(533, 1900401256, 'WANYAMA SEPIRIA EROGO', 'M', 'BU/UP/2019/1256', 2019, 'DAY', '+256753492156', 'wanyamacraig@yahoo.com', 'FSE', 'DEG', 'SCS', 1, 0, '256753492156', '_na.jpg', 1, 0, '2020-05-08 19:14:41'),
	(534, 1800401948, 'ANENA CAROLINE', 'F', 'BU/UG/2018/1948', 2018, 'DAY', '+256786010288', 'anenacaroline98@gmail.com', 'FSE', 'DEG', 'SCS', 1, 0, '256786010288', '_na.jpg', 1, 0, '2020-05-08 19:14:41'),
	(535, 1800403718, 'BAGEYA IVAN', 'M', 'BU/UP/2018/3718', 2018, 'DAY', '+256752090636', 'bageyaivannitty@gmail.com', 'FSE', 'DEG', 'SCS', 1, 1, '256752090636', '_na.jpg', 1, 0, '2020-05-08 19:14:41'),
	(536, 1800402140, 'IGAMA SUNDAY', 'M', 'BU/UG/2018/2140', 2018, 'DAY', '+256776397280', 'sundayigamix@gmail.com', 'FSE', 'DEG', 'SCS', 1, 0, '256776397280', '_na.jpg', 1, 0, '2020-05-08 19:14:41'),
	(537, 1800402191, 'KEMBA ERIEZA', 'M', 'BU/UG/2018/2191', 2018, 'DAY', '+256775693286', 'kemba.eric@yahoo.com', 'FSE', 'DEG', 'SCS', 1, 0, '256775693286', '_na.jpg', 1, 0, '2020-05-08 19:14:41'),
	(538, 1800402209, 'KISANGALA GERALD', 'M', 'BU/UG/2018/2209', 2018, 'DAY', '+256777276063', 'geraldkisangala@gmail.com', 'FSE', 'DEG', 'SCS', 1, 1, '256777276063', '_na.jpg', 1, 0, '2020-05-08 19:14:41'),
	(539, 1800402313, 'MULIIKA GERALD', 'M', 'BU/UG/2018/2313', 2018, 'DAY', '+256706950805', 'muliikageraldcollins@gmail.com', 'FSE', 'DEG', 'SCS', 1, 1, '256706950805', '_na.jpg', 1, 1, '2020-05-08 19:14:41'),
	(540, 1800402673, 'TIBITONDWA JANE', 'F', 'BU/UG/2018/2673', 2018, 'DAY', '+256750417536', 'janetibitondwa@gmail.com', 'FSE', 'DEG', 'SCS', 1, 0, '256750417536', '_na.jpg', 1, 0, '2020-05-08 19:14:41'),
	(541, 1700401592, 'AUMA DOREEN WASSWA', 'F', 'BU/UG/2017/112', 2017, 'DAY', '+256770677397', 'aumadoreen50@gmail.com', 'FSE', 'DEG', 'SCS', 3, 0, '256770677397', '_na.jpg', 1, 0, '2020-05-08 19:14:41'),
	(542, 1700401594, 'BYARUHANGA MOSES', 'M', 'BU/UG/2017/110', 2017, 'DAY', '+256706958242', 'mosesbyaruhanga155@gmail.com', 'FSE', 'DEG', 'SCS', 3, 0, '256706958242', '_na.jpg', 1, 0, '2020-05-08 19:14:41'),
	(543, 1700401595, 'EEGET HERBERT OKWANGA', 'M', 'BU/UP/2017/1455', 2017, 'DAY', '+256750770507', 'herbshaya@gmail.com', 'FSE', 'DEG', 'SCS', 1, 0, '256750770507', '_na.jpg', 1, 0, '2020-05-08 19:14:41'),
	(544, 1700401596, 'KISAKYE DIANA MICHELLE', 'F', 'BU/UG/2017/107', 2017, 'DAY', '+256787610004', 'kdianamichelle@gmail.com', 'FSE', 'DEG', 'SCS', 3, 0, '256787610004', '_na.jpg', 1, 0, '2020-05-08 19:14:41'),
	(545, 1700401597, 'NAMANYA RITA', 'F', 'BU/UG/2017/126', 2017, 'DAY', '+256782704000', 'namanyarita@gmail.com', 'FSE', 'DEG', 'SCS', 3, 0, '256782704000', '_na.jpg', 1, 0, '2020-05-08 19:14:41'),
	(546, 1700401598, 'OBOTH BLASTUS NATHAN', 'M', 'BU/UG/2017/105', 2017, 'DAY', '+256786649283', 'obothblastusnathan@gmail.com', 'FSE', 'DEG', 'SCS', 3, 0, '256786649283', '_na.jpg', 1, 0, '2020-05-08 19:14:41'),
	(547, 1700401599, 'OBOTH PAUL', 'M', 'BU/UG/2017/104', 2017, 'DAY', '+256753744088', 'obothpaul8@gmail.com', 'FSE', 'DEG', 'SCS', 3, 0, '256753744088', '_na.jpg', 1, 0, '2020-05-08 19:14:41'),
	(548, 1700401600, 'OMOLLO MOSES TANGA', 'M', 'BU/UG/2017/134', 2017, 'DAY', '+256704107201', 'omtanga@gmail.com', 'FSE', 'DEG', 'SCS', 3, 0, '256704107201', '_na.jpg', 1, 0, '2020-05-08 19:14:41'),
	(549, 1900402372, 'ALWENY RUTH', 'F', 'BU/UP/2019/2372', 2019, 'DAY', '+256783230578', 'alwenyruth@gmail.co', 'FSE', 'DIP', 'DEP', 1, 0, '256783230578', '_na.jpg', 1, 0, '2020-05-08 19:14:41'),
	(550, 1900403466, 'ANDERA ELIZABETH', 'F', 'BU/UP/2019/3466', 2019, 'WEEKEND', '+256774797025', 'anderaelizabeth73@gmail.com', 'FSE', 'DIP', 'DEP', 1, 0, '256774797025', '_na.jpg', 1, 0, '2020-05-08 19:14:41'),
	(551, 1900403151, 'EMER JULIUS', 'M', 'BU/UP/2019/3151', 2019, 'DAY', '+256778547410', 'emerjulius02@gmail.com', 'FSE', 'DIP', 'DEP', 1, 0, '256778547410', '_na.jpg', 1, 0, '2020-05-08 19:14:41'),
	(552, 1900403470, 'EMONG EMMANUEL', 'M', 'BU/UP/2019/3470', 2019, 'WEEKEND', '+256780194075', '0780194075', 'FSE', 'DIP', 'DEP', 1, 0, '256780194075', '_na.jpg', 1, 0, '2020-05-08 19:14:41'),
	(553, 1900403273, 'MUNABA ALUPA FLORENCE', 'F', 'BU/UP/2019/3273', 2019, 'WEEKEND', '+256779977387', 'munabaalupaflorence@gmail.com', 'FSE', 'DIP', 'DEP', 1, 0, '256779977387', '_na.jpg', 1, 0, '2020-05-08 19:14:41'),
	(554, 1900402800, 'NYACHWO EMILY', 'F', 'BU/UP/2019/2800', 2019, 'DAY', '+256785025827', 'emilynyachwo21@gmail.com', 'FSE', 'DIP', 'DEP', 1, 0, '256785025827', '_na.jpg', 1, 0, '2020-05-08 19:14:41'),
	(555, 1900403236, 'NYARUWA JOSEPHINE', 'M', 'BU/UP/2019/3236', 2019, 'DAY', '+256780853995', 'nyaruwajosephine@gmail.com', 'FSE', 'DIP', 'DEP', 1, 0, '256780853995', '_na.jpg', 1, 0, '2020-05-08 19:14:41'),
	(556, 1900402760, 'OKETCHO WILLY', 'M', 'BU/UP/2019/2760', 2019, 'DAY', '+256771453631', 'willyoketcho325@gmail.com', 'FSE', 'DIP', 'DEP', 1, 0, '256771453631', '_na.jpg', 1, 0, '2020-05-08 19:14:41'),
	(557, 1900402798, 'OMIEL DAVID', 'M', 'BU/UP/2019/2798', 2019, 'DAY', '+256789543083', 'omiel.david@gmail.com', 'FSE', 'DIP', 'DEP', 1, 0, '256789543083', '_na.jpg', 1, 0, '2020-05-08 19:14:41'),
	(558, 1900402630, 'WAISWA HASSAN', 'M', 'BU/UP/2019/2630', 2019, 'DAY', '+256703501582', 'halunantambi@gmail.com', 'FSE', 'DIP', 'DEP', 1, 0, '256703501582', '_na.jpg', 1, 0, '2020-05-08 19:14:42'),
	(559, 1900403235, 'WANYAMA MASINDE STEPHEN', 'M', 'BU/UP/2019/3235', 2019, 'DAY', '+256777254325', 'wanyamamasindes@gmail.com', 'FSE', 'DIP', 'DEP', 1, 0, '256777254325', '_na.jpg', 1, 0, '2020-05-08 19:14:42'),
	(560, 1800401900, 'AKUMU ELIZABETH OWINO', 'F', 'BU/UP/2018/1900', 2018, 'WEEKEND', '+256752903576', '0752903576', 'FSE', 'DIP', 'DEP', 1, 0, '256752903576', '_na.jpg', 1, 0, '2020-05-08 19:14:42'),
	(561, 1700401213, 'ATHIENO SUZAN', 'F', 'BU/UP/2017/1636', 2017, 'EXTERNAL', '+256788856675', 'athienosuzan@gmail.com', 'FSE', 'DIP', 'DEP', 1, 0, '256788856675', '_na.jpg', 1, 0, '2020-05-08 19:14:42'),
	(562, 1800402088, 'EJOK JIMMY', 'M', 'BU/UP/2018/2088', 2018, 'WEEKEND', '+256772018218', 'ejokjimmy1989@gmail.com', 'FSE', 'DIP', 'DEP', 1, 0, '256772018218', '_na.jpg', 1, 0, '2020-05-08 19:14:42'),
	(563, 1800402136, 'HABAJA BALAM', 'M', 'BU/UP/2018/2136', 2018, 'WEEKEND', '+256779908273', 'habajabalam0@gmail.com', 'FSE', 'DIP', 'DEP', 1, 0, '256779908273', '_na.jpg', 1, 0, '2020-05-08 19:14:42'),
	(564, 1800403993, 'KATEU MOSES MIDAD', 'M', 'BU/UP/2018/3993', 2018, 'DAY', '+256782726372', 'kateumosesmidad@gmail.com', 'FSE', 'DIP', 'DEP', 1, 0, '256782726372', '_na.jpg', 1, 0, '2020-05-08 19:14:42'),
	(565, 1800402298, 'MUGULO ERICK', 'M', 'BU/UP/2018/2298', 2018, 'WEEKEND', '+256783350852', 'muguloerick@gmail', 'FSE', 'DIP', 'DEP', 1, 0, '256783350852', '_na.jpg', 1, 0, '2020-05-08 19:14:42'),
	(566, 1800402307, 'MUKISA JAMES OUMA', 'M', 'BU/UP/2018/2307', 2018, 'WEEKEND', '+256772308441', 'mukisajamesouma441@gmailcom', 'FSE', 'DIP', 'DEP', 1, 0, '256772308441', '_na.jpg', 1, 0, '2020-05-08 19:14:42'),
	(567, 1800402353, 'NAFUNA SUSAN', 'F', 'BU/UP/2018/2353', 2018, 'WEEKEND', '+256784016177', 'nafunasuzan@gmail.com', 'FSE', 'DIP', 'DEP', 1, 0, '256784016177', '_na.jpg', 1, 0, '2020-05-08 19:14:42'),
	(568, 1800400005, 'NEKESA WINFRED', 'F', 'BU/UP/2018/4260', 2018, 'WEEKEND', '+256777828603', 'winfrednekesa2019@gmail.com', 'FSE', 'DIP', 'DEP', 1, 0, '256777828603', '_na.jpg', 1, 0, '2020-05-08 19:14:42'),
	(569, 1800402613, 'OTEMO MOSES', 'M', 'BU/UP/2018/2613', 2018, 'WEEKEND', '+256780301167', 'otemomoze@gmail.com', 'FSE', 'DIP', 'DEP', 1, 0, '256780301167', '_na.jpg', 1, 0, '2020-05-08 19:14:42'),
	(570, 1600401820, 'AMELLA ROFINA', 'F', 'BU/UP/2016/1813', 2016, 'EXTERNAL', '+256778529523', 'amellarofina22@gmail.com', 'FSE', 'DIP', 'DEP', 1, 0, '256778529523', '_na.jpg', 1, 0, '2020-05-08 19:14:42'),
	(571, 1600401138, 'ATHIENO CAROLINE', 'F', 'BU/UP/2016/1427', 2016, 'EXTERNAL', '+256782059696', 'carolineathieno87@gmail.com', 'FSE', 'DIP', 'DEP', 1, 0, '256782059696', '_na.jpg', 1, 0, '2020-05-08 19:14:42'),
	(572, 1600401145, 'EGWALU CHARLES', 'M', 'BU/UP/2016/1434', 2016, 'EXTERNAL', '+256783727810', 'charlesegwalu@gmail.com', 'FSE', 'DIP', 'DEP', 1, 0, '256783727810', '_na.jpg', 1, 0, '2020-05-08 19:14:42'),
	(573, 1600401146, 'ELAYU WILLIAM', 'M', 'BU/UP/2016/1435', 2016, 'EXTERNAL', '+256774775735', 'williamelayu@gmail.com', 'FSE', 'DIP', 'DEP', 1, 0, '256774775735', '_na.jpg', 1, 0, '2020-05-08 19:14:42'),
	(574, 1700401222, 'IGUA VINCENT', 'M', 'BU/UP/2017/1645', 2017, 'EXTERNAL', '+256774506560', 'iguavincent@gmail.com', 'FSE', 'DIP', 'DEP', 1, 0, '256774506560', '_na.jpg', 1, 0, '2020-05-08 19:14:42'),
	(575, 1600401151, 'IYAMITAI DANIEL', 'M', 'BU/UP/2016/1440', 2016, 'EXTERNAL', '+256779735730', 'iyamitaid@gmail.com', 'FSE', 'DIP', 'DEP', 1, 0, '256779735730', '_na.jpg', 1, 0, '2020-05-08 19:14:42'),
	(576, 1600401153, 'MADWAYA MOSES', 'M', 'BU/UP/2016/1441', 2016, 'EXTERNAL', '+256777889417', 'mosesmadwaya@gmail.com', 'FSE', 'DIP', 'DEP', 1, 0, '256777889417', '_na.jpg', 1, 0, '2020-05-08 19:14:42'),
	(577, 1600401154, 'MANAKHE ESTHER', 'F', 'BU/UP/2016/1442', 2016, 'EXTERNAL', '+256779279669', 'manakheesth@gmail.com', 'FSE', 'DIP', 'DEP', 1, 0, '256779279669', '_na.jpg', 1, 0, '2020-05-08 19:14:42'),
	(578, 1700401227, 'MBAGO SEPIRIANO', 'M', 'BU/UP/2017/1698', 2017, 'EXTERNAL', '+256774874862', 'livingstonemugoya@gmail.com', 'FSE', 'DIP', 'DEP', 1, 0, '256774874862', '_na.jpg', 1, 0, '2020-05-08 19:14:42'),
	(579, 1600401158, 'NABIFO SHARON', 'F', 'BU/UP/2016/1640', 2016, 'EXTERNAL', '+256789542166', 'nabifosharon20@gmail.com', 'FSE', 'DIP', 'DEP', 1, 0, '256789542166', '_na.jpg', 1, 0, '2020-05-08 19:14:42'),
	(580, 1600401160, 'NAKASALA JOSEPH KHASIKHO', 'M', 'BU/UP/2016/1545', 2016, 'EXTERNAL', '+256775283903', 'nakasalajoseph5@gmail.com', 'FSE', 'DIP', 'DEP', 1, 0, '256775283903', '_na.jpg', 1, 0, '2020-05-08 19:14:42'),
	(581, 1600401809, 'NKURUMAH TITUS', 'M', 'BU/UP/2016/1741', 2016, 'EXTERNAL', '+256777770054', 'tnkurumah@yahoo.com', 'FSE', 'DIP', 'DEP', 1, 0, '256777770054', '_na.jpg', 1, 0, '2020-05-08 19:14:42'),
	(582, 1600401166, 'OBBO SYLIVESTER', 'M', 'BU/UP/2016/1451', 2016, 'EXTERNAL', '+256750466883', 'obbosylivester@gmail.com', 'FSE', 'DIP', 'DEP', 1, 0, '256750466883', '_na.jpg', 1, 0, '2020-05-08 19:14:43'),
	(583, 1700401233, 'OCHOLA ERIDAD', 'M', 'BU/UP/2017/1654', 2017, 'EXTERNAL', '+256785726331', 'ocholaeridad@gmail.com', 'FSE', 'DIP', 'DEP', 1, 0, '256785726331', '_na.jpg', 1, 0, '2020-05-08 19:14:43'),
	(584, 1700401237, 'OMAGOR MOSES', 'M', 'BU/UP/2017/1658', 2017, 'EXTERNAL', '+256779735554', 'glydenetes@gmail.com', 'FSE', 'DIP', 'DEP', 1, 0, '256779735554', '_na.jpg', 1, 0, '2020-05-08 19:14:43'),
	(585, 1700401238, 'OSIRU ISAAC', 'M', 'BU/UP/2017/1659', 2017, 'EXTERNAL', '+256776738660', 'osiruisaac2@gmail.com', 'FSE', 'DIP', 'DEP', 1, 0, '256776738660', '_na.jpg', 1, 0, '2020-05-08 19:14:43'),
	(586, 1900402754, 'CHEROP DAVID', 'M', 'BU/UP/2019/2754', 2019, 'DAY', '+256789560531', 'cheropdavid08@gmai.com', 'FSE', 'DIP', 'SLB', 1, 0, '256789560531', '_na.jpg', 1, 0, '2020-05-08 19:14:43'),
	(587, 1900401756, 'EIBUKET PAUL', 'M', 'BU/UP/2019/1756', 2019, 'DAY', '+256785307500', 'pauleibuket@gmail.com', 'FSE', 'DIP', 'SLB', 1, 0, '256785307500', '_na.jpg', 1, 0, '2020-05-08 19:14:43'),
	(588, 1900401769, 'EURIEN GODFREY', 'M', 'BU/UP/2019/1769', 2019, 'DAY', '+256771614380', 'euriengodfrey@gmail.com', 'FSE', 'DIP', 'SLC', 1, 0, '256771614380', '_na.jpg', 1, 0, '2020-05-08 19:14:43'),
	(589, 1900401774, 'KAKO BRENDA PHIONAH', 'F', 'BU/UP/2019/1774', 2019, 'DAY', '+256756294548', 'shadrickfifi@gmail.com', 'FSE', 'DIP', 'SLC', 1, 0, '256756294548', '_na.jpg', 1, 0, '2020-05-08 19:14:43'),
	(590, 1900401767, 'OMONDI EMMANUEL', 'M', 'BU/UP/2019/1767', 2019, 'DAY', '+256701536536', 'omondiemmanuel34@gmail.com', 'FSE', 'DIP', 'SLC', 1, 0, '256701536536', '_na.jpg', 1, 0, '2020-05-08 19:14:43'),
	(591, 1900402975, 'ICAKAI EVERLINE', 'F', 'BU/UP/2019/2975', 2019, 'DAY', '+256783726902', 'lytoevelynadamz@gmail.com', 'FSE', 'CER', 'HBA', 1, 0, '256783726902', '_na.jpg', 1, 0, '2020-05-08 19:14:43'),
	(592, 1900402996, 'KAYIZI CEASER', 'M', 'BU/UP/2019/2996', 2019, 'DAY', '+256759384248', 'ceaserk423@gmail.com', 'FSE', 'CER', 'HBA', 1, 0, '256759384248', '_na.jpg', 1, 0, '2020-05-08 19:14:43'),
	(593, 1900403001, 'MANDE SIMON', 'M', 'BU/UP/2019/3001', 2019, 'DAY', '+256786467458', 'mandesimon1996@gmail.com', 'FSE', 'CER', 'HBA', 1, 0, '256786467458', '_na.jpg', 1, 0, '2020-05-08 19:14:43'),
	(594, 1900402962, 'NANGILA SARAH', 'F', 'BU/UP/2019/2962', 2019, 'DAY', '+256785634940', 'nangilasarah19@gmail.com', 'FSE', 'CER', 'HBA', 1, 0, '256785634940', '_na.jpg', 1, 0, '2020-05-08 19:14:43'),
	(595, 1900401364, 'WAMEMA JOEL', 'M', 'BU/UP/2019/1364', 2019, 'DAY', '+256777029081', 'wamemajoel1999@gmail.com', 'FSE', 'CER', 'HBA', 1, 0, '256777029081', '_na.jpg', 1, 0, '2020-05-08 19:14:43'),
	(596, 1900402976, 'AHUMUZA MARTHA NYAKATO', 'F', 'BU/UP/2019/2976', 2019, 'DAY', '+256785172182', 'ahumuzamartha09@gmail.com', 'FSE', 'CER', 'HBC', 1, 0, '256785172182', '_na.jpg', 1, 0, '2020-05-08 19:14:43'),
	(597, 1900403464, 'AKENA ANDREW', 'M', 'BU/UP/2019/3464', 2019, 'DAY', '+256779020268', 'andrewakena1@gmail.com', 'FSE', 'CER', 'HBC', 1, 0, '256779020268', '_na.jpg', 1, 0, '2020-05-08 19:14:43'),
	(598, 1900402995, 'ALIGA PETER', 'M', 'BU/UP/2019/2995', 2019, 'DAY', '+256779237368', 'peteraliga97@mail.com', 'FSE', 'CER', 'HBC', 1, 0, '256779237368', '_na.jpg', 1, 0, '2020-05-08 19:14:43'),
	(599, 1900403522, 'ANKUNDA RONNET', 'F', 'BU/UP/2019/3522', 2019, 'DAY', '+256785594845', 'ankundaronnet@gmail.com', 'FSE', 'CER', 'HBC', 1, 0, '256785594845', '_na.jpg', 1, 0, '2020-05-08 19:14:43'),
	(600, 1900403025, 'ATUHEIRE ELINAH', 'F', 'BU/UP/2019/3025', 2019, 'DAY', '+256786545911', 'elinahatuheire@gmail.com', 'FSE', 'CER', 'HBC', 1, 0, '256786545911', '_na.jpg', 1, 0, '2020-05-08 19:14:43'),
	(601, 1900403026, 'AYEBARE GLORY', 'F', 'BU/UP/2019/3026', 2019, 'DAY', '+256783673843', 'ayebareglory4@gmail', 'FSE', 'CER', 'HBC', 1, 0, '256783673843', '_na.jpg', 1, 0, '2020-05-08 19:14:43'),
	(602, 1900402965, 'AYEBAZIBWE DOREEN', 'F', 'BU/UP/2019/2965', 2019, 'DAY', '+256773999445', 'ayebazibwedoreen22@gmail.com', 'FSE', 'CER', 'HBC', 1, 0, '256773999445', '_na.jpg', 1, 0, '2020-05-08 19:14:43'),
	(603, 1900403440, 'BAKUTAME BESWERI', 'M', 'BU/UP/2019/3440', 2019, 'DAY', '+256781296067', 'bakutamebesweri@gmail.com', 'FSE', 'CER', 'HBC', 1, 0, '256781296067', '_na.jpg', 1, 0, '2020-05-08 19:14:43'),
	(604, 1900402986, 'BALUKU ABRAHAM', 'M', 'BU/UP/2019/2986', 2019, 'DAY', '+256771963607', 'baluku224@gmail.com', 'FSE', 'CER', 'HBC', 1, 0, '256771963607', '_na.jpg', 1, 0, '2020-05-08 19:14:43'),
	(605, 1900402967, 'BUSOBOZI PAUL', 'M', 'BU/UP/2019/2967', 2019, 'DAY', '+256776670046', 'paulbusobozi16@gmail.com', 'FSE', 'CER', 'HBC', 1, 0, '256776670046', '_na.jpg', 1, 0, '2020-05-08 19:14:43'),
	(606, 1900402985, 'BYONANEBYE ISAAC', 'M', 'BU/UP/2019/2985', 2019, 'DAY', '+256784689460', 'ibyonanebye3@gmail.com', 'FSE', 'CER', 'HBC', 1, 0, '256784689460', '_na.jpg', 1, 0, '2020-05-08 19:14:43'),
	(607, 1900402994, 'CHANDIGA MILTON', 'M', 'BU/UP/2019/2994', 2019, 'DAY', '+256774426257', 'chandigamilton@gmail.com', 'FSE', 'CER', 'HBC', 1, 0, '256774426257', '_na.jpg', 1, 0, '2020-05-08 19:14:44'),
	(608, 1900403441, 'CHELANGAT DORCUS', 'F', 'BU/UP/2019/3441', 2019, 'DAY', '+256780770197', 'chelangatdorcus01@gmail.com', 'FSE', 'CER', 'HBC', 1, 0, '256780770197', '_na.jpg', 1, 0, '2020-05-08 19:14:44'),
	(609, 1900402959, 'IBANDA IBRAHIM', 'M', 'BU/UP/2019/2959', 2019, 'DAY', '+256773886628', 'ibrahimibanda38@gmail.com', 'FSE', 'CER', 'HBC', 1, 0, '256773886628', '_na.jpg', 1, 0, '2020-05-08 19:14:44'),
	(610, 1900402969, 'ICUMAR SIMON PETER', 'M', 'BU/UP/2019/2969', 2019, 'DAY', '+256778400276', 'simonpetericumar@gmail.com', 'FSE', 'CER', 'HBC', 1, 0, '256778400276', '_na.jpg', 1, 0, '2020-05-08 19:14:44'),
	(611, 1900403028, 'IMALINGAT OLIVER', 'F', 'BU/UP/2019/3028', 2019, 'DAY', '+256771884352', 'oliverimalingat@gmail.com', 'FSE', 'CER', 'HBC', 1, 0, '256771884352', '_na.jpg', 1, 0, '2020-05-08 19:14:44'),
	(612, 1900402992, 'KABASEMEZA ZAINABU', 'F', 'BU/UP/2019/2992', 2019, 'DAY', '+256786371036', 'zynabqassim256@gmail.com', 'FSE', 'CER', 'HBC', 1, 0, '256786371036', '_na.jpg', 1, 0, '2020-05-08 19:14:44'),
	(613, 1900402974, 'KANSIIME DAMALIE', 'F', 'BU/UP/2019/2974', 2019, 'DAY', '+256702285052', 'damaliekansiime@gmail.com', 'FSE', 'CER', 'HBC', 1, 0, '256702285052', '_na.jpg', 1, 0, '2020-05-08 19:14:44'),
	(614, 1900403458, 'KIJJAMBU NASHIF ADAM', 'M', 'BU/UP/2019/3458', 2019, 'DAY', '+256758615990', 'kijjambunashif@gmail.com', 'FSE', 'CER', 'HBC', 1, 0, '256758615990', '_na.jpg', 1, 0, '2020-05-08 19:14:44'),
	(615, 1900403446, 'KIRABO TERENCE EMMANUEL', 'M', 'BU/UP/2019/3446', 2019, 'DAY', '+256754023903', 'terenkal@yahoo.com', 'FSE', 'CER', 'HBC', 1, 0, '256754023903', '_na.jpg', 1, 0, '2020-05-08 19:14:44'),
	(616, 1900403473, 'LIMO PAUL KIPSONGI', 'M', 'BU/UP/2019/3473', 2019, 'DAY', '+256778487500', 'paullimo496@gmail.com', 'FSE', 'CER', 'HBC', 1, 0, '256778487500', '_na.jpg', 1, 0, '2020-05-08 19:14:44'),
	(617, 1900403006, 'LOKIRU EDMOND LOGWEE', 'M', 'BU/UP/2019/3006', 2019, 'DAY', '+256785329386', 'lokiruedmond@gmail.com', 'FSE', 'CER', 'HBC', 1, 0, '256785329386', '_na.jpg', 1, 0, '2020-05-08 19:14:44'),
	(618, 1900403016, 'LOMARYANG JOHN MARK', 'M', 'BU/UP/2019/3016', 2019, 'DAY', '+256787633132', 'lomaryangjohnmark@gmail.com', 'FSE', 'CER', 'HBC', 1, 0, '256787633132', '_na.jpg', 1, 0, '2020-05-08 19:14:44'),
	(619, 1900403460, 'LOTYANG FREDRICK', 'M', 'BU/UP/2019/3460', 2019, 'DAY', '+256780895588', 'fredricklotyang@gmail.com', 'FSE', 'CER', 'HBC', 1, 0, '256780895588', '_na.jpg', 1, 0, '2020-05-08 19:14:44'),
	(620, 1900403004, 'MANYIRA EDWARD', 'M', 'BU/UP/2019/3004', 2019, 'DAY', '+256782320569', 'edwardmanyira@gmail.com', 'FSE', 'CER', 'HBC', 1, 0, '256782320569', '_na.jpg', 1, 0, '2020-05-08 19:14:44'),
	(621, 1900402973, 'MASEREKA ABDUL', 'M', 'BU/UP/2019/2973', 2019, 'DAY', '+256784822038', 'abdulmasereka343@gmail.com', 'FSE', 'CER', 'HBC', 1, 0, '256784822038', '_na.jpg', 1, 0, '2020-05-08 19:14:44'),
	(622, 1900402972, 'MUGABE VENEX  MBABULIMA', 'M', 'BU/UP/2019/2972', 2019, 'DAY', '+256771634744', 'venexmugabe@gmail.com', 'FSE', 'CER', 'HBC', 1, 0, '256771634744', '_na.jpg', 1, 0, '2020-05-08 19:14:44'),
	(623, 1900403018, 'MULAGO BRIAN', 'M', 'BU/UP/2019/3018', 2019, 'DAY', '+256778630968', 'mulagobrian@gmail.com', 'FSE', 'CER', 'HBC', 1, 0, '256778630968', '_na.jpg', 1, 0, '2020-05-08 19:14:44'),
	(624, 1900403520, 'NAKAYIMA OLIVIA', 'F', 'BU/UP/2019/3520', 2019, 'DAY', '+256782861739', 'oliviacollins739@gmail.com', 'FSE', 'CER', 'HBC', 1, 0, '256782861739', '_na.jpg', 1, 0, '2020-05-08 19:14:44'),
	(625, 1900402961, 'NAMUKWENDA SYLIVIA', 'F', 'BU/UP/2019/2961', 2019, 'DAY', '+256786244643', 'namukwendasylivia@gmail.com', 'FSE', 'CER', 'HBC', 1, 0, '256786244643', '_na.jpg', 1, 0, '2020-05-08 19:14:44'),
	(626, 1900403019, 'NAMWEMBE KASUBO MIRIA', 'F', 'BU/UP/2019/3019', 2019, 'DAY', '+256784930409', 'namwembemiria@gmail.com', 'FSE', 'CER', 'HBC', 1, 0, '256784930409', '_na.jpg', 1, 0, '2020-05-08 19:14:44'),
	(627, 1900403523, 'NANDHEGO PERUTH', 'F', 'BU/UP/2019/3523', 2019, 'DAY', '+256777740340', 'nandhegoperuth@gmail.com', 'FSE', 'CER', 'HBC', 1, 0, '256777740340', '_na.jpg', 1, 0, '2020-05-08 19:14:44'),
	(628, 1900403003, 'NANTAMBI SUWEMA', 'F', 'BU/UP/2019/3003', 2019, 'DAY', '+256708609252', 'suwemareus@gmail.com', 'FSE', 'CER', 'HBC', 1, 0, '256708609252', '_na.jpg', 1, 0, '2020-05-08 19:14:44'),
	(629, 1900402978, 'NANYONJO AGNES GLORIA', 'F', 'BU/UP/2019/2978', 2019, 'DAY', '+256759300006', 'agnesgloria6@gmail.com', 'FSE', 'CER', 'HBC', 1, 0, '256759300006', '_na.jpg', 1, 0, '2020-05-08 19:14:44'),
	(630, 1900403008, 'NATUKUNDA BRIDGET', 'F', 'BU/UP/2019/3008', 2019, 'DAY', '+256783545591', 'bridgetnatukunda7@gmail.com', 'FSE', 'CER', 'HBC', 1, 0, '256783545591', '_na.jpg', 1, 0, '2020-05-08 19:14:44'),
	(631, 1900403021, 'OJOK ISAAC', 'M', 'BU/UP/2019/3021', 2019, 'DAY', '+256777720106', 'isaacojok20@gmail.com', 'FSE', 'CER', 'HBC', 1, 0, '256777720106', '_na.jpg', 1, 0, '2020-05-08 19:14:44'),
	(632, 1900403024, 'OKETCHO FRANCIS', 'M', 'BU/UP/2019/3024', 2019, 'DAY', '+256775362989', 'okechofrancis1@gmail.com', 'FSE', 'CER', 'HBC', 1, 0, '256775362989', '_na.jpg', 1, 0, '2020-05-08 19:14:45'),
	(633, 1900402980, 'ONYANGO NESTOR ISODRE', 'M', 'BU/UP/2019/2980', 2019, 'DAY', '+256751880901', 'onestorwendo@gmail.com', 'FSE', 'CER', 'HBC', 1, 0, '256751880901', '_na.jpg', 1, 0, '2020-05-08 19:14:45'),
	(634, 1900402970, 'OTIM DANIEL COMBONI', 'M', 'BU/UP/2019/2970', 2019, 'DAY', '+256779693232', 'otimdanielcomboni@gmail.com', 'FSE', 'CER', 'HBC', 1, 0, '256779693232', '_na.jpg', 1, 0, '2020-05-08 19:14:45'),
	(635, 1900401778, 'OTIM GODFREY', 'M', 'BU/UP/2019/1778', 2019, 'DAY', '+256778155907', 'Godfreyotimtimg@gmail.com', 'FSE', 'CER', 'HBC', 1, 0, '256778155907', '_na.jpg', 1, 0, '2020-05-08 19:14:45'),
	(636, 1900402990, 'OWOR PETER OPIO', 'M', 'BU/UP/2019/2990', 2019, 'DAY', '+256780544007', 'peteropio1997@gmail.com', 'FSE', 'CER', 'HBC', 1, 0, '256780544007', '_na.jpg', 1, 0, '2020-05-08 19:14:45'),
	(637, 1900403012, 'TIZOOMU IVAN', 'M', 'BU/UP/2019/3012', 2019, 'DAY', '+256777947237', 'tizoomuivan@gmail.com', 'FSE', 'CER', 'HBC', 1, 0, '256777947237', '_na.jpg', 1, 0, '2020-05-08 19:14:45'),
	(638, 1900402989, 'WAMANI LAWRENCE', 'M', 'BU/UP/2019/2989', 2019, 'DAY', '+256784213589', 'lawrencewaman@gmail.com', 'FSE', 'CER', 'HBC', 1, 0, '256784213589', '_na.jpg', 1, 0, '2020-05-08 19:14:45'),
	(639, 1900402999, 'AKELLO VICKY FAITH', 'F', 'BU/UP/2019/2999', 2019, 'DAY', '+256771911060', 'akellovicky@gmail.com', 'FSE', 'CER', 'HEL', 1, 0, '256771911060', '_na.jpg', 1, 0, '2020-05-08 19:14:45'),
	(640, 1900403011, 'AKIDI MARIAM ZUBEDA', 'F', 'BU/UP/2019/3011', 2019, 'DAY', '+256789543292', 'akidimariamzubeda@gmail.com', 'FSE', 'CER', 'HEL', 1, 0, '256789543292', '_na.jpg', 1, 0, '2020-05-08 19:14:45'),
	(641, 1900403465, 'AMASEKU FRED', 'M', 'BU/UP/2019/3465', 2019, 'DAY', '+256777183432', 'alfredamaseku@gmail.com', 'FSE', 'CER', 'HEL', 1, 0, '256777183432', '_na.jpg', 1, 0, '2020-05-08 19:14:45'),
	(642, 1900402977, 'LEAH BERNADETTE', 'F', 'BU/UP/2019/2977', 2019, 'DAY', '+256779503960', 'bernadetteleah10@gmail.com', 'FSE', 'CER', 'HEL', 1, 0, '256779503960', '_na.jpg', 1, 0, '2020-05-08 19:14:45'),
	(643, 1900401412, 'MASEREKA EDISON', 'M', 'BU/UP/2019/1412', 2019, 'DAY', '+256789536012', 'maserekaedison15@gmail.com', 'FSE', 'CER', 'HEL', 1, 0, '256789536012', '_na.jpg', 1, 0, '2020-05-08 19:14:45'),
	(644, 1900403022, 'MUGABI DAVID', 'M', 'BU/UP/2019/3022', 2019, 'DAY', '+256756412103', 'mugabidavid201@gmail.com', 'FSE', 'CER', 'HEL', 1, 0, '256756412103', '_na.jpg', 1, 0, '2020-05-08 19:14:45'),
	(645, 1900403002, 'NABUZALE SAFINAH', 'F', 'BU/UP/2019/3002', 2019, 'DAY', '+256757247847', 'nabuzalesafinah01@gmail.com', 'FSE', 'CER', 'HEL', 1, 0, '256757247847', '_na.jpg', 1, 0, '2020-05-08 19:14:45'),
	(646, 1900403005, 'NAMOE AMALIA', 'F', 'BU/UP/2019/3005', 2019, 'DAY', '+256784617558', 'namoeamalia07@gmail.com', 'FSE', 'CER', 'HEL', 1, 0, '256784617558', '_na.jpg', 1, 0, '2020-05-08 19:14:45'),
	(647, 1900402987, 'NARIKA JULIE MIRIAM', 'F', 'BU/UP/2019/2987', 2019, 'DAY', '+256780593378', 'narikajuliemiriam@gmail.com', 'FSE', 'CER', 'HEL', 1, 0, '256780593378', '_na.jpg', 1, 0, '2020-05-08 19:14:45'),
	(648, 1900403010, 'TABU FRANCIS', 'M', 'BU/UP/2019/3010', 2019, 'DAY', '+256780165385', 'francistabu123@gmail.com', 'FSE', 'CER', 'HEL', 1, 0, '256780165385', '_na.jpg', 1, 0, '2020-05-08 19:14:45'),
	(649, 1900402993, 'AKELLO JOAN', 'F', 'BU/UP/2019/2993', 2019, 'DAY', '+256782364412', 'Akellojoan19@gmail.com', 'FSE', 'CER', 'HMC', 1, 0, '256782364412', '_na.jpg', 1, 0, '2020-05-08 19:14:45'),
	(650, 1900403000, 'ADUNGO PATRICK', 'M', 'BU/UP/2019/3000', 2019, 'DAY', '+256779365202', 'patrickadungo1054@gmail.com', 'FSE', 'CER', 'HPM', 1, 0, '256779365202', '_na.jpg', 1, 0, '2020-05-08 19:14:45'),
	(651, 1900402991, 'AHEBWA CLINGTON', 'M', 'BU/UP/2019/2991', 2019, 'DAY', '+256787895244', 'clingtonahebwa@gmail.com', 'FSE', 'CER', 'HPM', 1, 0, '256787895244', '_na.jpg', 1, 0, '2020-05-08 19:14:45'),
	(652, 1900402981, 'ATUGONZA BRIAN', 'M', 'BU/UP/2019/2981', 2019, 'DAY', '+256786078996', 'brianatugonza2019@gmail.com', 'FSE', 'CER', 'HPM', 1, 0, '256786078996', '_na.jpg', 1, 0, '2020-05-08 19:14:45'),
	(653, 1900403027, 'AYEKO LYDIA SCOVIA', 'F', 'BU/UP/2019/3027', 2019, 'DAY', '+256786670299', 'samokilydia1997@gmail.com', 'FSE', 'CER', 'HPM', 1, 0, '256786670299', '_na.jpg', 1, 0, '2020-05-08 19:14:45'),
	(654, 1900403521, 'BAAYA SONIA DOROTHY', 'F', 'BU/UP/2019/3521', 2019, 'DAY', '+256783866262', 'baayasoniadorothy@gmail.com', 'FSE', 'CER', 'HPM', 1, 0, '256783866262', '_na.jpg', 1, 0, '2020-05-08 19:14:45'),
	(655, 1900403455, 'CHEGEM JOHN MARIE VIANE', 'M', 'BU/UP/2019/3455', 2019, 'DAY', '+256776368460', 'marievianechegem@gmail.com', 'FSE', 'CER', 'HPM', 1, 0, '256776368460', '_na.jpg', 1, 0, '2020-05-08 19:14:45'),
	(656, 1900402966, 'KABONEKA JULLIAN', 'F', 'BU/UP/2019/2966', 2019, 'DAY', '+256785701464', 'julliankaboneka2019@gmail.com', 'FSE', 'CER', 'HPM', 1, 0, '256785701464', '_na.jpg', 1, 0, '2020-05-08 19:14:45'),
	(657, 1900403524, 'KALENDE MERCY', 'F', 'BU/UP/2019/3524', 2019, 'DAY', '+256774541566', 'kalenmercie@gmail.com', 'FSE', 'CER', 'HPM', 1, 0, '256774541566', '_na.jpg', 1, 0, '2020-05-08 19:14:45'),
	(658, 1900402984, 'KAMUHANDA BENON', 'M', 'BU/UP/2019/2984', 2019, 'DAY', '+256774861829', 'kamuhandabenon1@gmail.com', 'FSE', 'CER', 'HPM', 1, 0, '256774861829', '_na.jpg', 1, 0, '2020-05-08 19:14:45'),
	(659, 1900401634, 'KYAMPEIRE KORETAH', 'F', 'BU/UP/2019/1634', 2019, 'DAY', '+256782968256', 'kyampeirekoretah@gmail.com', 'FSE', 'CER', 'HPM', 1, 0, '256782968256', '_na.jpg', 1, 0, '2020-05-08 19:14:46'),
	(660, 1900403474, 'MULUNGI DANIEL', 'M', 'BU/UP/2019/3474', 2019, 'DAY', '+256756275815', 'sman2876@gmail.com', 'FSE', 'CER', 'HPM', 1, 0, '256756275815', '_na.jpg', 1, 0, '2020-05-08 19:14:46'),
	(661, 1900402983, 'MUSINGUZI PEDISON', 'M', 'BU/UP/2019/2983', 2019, 'DAY', '+256773849595', 'pedisonmusinguzi@gmail.com', 'FSE', 'CER', 'HPM', 1, 0, '256773849595', '_na.jpg', 1, 0, '2020-05-08 19:14:46'),
	(662, 1900403023, 'OKELLO SIMON PETER', 'M', 'BU/UP/2019/3023', 2019, 'DAY', '+256786297580', 'simoncisco1998@gmail.com', 'FSE', 'CER', 'HPM', 1, 0, '256786297580', '_na.jpg', 1, 0, '2020-05-08 19:14:46'),
	(663, 1900403328, 'ATYAYI NOELINE PROSSY', 'F', 'BU/GS19/EDM/1', 2019, 'DAY', '+256772432846', 'pnoeline7@gmail.com', 'FSE', 'MST', 'EDM', 1, 0, '256772432846', '_na.jpg', 1, 0, '2020-05-08 19:14:46'),
	(664, 1900403329, 'GAMOIZA ABDU', 'M', 'BU/GS19/EDM/2', 2019, 'DAY', '+256776290002', 'gamoizaabdul@gmail.com', 'FSE', 'MST', 'EDM', 1, 0, '256776290002', '_na.jpg', 1, 0, '2020-05-08 19:14:46'),
	(665, 1900403335, 'OLUMBE ISAAC MUSIKHE', 'M', 'BU/GS19/EDM/8', 2019, 'DAY', '+256752569346', 'omusikhe@gmail.com', 'FSE', 'MST', 'EDM', 1, 0, '256752569346', '_na.jpg', 1, 0, '2020-05-08 19:14:46'),
	(666, 1900403528, 'OSUBAN RICHARD', 'M', 'BU/GS19/EDM/10', 2019, 'DAY', '+256772568779', 'osubanr@gmail.com', 'FSE', 'MST', 'EDM', 1, 0, '256772568779', '_na.jpg', 1, 0, '2020-05-08 19:14:46'),
	(667, 1900403336, 'ORIAKA SAMUEL', 'M', 'BU/GS19/EDM/9', 2019, 'DAY', '+256777252210', 'samaoka2015@gmail.com', 'FSE', 'MST', 'EDM', 1, 0, '256777252210', '_na.jpg', 1, 0, '2020-05-08 19:14:46'),
	(668, 1800404182, 'AWOR JOSEPHINE', 'F', 'BU/GS18/EDM/11', 2018, 'DAY', '+256774935446', 'josephineawor2017@gmail.com', 'FSE', 'MST', 'EDM', 1, 0, '256774935446', '_na.jpg', 1, 0, '2020-05-08 19:14:46'),
	(669, 1800403933, 'MASANJA EMMANUEL', 'M', 'BU/GS18/EDM/2', 2018, 'DAY', '+256751374264', 'masanjaemma51@gmail.com', 'FSE', 'MST', 'EDM', 1, 0, '256751374264', '_na.jpg', 1, 0, '2020-05-08 19:14:46'),
	(670, 1800403948, 'NABITULA AGNES', 'F', 'BU/GS18/EDM/3', 2018, 'DAY', '+256783862636', 'nabitulaagnes@gmail.com', 'FSE', 'MST', 'EDM', 1, 0, '256783862636', '_na.jpg', 1, 0, '2020-05-08 19:14:46'),
	(671, 1800403963, 'ODOI MARK OBOTH', 'M', 'BU/GS18/EDM/6', 2018, 'DAY', '+256780228225', 'mark.odoi86@gmail.com', 'FSE', 'MST', 'EDM', 1, 0, '256780228225', '_na.jpg', 1, 0, '2020-05-08 19:14:46'),
	(672, 1800403985, 'WANDERA JOSEPH', 'M', 'BU/GS18/EDM/7', 2018, 'DAY', '+256782068574', 'wanderajoseph.oj@gmail.com', 'FSE', 'MST', 'EDM', 1, 0, '256782068574', '_na.jpg', 1, 0, '2020-05-08 19:14:46'),
	(673, 1800403987, 'WANJE MOSES', 'M', 'BU/GS18/EDM/8', 2018, 'DAY', '+256782842974', 'moseswanje14@gmail.com', 'FSE', 'MST', 'EDM', 1, 0, '256782842974', '_na.jpg', 1, 0, '2020-05-08 19:14:46'),
	(674, 1800403988, 'WEKOYE CORNEL', 'M', 'BU/GS18/EDM/9', 2018, 'DAY', '+256781926413', 'wekoyecornel@gmail.com', 'FSE', 'MST', 'EDM', 1, 0, '256781926413', '_na.jpg', 1, 0, '2020-05-08 19:14:46'),
	(675, 1900403378, 'EBELAIT JOSEPH', 'M', 'BU/GS19/MIM/1', 2019, 'DAY', '+256776318880', 'ebelaitjo@gmail.com', 'FSE', 'MST', 'EDM', 1, 0, '256776318880', '_na.jpg', 1, 0, '2020-05-08 19:14:46'),
	(676, 1900403497, 'NABASIRYE SUSAN', 'F', 'BU/GS19/MIM/6', 2019, 'DAY', '+256782905890', 'nabasiyesusanaz@gmail.com', 'FSE', 'MST', 'EDM', 1, 0, '256782905890', '_na.jpg', 1, 0, '2020-05-08 19:14:46'),
	(677, 1900403380, 'OKOLIMONG JOHN STEPHEN', 'M', 'BU/GS19/MIM/3', 2019, 'DAY', '+256772882292', 'okolimongjohnstephen@gmail.com', 'FSE', 'MST', 'EDM', 1, 0, '256772882292', '_na.jpg', 1, 0, '2020-05-08 19:14:46'),
	(678, 1900403382, 'WAMBI ALI WATEYA', 'M', 'BU/GS19/MIM/5', 2019, 'DAY', '+256784757654', 'aliwambi@gmail.com', 'FSE', 'MST', 'EDM', 1, 0, '256784757654', '_na.jpg', 1, 0, '2020-05-08 19:14:46'),
	(679, 1800403947, 'NABENDE AYUB', 'M', 'BU/GS18/MIM/2', 2018, 'DAY', '+256774602459', 'nabendeayub@gmail.com', 'FSE', 'MST', 'EDM', 1, 0, '256774602459', '_na.jpg', 1, 0, '2020-05-08 19:14:46'),
	(680, 1800404269, 'OPENDI PATRICK', 'M', 'BU/GS18/MIM/6', 2018, 'DAY', '+256757655903', 'opendinigino@gmail.com', 'FSE', 'MST', 'EDM', 1, 0, '256757655903', '_na.jpg', 1, 0, '2020-05-08 19:14:46'),
	(681, 1800403981, 'TULIRINYA JOHN', 'M', 'BU/GS18/MIM/5', 2018, 'DAY', '+256784848168', 'tulirinyajohn@gmail.com', 'FSE', 'MST', 'EDM', 1, 0, '256784848168', '_na.jpg', 1, 0, '2020-05-08 19:14:46'),
	(682, 1900403431, 'BABIREKERE HELLEN', 'F', 'BU/GS19/MSP/2', 2019, 'DAY', '+256771446959', 'babirekere192@gmail.com', 'FSE', 'MST', 'EDM', 1, 0, '256771446959', '_na.jpg', 1, 0, '2020-05-08 19:14:46'),
	(683, 1900403432, 'MBAYO PETER', 'M', 'BU/GS19/MSP/3', 2019, 'DAY', '+256702528152', 'mbayo.pjt@gmail.com', 'FSE', 'MST', 'EDM', 1, 0, '256702528152', 'img1900403432__.png', 1, 0, '2020-05-08 19:14:46'),
	(684, 1900403491, 'MURAMI JOHN BOSCO', 'M', 'BU/GS19/MSP/5', 2019, 'DAY', '+256783125234', 'muramij@yahoo.com', 'FSE', 'MST', 'EDM', 1, 0, '256783125234', 'img1900403491__.jpg', 1, 0, '2020-05-08 19:14:46'),
	(685, 1700402015, 'ATINO DORIS EGGO', 'F', 'BU/GS17/MSP/1', 2017, 'DAY', '+256754115380', 'atino.doris@gmail.com', 'FSE', 'MST', 'EDM', 1, 0, '256754115380', '_na.jpg', 1, 0, '2020-05-08 19:14:47'),
	(686, 1900401728, 'AKWARE BETTY', 'F', 'BU/UP/2019/1728', 2019, 'DAY', '256772164866', 'Akwarebetty@gmail.comm', 'FMS', 'DEG', 'BBA', 1, 0, '256772164866', '_na.jpg', 1, 0, '2020-07-25 22:13:56'),
	(687, 1900401160, 'ALOYO DENISE', 'F', 'BU/UP/2019/1160', 2019, 'DAY', '256780444702', 'aloyodenise@gmail.com', 'FMS', 'DEG', 'BBA', 1, 0, '256780444702', '_na.jpg', 1, 0, '2020-07-25 22:13:56'),
	(688, 1900401134, 'ASAURU LEAH JUSTINE', 'F', 'BU/UP/2019/1134', 2019, 'DAY', '256757331543', 'JUSTINELEAHASAURU@GMAIL.COM', 'FMS', 'DEG', 'BBA', 1, 0, '256757331543', '_na.jpg', 1, 0, '2020-07-25 22:13:56'),
	(689, 1900401159, 'BAGANZI JOSHUA', 'M', 'BU/UP/2019/1159', 2019, 'DAY', '256755037636', 'baganzijoshua00@gmail.com', 'FMS', 'DEG', 'BBA', 1, 0, '256755037636', '_na.jpg', 1, 0, '2020-07-25 22:13:56'),
	(690, 1900401147, 'EGESSA BRAITON', 'M', 'BU/UP/2019/1147', 2019, 'DAY', '256784072676', 'EgessaBraiton2@gmail.com', 'FMS', 'DEG', 'BBA', 1, 0, '256784072676', '_na.jpg', 1, 0, '2020-07-25 22:13:56'),
	(691, 1900401152, 'HAMALA HENRY', 'M', 'BU/UP/2019/1152', 2019, 'DAY', '256778561125', 'hamalarosemary1998@gmail.com', 'FMS', 'DEG', 'BBA', 1, 0, '256778561125', '_na.jpg', 1, 0, '2020-07-25 22:13:56'),
	(692, 1900401168, 'KABONA KENETH', 'M', 'BU/UP/2019/1168', 2019, 'DAY', '256789919087', 'keneth10@gmail.com', 'FMS', 'DEG', 'BBA', 1, 0, '256789919087', '_na.jpg', 1, 0, '2020-07-25 22:13:56'),
	(693, 1900401140, 'KANTONO SARAH', 'F', 'BU/UP/2019/1140', 2019, 'DAY', '256752830506', 'kantonosarah1998@gmail.com', 'FMS', 'DEG', 'BBA', 1, 0, '256752830506', '_na.jpg', 1, 0, '2020-07-25 22:13:56'),
	(694, 1900401139, 'KIGENYI RASHID', 'M', 'BU/UP/2019/1139', 2019, 'DAY', '256705398269', 'rashidsoweto@gmail.com', 'FMS', 'DEG', 'BBA', 1, 0, '256705398269', '_na.jpg', 1, 0, '2020-07-25 22:13:56'),
	(695, 1900403049, 'KISAKYE RHODAH', 'F', 'BU/UP/2019/3049', 2019, 'DAY', '256705133961', 'kisakyerhodah3@gmail.com', 'FMS', 'DEG', 'BBA', 1, 0, '256705133961', '_na.jpg', 1, 0, '2020-07-25 22:13:56'),
	(696, 1900401149, 'MALINZI AFANI', 'M', 'BU/UP/2019/1149', 2019, 'DAY', '256775539078', 'malinzi19afani@gmail.com', 'FMS', 'DEG', 'BBA', 1, 0, '256775539078', '_na.jpg', 1, 0, '2020-07-25 22:13:56'),
	(697, 1900401153, 'MUZAALE GERALD', 'M', 'BU/UP/2019/1153', 2019, 'DAY', '256776598023', 'muzaalegerald@gmail.com', 'FMS', 'DEG', 'BBA', 1, 0, '256776598023', '_na.jpg', 1, 0, '2020-07-25 22:13:56'),
	(698, 1900401145, 'NAMARA DEVIS', 'M', 'BU/UP/2019/1145', 2019, 'DAY', '256772727589', 'devonam2019@gmail.com', 'FMS', 'DEG', 'BBA', 1, 0, '256772727589', '_na.jpg', 1, 0, '2020-07-25 22:13:56'),
	(699, 1900401143, 'NAMUTEGO ANDREW', 'M', 'BU/UP/2019/1143', 2019, 'DAY', '256780783161', 'andrewaennamutego19@gmai..com', 'FMS', 'DEG', 'BBA', 1, 0, '256780783161', '_na.jpg', 1, 0, '2020-07-25 22:13:56'),
	(700, 1900403068, 'NANGOBI SHAKIRA', 'F', 'BU/UP/2019/3068', 2019, 'DAY', '256705888103', 'nangobishakira5@gmail.com', 'FMS', 'DEG', 'BBA', 1, 0, '256705888103', '_na.jpg', 1, 0, '2020-07-25 22:13:56'),
	(701, 1900403476, 'NANYONJO JOAN', 'F', 'BU/UP/2019/3476', 2019, 'DAY', '256751082897', 'nanyonjojoan19@mail.com', 'FMS', 'DEG', 'BBA', 1, 0, '256751082897', '_na.jpg', 1, 0, '2020-07-25 22:13:56'),
	(702, 1900401157, 'OBONIP IBRAHIM', 'M', 'BU/UP/2019/1157', 2019, 'DAY', '256778264839', 'obonipeibrahim@gmail.com', 'FMS', 'DEG', 'BBA', 1, 0, '256778264839', '_na.jpg', 1, 0, '2020-07-25 22:13:56'),
	(703, 1900401165, 'OBUNUN NOAH', 'M', 'BU/UP/2019/1165', 2019, 'DAY', '256704211067', 'NOAHOBUNUN01@GMAIL.COM', 'FMS', 'DEG', 'BBA', 1, 0, '256704211067', '_na.jpg', 1, 0, '2020-07-25 22:13:56'),
	(704, 1900401154, 'OLUPOT JAMES', 'M', 'BU/UP/2019/1154', 2019, 'DAY', '256783125040', 'olupotj12@gmail.com', 'FMS', 'DEG', 'BBA', 1, 0, '256783125040', '_na.jpg', 1, 0, '2020-07-25 22:13:56'),
	(705, 1900401158, 'OLUPOT MOSES', 'M', 'BU/UP/2019/1158', 2019, 'DAY', '256788655706', 'olupotmoses1997@gmail.com', 'FMS', 'DEG', 'BBA', 1, 0, '256788655706', '_na.jpg', 1, 0, '2020-07-25 22:13:56'),
	(706, 1900401138, 'OWORI REUBEN ODOI', 'M', 'BU/UP/2019/1138', 2019, 'DAY', '256786649669', 'reubenodoi98@gmail.com', 'FMS', 'DEG', 'BBA', 1, 0, '256786649669', '_na.jpg', 1, 0, '2020-07-25 22:13:56'),
	(707, 1900401148, 'PALA TOLOFAINA PHIONA', 'F', 'BU/UP/2019/1148', 2019, 'DAY', '256773673374', 'phionapala@gmail.com', 'FMS', 'DEG', 'BBA', 1, 0, '256773673374', '_na.jpg', 1, 0, '2020-07-25 22:13:56'),
	(708, 1900401162, 'SHAMIMU SHARON', 'F', 'BU/UP/2019/1162', 2019, 'DAY', '256778420877', 'shamimusharonkhainza@gmail.com', 'FMS', 'DEG', 'BBA', 1, 0, '256778420877', '_na.jpg', 1, 0, '2020-07-25 22:13:56'),
	(709, 1900401130, 'WABUDI FARUKU', 'M', 'BU/UP/2019/1130', 2019, 'DAY', '256780908696', 'wabudifaru156@gmail.com', 'FMS', 'DEG', 'BBA', 1, 0, '256780908696', '_na.jpg', 1, 0, '2020-07-25 22:13:56'),
	(710, 1900401151, 'WABWIRE COLLINE', 'M', 'BU/UP/2019/1151', 2019, 'DAY', '256771927955', 'collinewabwire98@gmail.com', 'FMS', 'DEG', 'BBA', 1, 0, '256771927955', '_na.jpg', 1, 0, '2020-07-25 22:13:56'),
	(711, 1900401135, 'WEERE YASIN', 'M', 'BU/UP/2019/1135', 2019, 'DAY', '256750476660', 'premyashblood@gmail.com', 'FMS', 'DEG', 'BBA', 1, 0, '256750476660', '_na.jpg', 1, 0, '2020-07-25 22:13:56'),
	(712, 1800402871, 'AMODIA EMILEY OESE', 'F', 'BU/UP/2018/2871', 2018, 'DAY', '256784094596', 'emileyoese@gmail.com', 'FMS', 'DEG', 'BBA', 2, 0, '256784094596', '_na.jpg', 1, 0, '2020-07-25 22:22:04'),
	(713, 1900403311, 'ASANANSI ANITAH', 'F', 'BU/UP/2019/3311', 2019, 'DAY', '256781601421', 'asanansianitah3@gmail.com', 'FMS', 'DEG', 'BBA', 1, 0, '256781601421', '_na.jpg', 1, 0, '2020-07-25 22:22:04'),
	(714, 1800402874, 'ATYANGA EVERLINE', 'F', 'BU/UP/2018/2874', 2018, 'DAY', '256777290387', 'atyangae@gmail.com', 'FMS', 'DEG', 'BBA', 2, 0, '256777290387', '_na.jpg', 1, 0, '2020-07-25 22:22:04'),
	(715, 1800402876, 'HAMONYE MARIKO', 'M', 'BU/UP/2018/2876', 2018, 'DAY', '256782994752', 'mhamonye2@gmail.com', 'FMS', 'DEG', 'BBA', 2, 0, '256782994752', '_na.jpg', 1, 0, '2020-07-25 22:22:04'),
	(716, 1800402877, 'JAMADA JAMIRU', 'M', 'BU/UP/2018/2877', 2018, 'DAY', '256702297988', 'jamadajamiru@gmail.com', 'FMS', 'DEG', 'BBA', 2, 0, '256702297988', '_na.jpg', 1, 0, '2020-07-25 22:22:04'),
	(717, 1800402879, 'KAWALA ASHANAT', 'F', 'BU/UP/2018/2879', 2018, 'DAY', '256759367916', 'kawalaashanat2018@gmail.com', 'FMS', 'DEG', 'BBA', 2, 0, '256759367916', '_na.jpg', 1, 0, '2020-07-25 22:22:04'),
	(718, 1800402882, 'LOGOSE KEVIN', 'F', 'BU/UP/2018/2882', 2018, 'DAY', '256777279147', 'kevinlogose1997@gmail.com', 'FMS', 'DEG', 'BBA', 2, 0, '256777279147', '_na.jpg', 1, 0, '2020-07-25 22:22:04'),
	(719, 1800402883, 'MADANGU RENNY', 'M', 'BU/UP/2018/2883', 2018, 'DAY', '256701949535', 'mrennysmith@gmail.com', 'FMS', 'DEG', 'BBA', 2, 0, '256701949535', '_na.jpg', 1, 0, '2020-07-25 22:22:04'),
	(720, 1800402887, 'MULEDDE FRED', 'M', 'BU/UP/2018/2887', 2018, 'DAY', '256784893292', 'muleddefred2018@gmail.com', 'FMS', 'DEG', 'BBA', 2, 0, '256784893292', '_na.jpg', 1, 0, '2020-07-25 22:22:04'),
	(721, 1800402889, 'MUSANA JONATHAN', 'M', 'BU/UP/2018/2889', 2018, 'DAY', '256702028546', 'musanajonathan@gmail.com', 'FMS', 'DEG', 'BBA', 2, 0, '256702028546', '_na.jpg', 1, 0, '2020-07-25 22:22:04'),
	(722, 1800404215, 'MUTENDEREZA ALEX', 'M', 'BU/UP/2018/4215', 2018, 'DAY', '256784099080', 'mutenderezaalex2018@gmail.com', 'FMS', 'DEG', 'BBA', 2, 0, '256784099080', '_na.jpg', 1, 0, '2020-07-25 22:22:04'),
	(723, 1900403475, 'NABWAMI PALUMA DINAH', 'F', 'BU/UP/2019/3475', 2019, 'DAY', '256775854747', 'nabwamidinahpalma@gmail.com', 'FMS', 'DEG', 'BBA', 1, 0, '256775854747', '_na.jpg', 1, 0, '2020-07-25 22:22:04'),
	(724, 1800404180, 'NAKIRIA DOREEN', 'F', 'BU/UP/2018/4180', 2018, 'DAY', '256778870063', 'dnakiria1998@gmail.com', 'FMS', 'DEG', 'BBA', 2, 0, '256778870063', '_na.jpg', 1, 0, '2020-07-25 22:22:04'),
	(725, 1800403806, 'NANDERA ANNA', 'F', 'BU/UP/2018/3806', 2018, 'DAY', '256758636803', 'nahabocha@gmail.com', 'FMS', 'DEG', 'BBA', 2, 0, '256758636803', '_na.jpg', 1, 0, '2020-07-25 22:22:04'),
	(726, 1800403812, 'NKERAMIHIGO SHANTARI', 'F', 'BU/UP/2018/3812', 2018, 'DAY', '256701660979', 'shantarinkeramihigo@gmail.com', 'FMS', 'DEG', 'BBA', 2, 0, '256701660979', '_na.jpg', 1, 0, '2020-07-25 22:22:04'),
	(727, 1800402895, 'NTONO FATUMA', 'F', 'BU/UP/2018/2895', 2018, 'DAY', '256752041887', 'ntonofatuma988@gmail.com', 'FMS', 'DEG', 'BBA', 2, 0, '256752041887', '_na.jpg', 1, 0, '2020-07-25 22:22:04'),
	(728, 1900403477, 'OBBO ABRAHAM', 'M', 'BU/UP/2019/3477', 2019, 'DAY', '256788293289', 'obboabraham@gmail.com', 'FMS', 'DEG', 'BBA', 1, 0, '256788293289', '_na.jpg', 1, 0, '2020-07-25 22:22:04'),
	(729, 1800402896, 'OBWONA ISAAC', 'M', 'BU/UP/2018/2896', 2018, 'DAY', '256788643853', 'obwanaisaac@gmail.com', 'FMS', 'DEG', 'BBA', 2, 0, '256788643853', '_na.jpg', 1, 0, '2020-07-25 22:22:04'),
	(730, 1800402897, 'OJIAMBO VICENT AMIRA', 'M', 'BU/UP/2018/2897', 2018, 'DAY', '256781943399', 'ojiambovicentamira@gmail.com', 'FMS', 'DEG', 'BBA', 2, 0, '256781943399', '_na.jpg', 1, 0, '2020-07-25 22:22:04'),
	(731, 1800402898, 'OKIROR ISMAEL', 'M', 'BU/UP/2018/2898', 2018, 'DAY', '256701459385', 'okirorismael@gmail.com', 'FMS', 'DEG', 'BBA', 2, 0, '256701459385', '_na.jpg', 1, 0, '2020-07-25 22:22:04'),
	(732, 1800402900, 'OTHIENO JAMES KASANGO', 'M', 'BU/UP/2018/2900', 2018, 'DAY', '256786412591', 'kasangojames256@gmail.com', 'FMS', 'DEG', 'BBA', 2, 0, '256786412591', '_na.jpg', 1, 0, '2020-07-25 22:22:04'),
	(733, 1900403480, 'OWOR AMOS', 'M', 'BU/UP/2019/3480', 2019, 'DAY', '256759277761', 'amosowor65@gmail.com', 'FMS', 'DEG', 'BBA', 1, 0, '256759277761', '_na.jpg', 1, 0, '2020-07-25 22:22:04'),
	(734, 1900403482, 'SSEMAKULA MUHUSIN', 'M', 'BU/UP/2019/3482', 2019, 'DAY', '256785687797', 'ssemakulamuhusin6@gmail.com', 'FMS', 'DEG', 'BBA', 1, 0, '256785687797', '_na.jpg', 1, 0, '2020-07-25 22:22:04'),
	(735, 1700400217, 'AKULLO DOREEN', 'F', 'BU/UP/2017/315', 2017, 'DAY', '256773086066', 'doreenakullo2017@gmail.com', 'FMS', 'DEG', 'BBA', 2, 0, '256773086066', '_na.jpg', 1, 0, '2020-07-26 23:00:01'),
	(736, 1700400219, 'AUMA SCOVIA JULIET', 'F', 'BU/UP/2017/316', 2017, 'DAY', '256787747830', 'scoviajulie@gmail.com', 'FMS', 'DEG', 'BBA', 2, 0, '256787747830', '_na.jpg', 1, 0, '2020-07-26 23:00:01'),
	(737, 1700400220, 'BICHEKWA RONALD', 'M', 'BU/UP/2017/317', 2017, 'DAY', '256775704290', 'biichekwar56@gmail.com', 'FMS', 'DEG', 'BBA', 2, 0, '256775704290', '_na.jpg', 1, 0, '2020-07-26 23:00:01'),
	(738, 1700401806, 'HYENDA JUMA', 'M', 'BU/UP/2017/1801', 2017, 'DAY', '256754179813', 'Jhyenda@gmail.com', 'FMS', 'DEG', 'BBA', 2, 0, '256754179813', '_na.jpg', 1, 0, '2020-07-26 23:00:01'),
	(739, 1700401717, 'IKILAI CATHERINE', 'F', 'BU/UP/2017/1788', 2017, 'DAY', '256783042664', 'ikilaiespan@gmail.com', 'FMS', 'DEG', 'BBA', 2, 0, '256783042664', '_na.jpg', 1, 0, '2020-07-26 23:00:01'),
	(740, 1700400223, 'KAGEZI BADIRU', 'M', 'BU/UP/2017/320', 2017, 'DAY', '256783401556', 'kagezibadiru@gmail.com', 'FMS', 'DEG', 'BBA', 2, 0, '256783401556', '_na.jpg', 1, 0, '2020-07-26 23:00:01'),
	(741, 1700400226, 'KATOOKO JOAN', 'F', 'BU/UP/2017/323', 2017, 'DAY', '256751302960', 'joankatooko@gmail.com', 'FMS', 'DEG', 'BBA', 2, 0, '256751302960', '_na.jpg', 1, 0, '2020-07-26 23:00:01'),
	(742, 1700400228, 'KIA VICKY SHARON', 'F', 'BU/UP/2017/325', 2017, 'DAY', '256788049449', 'kvickysharon@gmail.com', 'FMS', 'DEG', 'BBA', 2, 0, '256788049449', '_na.jpg', 1, 0, '2020-07-26 23:00:01'),
	(743, 1700400230, 'MANDELA SALIM BULUMA', 'M', 'BU/UP/2017/327', 2017, 'DAY', '256751083260', 'mandelasalimshafen@gmail.com', 'FMS', 'DEG', 'BBA', 2, 0, '256751083260', '_na.jpg', 1, 0, '2020-07-26 23:00:01'),
	(744, 1700400233, 'MIREMBE REBECCA', 'F', 'BU/UP/2017/330', 2017, 'DAY', '256757775094', 'mirembe0757775094@gmail.com', 'FMS', 'DEG', 'BBA', 2, 0, '256757775094', '_na.jpg', 1, 0, '2020-07-26 23:00:01'),
	(745, 1700400234, 'MOLO ROBERT', 'M', 'BU/UP/2017/331', 2017, 'DAY', '256775483870', 'mrobertcarlos1@gmail.com', 'FMS', 'DEG', 'BBA', 2, 0, '256775483870', '_na.jpg', 1, 0, '2020-07-26 23:00:01'),
	(746, 1700400236, 'MUKYALA MOUREEN', 'F', 'BU/UP/2017/333', 2017, 'DAY', '256701030102', 'moureen0701030102@gmail.com', 'FMS', 'DEG', 'BBA', 2, 0, '256701030102', '_na.jpg', 1, 0, '2020-07-26 23:00:01'),
	(747, 1700400235, 'MUGENDAWALA SAMUEL', 'M', 'BU/UP/2017/332', 2017, 'DAY', '256777294747', 'mugendasamuel@gmail.com', 'FMS', 'DEG', 'BBA', 2, 0, '256777294747', '_na.jpg', 1, 0, '2020-07-26 23:00:01'),
	(748, 1700400237, 'MWESIGWA ELIJAH', 'M', 'BU/UP/2017/334', 2017, 'DAY', '256754554505', 'elijahralzy819@gmail.com', 'FMS', 'DEG', 'BBA', 2, 0, '256754554505', '_na.jpg', 1, 0, '2020-07-26 23:00:01'),
	(749, 1700400238, 'NAKISITA MELIDA', 'F', 'BU/UP/2017/335', 2017, 'DAY', '256780286732', 'melidanakisita@gmail.com', 'FMS', 'DEG', 'BBA', 2, 0, '256780286732', '_na.jpg', 1, 0, '2020-07-26 23:00:01'),
	(750, 1700400239, 'NANDEKE FAITH', 'F', 'BU/UP/2017/336', 2017, 'DAY', '256773680932', 'faithnandeke@gmail.com', 'FMS', 'DEG', 'BBA', 2, 0, '256773680932', '_na.jpg', 1, 0, '2020-07-26 23:00:01'),
	(751, 1600401981, 'OCHIENG JOHN STEPHEN', 'M', 'BU/UP/2016/231', 2016, 'DAY', '256703526218', 'ochiengsteven665@gmail.com', 'FMS', 'DEG', 'BBA', 3, 0, '256703526218', '_na.jpg', 1, 0, '2020-07-26 23:00:01'),
	(752, 1700402069, 'OCHWO DAVID', 'M', 'BU/UP/2017/1849', 2017, 'DAY', '256783952249', 'ochwodavid0783952249@gmail.com', 'FMS', 'DEG', 'BBA', 2, 0, '256783952249', '_na.jpg', 1, 0, '2020-07-26 23:00:01'),
	(753, 1700400241, 'OCHWO GASITAFASI', 'M', 'BU/UP/2017/338', 2017, 'DAY', '256780881521', 'gasitafasiochwo@gmail.com', 'FMS', 'DEG', 'BBA', 2, 0, '256780881521', '_na.jpg', 1, 0, '2020-07-26 23:00:01'),
	(754, 1500400254, 'OCWA DAVID', 'M', 'BU/UP/2015/310', 2015, 'DAY', '256701740459', 'papaocwa@gmail.com', 'FMS', 'DEG', 'BBA', 3, 0, '256701740459', '_na.jpg', 1, 0, '2020-07-26 23:00:01'),
	(755, 1700400243, 'OKELLO TIMOTHY', 'M', 'BU/UP/2017/340', 2017, 'DAY', '256759114630', 'okellotimothy2017@gmail.com', 'FMS', 'DEG', 'BBA', 2, 0, '256759114630', '_na.jpg', 1, 0, '2020-07-26 23:00:01'),
	(756, 1700402166, 'OMIJO GIDEON', 'M', 'BU/UP/2017/1952', 2017, 'DAY', '256777716760', 'gideonomijio39@gmail.com', 'FMS', 'DEG', 'BBA', 2, 0, '256777716760', '_na.jpg', 1, 0, '2020-07-26 23:00:01'),
	(757, 1700400245, 'OPESEN JOSEPH', 'M', 'BU/UP/2017/1708', 2017, 'DAY', '256701307911', 'opesenj@gmail.com', 'FMS', 'DEG', 'BBA', 2, 0, '256701307911', '_na.jpg', 1, 0, '2020-07-26 23:00:01'),
	(758, 1700400247, 'TAAKA IRENE PRISCA', 'F', 'BU/UP/2017/343', 2017, 'DAY', '256701783661', 'irenetaakaprisca@gmail.com', 'FMS', 'DEG', 'BBA', 2, 0, '256701783661', '_na.jpg', 1, 0, '2020-07-26 23:00:01'),
	(759, 1700400248, 'WANYAMA KELVIN', 'M', 'BU/UP/2017/344', 2017, 'DAY', '256774024944', 'wanyamakelv@gmail.com', 'FMS', 'DEG', 'BBA', 2, 0, '256774024944', '_na.jpg', 1, 0, '2020-07-26 23:00:01'),
	(760, 1900401186, 'AMENYA MOREEN', 'F', 'BU/UP/2019/1186', 2019, 'WEEKEND', '256789599459', 'amenyamoreen@gmail.com', 'FMS', 'DEG', 'BBA', 1, 0, '256789599459', '_na.jpg', 1, 0, '2020-07-26 23:08:58'),
	(761, 1900403120, 'BUMBA PATRICK', 'M', 'BU/UP/2019/3120', 2019, 'WEEKEND', '256777670771', 'bumbapatrick33@gmail.com', 'FMS', 'DEG', 'BBA', 1, 0, '256777670771', '_na.jpg', 1, 0, '2020-07-26 23:08:58'),
	(762, 1900401178, 'EPAJA SAMUEL', 'M', 'BU/UP/2019/1178', 2019, 'WEEKEND', '256785739525', 'epaja84samuel@gmail.com', 'FMS', 'DEG', 'BBA', 1, 0, '256785739525', '_na.jpg', 1, 0, '2020-07-26 23:08:58'),
	(763, 1900403452, 'KAYENDEKE MATRIDA', 'F', 'BU/UP/2019/3452', 2019, 'WEEKEND', '256771617375', 'kayendekematrida19@gmail.com', 'FMS', 'DEG', 'BBA', 1, 0, '256771617375', '_na.jpg', 1, 0, '2020-07-26 23:08:58'),
	(764, 1900403122, 'NAMAJJA PROSCOVIA', 'F', 'BU/UP/2019/3122', 2019, 'WEEKEND', '256771350001', 'muleddefred@gmail.com', 'FMS', 'DEG', 'BBA', 1, 0, '256771350001', '_na.jpg', 1, 0, '2020-07-26 23:08:58'),
	(765, 1900401176, 'OGEN RWOT DANIEL', 'M', 'BU/UP/2019/1176', 2019, 'WEEKEND', '256775610677', 'danielogenrwot02@gmail.com', 'FMS', 'DEG', 'BBA', 1, 0, '256775610677', '_na.jpg', 1, 0, '2020-07-26 23:08:58'),
	(766, 1900403174, 'ONYOIN WILSON', 'M', 'BU/UP/2019/3174', 2019, 'WEEKEND', '256785105219', 'onyoinwilson@gmail.com', 'FMS', 'DEG', 'BBA', 1, 0, '256785105219', '_na.jpg', 1, 0, '2020-07-26 23:08:58'),
	(767, 1900401184, 'TINO JESCA GRACE', 'F', 'BU/UP/2019/1184', 2019, 'WEEKEND', '256779960855', 'tinojesca20@gmail.com', 'FMS', 'DEG', 'BBA', 1, 0, '256779960855', '_na.jpg', 1, 0, '2020-07-26 23:08:58'),
	(768, 1900403485, 'TWESIGYE EUNICE', 'F', 'BU/UP/2019/3485', 2019, 'WEEKEND', '256772335207', 'eunicetwesigye19@gmail.com', 'FMS', 'DEG', 'BBA', 1, 0, '256772335207', '_na.jpg', 1, 0, '2020-07-26 23:08:58'),
	(769, 1900401187, 'WANYAMA DORICUS', 'F', 'BU/UP/2019/1187', 2019, 'WEEKEND', '256704303451', 'terrywambi31@gmail.com', 'FMS', 'DEG', 'BBA', 1, 0, '256704303451', '_na.jpg', 1, 0, '2020-07-26 23:08:58'),
	(770, 1800403689, 'AGUTI FLAVIA', 'F', 'BU/UP/2018/3689', 2018, 'WEEKEND', '256775417596', 'aguti1flavia@gmail.com', 'FMS', 'DEG', 'BBA', 2, 0, '256775417596', '_na.jpg', 1, 0, '2020-07-26 23:18:40'),
	(771, 1800403703, 'AMAGORO ESTHER MONICA', 'F', 'BU/UP/2018/3703', 2018, 'WEEKEND', '256775256524', 'esthermonixo@gmail.com', 'FMS', 'DEG', 'BBA', 2, 0, '256775256524', '_na.jpg', 1, 0, '2020-07-26 23:18:40'),
	(772, 1900403123, 'AMURON ANGELA', 'F', 'BU/UP/2019/3123', 2019, 'WEEKEND', '256705828453', 'aamuron1990@gmail.com', 'FMS', 'DEG', 'BBA', 1, 0, '256705828453', '_na.jpg', 1, 0, '2020-07-26 23:18:40'),
	(773, 1800404186, 'ASIINAH TWAHA', 'F', 'BU/UP/2018/4186', 2018, 'WEEKEND', '256784958335', 'ibraisa231@gmail.com', 'FMS', 'DEG', 'BBA', 2, 0, '256784958335', '_na.jpg', 1, 0, '2020-07-26 23:18:40'),
	(774, 1800402159, 'ISOOBA ABDUL', 'M', 'BU/UP/2018/2159', 2018, 'WEEKEND', '256775448596', 'abdulisooba@gmail.com', 'FMS', 'DEG', 'BBA', 2, 0, '256775448596', '_na.jpg', 1, 0, '2020-07-26 23:18:40'),
	(775, 1800403748, 'JUMA VINCENT', 'M', 'BU/UP/2018/3748', 2018, 'WEEKEND', '256773907573', 'jumavicent1987@gmail.com', 'FMS', 'DEG', 'BBA', 2, 0, '256773907573', '_na.jpg', 1, 0, '2020-07-26 23:18:40'),
	(776, 1800404156, 'KIRYA NATHAN', 'M', 'BU/UP/2018/4156', 2018, 'WEEKEND', '256702483860', 'kiryanathan256@gmail.com', 'FMS', 'DEG', 'BBA', 2, 0, '256702483860', '_na.jpg', 1, 0, '2020-07-26 23:18:40'),
	(777, 1800404233, 'MUGEDE MESUSERA', 'M', 'BU/UP/2018/4233', 2018, 'WEEKEND', '256703347096', 'mugedem38@gmail.com', 'FMS', 'DEG', 'BBA', 2, 0, '256703347096', '_na.jpg', 1, 0, '2020-07-26 23:18:40'),
	(778, 1800402904, 'MWAULE HENRY', 'M', 'BU/UP/2018/2904', 2018, 'WEEKEND', '256782956884', 'josekatka@gmail.com', 'FMS', 'DEG', 'BBA', 2, 0, '256782956884', '_na.jpg', 1, 0, '2020-07-26 23:18:40'),
	(779, 1700400264, 'OCHEKEDE PETER', 'M', 'BU/UP/2017/358', 2017, 'WEEKEND', '256774886798', 'peterokello5@gmail.com', 'FMS', 'DEG', 'BBA', 3, 0, '256774886798', '_na.jpg', 1, 0, '2020-07-26 23:18:40'),
	(780, 1900403121, 'OKWALINGA GILBERT', 'M', 'BU/UP/2019/3121', 2019, 'WEEKEND', '256393224573', 'gilbertokwalinga@gmail.com', 'FMS', 'DEG', 'BBA', 1, 0, '256393224573', '_na.jpg', 1, 0, '2020-07-26 23:18:40'),
	(781, 1900401179, 'TABU JASPER', 'M', 'BU/UP/2019/1179', 2019, 'WEEKEND', '256772327029', 'jaspermbase@rocketmail.com', 'FMS', 'DEG', 'BBA', 1, 0, '256772327029', '_na.jpg', 1, 0, '2020-07-26 23:18:40'),
	(782, 1700400250, 'ADEMUN MARY CERINE', 'F', 'BU/UP/2017/346', 2017, 'WEEKEND', '256781495867', 'maryademun2017@gmail.com', 'FMS', 'DEG', 'BBA', 3, 0, '256781495867', '_na.jpg', 1, 0, '2020-07-27 18:08:22'),
	(783, 1700400251, 'ADIOLI VERONIKA', 'F', 'BU/UP/2017/347', 2017, 'WEEKEND', '256778041953', 'veronikaadioli@gmail.com', 'FMS', 'DEG', 'BBA', 3, 0, '256778041953', '_na.jpg', 1, 0, '2020-07-27 18:08:22'),
	(784, 1700400252, 'AGUMAR STEVEN', 'M', 'BU/UP/2017/348', 2017, 'WEEKEND', '256779527545', 'stevenagumar24@gmail.com', 'FMS', 'DEG', 'BBA', 3, 0, '256779527545', '_na.jpg', 1, 0, '2020-07-27 18:08:22'),
	(785, 1700400254, 'AMONG RITA', 'F', 'BU/UP/2017/1704', 2017, 'WEEKEND', '256781037314', 'otagetrita@gmail.com', 'FMS', 'DEG', 'BBA', 3, 0, '256781037314', '_na.jpg', 1, 0, '2020-07-27 18:08:22'),
	(786, 1700400255, 'ASENO JESCA', 'F', 'BU/UP/2017/1705', 2017, 'WEEKEND', '256778991692', 'jescaaseno@g', 'FMS', 'DEG', 'BBA', 3, 0, '256778991692', '_na.jpg', 1, 0, '2020-07-27 18:08:22'),
	(787, 1700400259, 'JAAYO JOEL', 'M', 'BU/UP/2017/353', 2017, 'WEEKEND', '256772854325', 'joeljaayo@gmail.com', 'FMS', 'DEG', 'BBA', 3, 0, '256772854325', '_na.jpg', 1, 0, '2020-07-27 18:08:22'),
	(788, 1700400260, 'KADHAYA MARY', 'F', 'BU/UP/2017/354', 2017, 'WEEKEND', '256782514638', 'simbamary31@gmail.com', 'FMS', 'DEG', 'BBA', 3, 0, '256782514638', '_na.jpg', 1, 0, '2020-07-27 18:08:22'),
	(789, 1600401927, 'KANENE JOHN', 'M', 'BU/UP/2016/1836', 2016, 'WEEKEND', '256777953767', 'kanenejohn66@gmail.com', 'FMS', 'DEG', 'BBA', 3, 0, '256777953767', '_na.jpg', 1, 0, '2020-07-27 18:08:22'),
	(790, 1700400261, 'LEGESI NATHAN', 'M', 'BU/UP/2017/355', 2017, 'WEEKEND', '256752122901', 'nathanlegesi@gmail.com', 'FMS', 'DEG', 'BBA', 3, 0, '256752122901', '_na.jpg', 1, 0, '2020-07-27 18:08:22'),
	(791, 1700400262, 'MAGINO SAMUEL', 'M', 'BU/UP/2017/356', 2017, 'WEEKEND', '256779234123', 'samsmagino@gmail.com', 'FMS', 'DEG', 'BBA', 3, 0, '256779234123', '_na.jpg', 1, 0, '2020-07-27 18:08:22'),
	(792, 1700402115, 'MWANIKA BEATRICE', 'F', 'BU/UP/2017/1943', 2017, 'WEEKEND', '256777601263', 'mwanikabeatrice1@gmail.com', 'FMS', 'DEG', 'BBA', 3, 0, '256777601263', '_na.jpg', 1, 0, '2020-07-27 18:08:22'),
	(793, 1700400267, 'OSAKO GILBERT', 'M', 'BU/UP/2017/361', 2017, 'WEEKEND', '256778540038', 'osakogilbert.og@gmail.com', 'FMS', 'DEG', 'BBA', 3, 0, '256778540038', '_na.jpg', 1, 0, '2020-07-27 18:08:22'),
	(794, 1700401719, 'OULE GEORGE OMODING', 'M', 'BU/UP/2017/1785', 2017, 'WEEKEND', '256788184093', 'ouleomoding@gmail.com', 'FMS', 'DEG', 'BBA', 3, 0, '256788184093', '_na.jpg', 1, 0, '2020-07-27 18:08:22'),
	(795, 1900402331, 'ACHANDERE PATRICK', 'M', 'BU/UG/2019/2331', 2019, 'DAY', '256776557529', 'patrickachandere@gmail.com', 'FMS', 'DEG', 'BTT', 1, 0, '256776557529', '_na.jpg', 1, 0, '2020-07-27 18:15:24'),
	(796, 1900401173, 'AKUMU ROSEMARY', 'F', 'BU/UP/2019/1173', 2019, 'DAY', '256773285923', 'akumurosemary56@gmail.com', 'FMS', 'DEG', 'BTT', 1, 0, '256773285923', '_na.jpg', 1, 0, '2020-07-27 18:15:24'),
	(797, 1900403326, 'AMANYA BARON', 'M', 'BU/UG/2019/3326', 2019, 'DAY', '256705109373', 'Amanyabaron.com', 'FMS', 'DEG', 'BTT', 1, 0, '256705109373', '_na.jpg', 1, 0, '2020-07-27 18:15:24'),
	(798, 1900401289, 'ANVIKO LILIAN', 'F', 'BU/UP/2019/1289', 2019, 'DAY', '256706938800', 'LILIXRWINNAH', 'FMS', 'DEG', 'BTT', 1, 0, '256706938800', '_na.jpg', 1, 0, '2020-07-27 18:15:24'),
	(799, 1900400023, 'APOLOT PRISHILLA', 'F', 'BU/UG/2019/0023', 2019, 'DAY', '256787942633', 'prishillaapolot@gmail.cm', 'FMS', 'DEG', 'BTT', 1, 0, '256787942633', '_na.jpg', 1, 0, '2020-07-27 18:15:24'),
	(800, 1900400028, 'AYO SUSAN', 'F', 'BU/UG/2019/0028', 2019, 'DAY', '256785778019', 'ayosusan19@gmail.com', 'FMS', 'DEG', 'BTT', 1, 0, '256785778019', '_na.jpg', 1, 0, '2020-07-27 18:15:24'),
	(801, 1900400022, 'BISOBORWA GODFREY', 'M', 'BU/UG/2019/0022', 2019, 'DAY', '256789484168', 'bisoborwagodfrey@gmail.com', 'FMS', 'DEG', 'BTT', 1, 0, '256789484168', '_na.jpg', 1, 0, '2020-07-27 18:15:24'),
	(802, 1900402303, 'JUMA STEPHEN', 'M', 'BU/UG/2019/2303', 2019, 'DAY', '256783745631', 'jumastephen2000@gmail.com', 'FMS', 'DEG', 'BTT', 1, 0, '256783745631', '_na.jpg', 1, 0, '2020-07-27 18:15:24'),
	(803, 1900400103, 'NAJJUKO HASIFA', 'F', 'BU/UG/2019/0103', 2019, 'DAY', '256755869828', 'NAJJUKOSHIVAN@GMAIL.COM', 'FMS', 'DEG', 'BTT', 1, 0, '256755869828', '_na.jpg', 1, 0, '2020-07-27 18:15:24'),
	(804, 1900401290, 'NAKIRYA MERCY ALICE', 'F', 'BU/UP/2019/1290', 2019, 'DAY', '256751374868', 'nakiryamercyaaalice@gmail.com', 'FMS', 'DEG', 'BTT', 1, 0, '256751374868', '_na.jpg', 1, 0, '2020-07-27 18:15:24'),
	(805, 1900403071, 'NAMUKOBE MARY', 'F', 'BU/UP/2019/3071', 2019, 'DAY', '256778345701', 'nm778310@gmail.com', 'FMS', 'DEG', 'BTT', 1, 0, '256778345701', '_na.jpg', 1, 0, '2020-07-27 18:15:24'),
	(806, 1900403512, 'NAYEBALE SIRIVIA', 'F', 'BU/UG/2019/3512', 2019, 'DAY', '256784730509', 'nayebalesirivia@gmail.com', 'FMS', 'DEG', 'BTT', 1, 0, '256784730509', '_na.jpg', 1, 0, '2020-07-27 18:15:24'),
	(807, 1900401287, 'NYAKU FLAVIA', 'F', 'BU/UP/2019/1287', 2019, 'DAY', '256782355031', 'flavianyaku@gmail.com', 'FMS', 'DEG', 'BTT', 1, 0, '256782355031', '_na.jpg', 1, 0, '2020-07-27 18:15:24'),
	(808, 1900401281, 'OTYANG JACOB', 'M', 'BU/UP/2019/1281', 2019, 'DAY', '256787590154', 'jacobotyang19@gmail.com', 'FMS', 'DEG', 'BTT', 1, 0, '256787590154', '_na.jpg', 1, 0, '2020-07-27 18:15:24'),
	(809, 1900400024, 'WANOK RAYMOND', 'M', 'BU/UG/2019/0024', 2019, 'DAY', '256776225388', 'wanokraymond@gmail.com', 'FMS', 'DEG', 'BTT', 1, 0, '256776225388', '_na.jpg', 1, 0, '2020-07-27 18:15:24'),
	(810, 1900400102, 'WASWA ALEX', 'M', 'BU/UG/2019/0102', 2019, 'DAY', '256774162782', 'waswalex@gmail.com', 'FMS', 'DEG', 'BTT', 1, 0, '256774162782', '_na.jpg', 1, 0, '2020-07-27 18:15:24'),
	(811, 1900401286, 'WEERE MARTHA', 'F', 'BU/UP/2019/1286', 2019, 'DAY', '256708412343', 'weeremartha@gmail.com', 'FMS', 'DEG', 'BTT', 1, 0, '256708412343', '_na.jpg', 1, 0, '2020-07-27 18:15:24'),
	(812, 1900400027, 'ZALWANGO ZAINABU', 'F', 'BU/UG/2019/0027', 2019, 'DAY', '256702920668', 'ZALWANGOZAINAB@GMAIL.COM', 'FMS', 'DEG', 'BTT', 1, 0, '256702920668', '_na.jpg', 1, 0, '2020-07-27 18:15:24'),
	(813, 1800401859, 'ADONGO GORRET', 'F', 'BU/UG/2018/1859', 2018, 'DAY', '256759861886', 'adongogorreti76@gmail.com', 'FMS', 'DEG', 'BTT', 2, 0, '256759861886', '_na.jpg', 1, 0, '2020-07-27 18:23:50'),
	(814, 1800403052, 'AKIA SUZAN', 'F', 'BU/UP/2018/3052', 2018, 'DAY', '256756993779', 'okwalingasuzie@gmail.com', 'FMS', 'DEG', 'BTT', 2, 0, '256756993779', '_na.jpg', 1, 0, '2020-07-27 18:23:50'),
	(815, 1800404084, 'APIO SANDRA', 'F', 'BU/UP/2018/4084', 2018, 'DAY', '256779231495', 'apiosandra@gmail.com', 'FMS', 'DEG', 'BTT', 2, 0, '256779231495', '_na.jpg', 1, 0, '2020-07-27 18:23:50'),
	(816, 1800403054, 'MAKOHA JACKSON MORIS', 'M', 'BU/UP/2018/3054', 2018, 'DAY', '256787883524', 'makohajacksonmoris@gmail.com', 'FMS', 'DEG', 'BTT', 2, 0, '256787883524', '_na.jpg', 1, 0, '2020-07-27 18:23:50'),
	(817, 1800404176, 'MUHAIRE KEREN HAPPUCH', 'F', 'BU/UP/2018/4176', 2018, 'DAY', '256787750506', 'qerenhappuchk@gmail.com', 'FMS', 'DEG', 'BTT', 2, 0, '256787750506', '_na.jpg', 1, 0, '2020-07-27 18:23:50'),
	(818, 1800402378, 'NAMATOVU MADAH EVERINE', 'F', 'BU/UG/2018/2378', 2018, 'DAY', '256704692288', 'madrineveryne17@gmail.com', 'FMS', 'DEG', 'BTT', 2, 0, '256704692288', '_na.jpg', 1, 0, '2020-07-27 18:23:50'),
	(819, 1800403058, 'NYAYUKI CHRISTINE', 'F', 'BU/UP/2018/3058', 2018, 'DAY', '256700179039', 'nyaychristine@gmail.co', 'FMS', 'DEG', 'BTT', 2, 0, '256700179039', '_na.jpg', 1, 0, '2020-07-27 18:23:50'),
	(820, 1800402490, 'OKADAPAUO EMMANUEL AUGSTI', 'M', 'BU/UG/2018/2490', 2018, 'DAY', '256705528901', 'okadpauoemma', 'FMS', 'DEG', 'BTT', 2, 0, '256705528901', '_na.jpg', 1, 0, '2020-07-27 18:23:50'),
	(821, 1800402600, 'ORINGO JONAH', 'M', 'BU/UG/2018/2600', 2018, 'DAY', '256773758760', 'jonahoringo@gmail.com', 'FMS', 'DEG', 'BTT', 2, 0, '256773758760', '_na.jpg', 1, 0, '2020-07-27 18:23:50'),
	(822, 1800402614, 'OTHIENO JACKSON', 'M', 'BU/UG/2018/2614', 2018, 'DAY', '256706303821', 'othienojackson@gmail.com', 'FMS', 'DEG', 'BTT', 2, 0, '256706303821', '_na.jpg', 1, 0, '2020-07-27 18:23:50'),
	(823, 1800403059, 'OYURU BRAYAN', 'M', 'BU/UP/2018/3059', 2018, 'DAY', '256783736778', 'oyurubrayan@gmail.com', 'FMS', 'DEG', 'BTT', 2, 0, '256783736778', '_na.jpg', 1, 0, '2020-07-27 18:23:50'),
	(824, 1800402679, 'TUFEYO LOBSON', 'M', 'BU/UG/2018/2679', 2018, 'DAY', '256773610252', 'tufeyolobson@gmail.com', 'FMS', 'DEG', 'BTT', 2, 0, '256773610252', '_na.jpg', 1, 0, '2020-07-27 18:23:50'),
	(825, 1800403897, 'WANYAMA PRISCILLAR', 'F', 'BU/UP/2018/3897', 2018, 'DAY', '256706164561', 'priscillarw1998', 'FMS', 'DEG', 'BTT', 2, 0, '256706164561', '_na.jpg', 1, 0, '2020-07-27 18:23:50'),
	(826, 1900401337, 'DUUKO ALLAN', 'F', 'BU/UP/2019/1337', 2019, 'DAY', '256786755787', 'alladuuko@gmail.com', 'FMS', 'DIP', 'DBA', 1, 0, '256786755787', '_na.jpg', 1, 0, '2020-07-27 18:29:37'),
	(827, 1900403179, 'KOOWA ADAM', 'M', 'BU/UP/2019/3179', 2019, 'DAY', '256783920319', 'koowadam2019@gmail.com', 'FMS', 'DIP', 'DBA', 1, 0, '256783920319', '_na.jpg', 1, 0, '2020-07-27 18:29:37'),
	(828, 1900401340, 'MUKAGA BRIAN', 'M', 'BU/UP/2019/1340', 2019, 'DAY', '256784216722', 'brianmukaga@gmail.com', 'FMS', 'DIP', 'DBA', 1, 0, '256784216722', '_na.jpg', 1, 0, '2020-07-27 18:29:37'),
	(829, 1900401345, 'NGERYA SCOVIA', 'F', 'BU/UP/2019/1345', 2019, 'DAY', '256706260602', 'ngeryascov2@gmail.com', 'FMS', 'DIP', 'DBA', 1, 0, '256706260602', '_na.jpg', 1, 0, '2020-07-27 18:29:37'),
	(830, 1900403086, 'OMAL WYCLIFE', 'M', 'BU/UP/2019/3086', 2019, 'DAY', '256786336223', 'omalwyclife.blackstyle@gmail.com', 'FMS', 'DIP', 'DBA', 1, 0, '256786336223', '_na.jpg', 1, 0, '2020-07-27 18:29:37'),
	(831, 1900401338, 'TAAKA STELLa', 'F', 'BU/UP/2019/1338', 2019, 'DAY', '256750841885', 'TAAKASTELLA25@GMAAIL.COM', 'FMS', 'DIP', 'DBA', 1, 0, '256750841885', '_na.jpg', 1, 0, '2020-07-27 18:29:37'),
	(832, 1800403149, 'MAINA TIMOTHY OMODING', 'M', 'BU/UP/2018/3149', 2018, 'DAY', '256706698680', 'mainatimothyomoding@gmail.com', 'FMS', 'DIP', 'DBA', 2, 0, '256706698680', '_na.jpg', 1, 0, '2020-07-27 18:36:58'),
	(833, 1800403150, 'MUSOKE MAITHAM MPATENDA', 'M', 'BU/UP/2018/3150', 2018, 'DAY', '256705095358', 'mmaitham2016@gmail.com', 'FMS', 'DIP', 'DBA', 2, 0, '256705095358', '_na.jpg', 1, 0, '2020-07-27 18:36:58'),
	(834, 1800402903, 'MUWANGUZI MESACH', 'M', 'BU/UP/2018/2903', 2018, 'DAY', '256701463216', 'mesamuwanguzi@gmail.com', 'FMS', 'DIP', 'DBA', 2, 0, '256701463216', '_na.jpg', 1, 0, '2020-07-27 18:36:58'),
	(835, 1800403152, 'NABAASA ANTHONY BLAIR', 'M', 'BU/UP/2018/3152', 2018, 'DAY', '256755775695', 'summy1blair@gmail.com', 'FMS', 'DIP', 'DBA', 2, 0, '256755775695', '_na.jpg', 1, 0, '2020-07-27 18:36:58'),
	(836, 1700402219, 'OTUKOL CLEMENT', 'M', 'BU/UP/2017/1990', 2017, 'DAY', '256785657229', 'otukolclement@gmail.com', 'FMS', 'DIP', 'DBA', 3, 0, '256785657229', '_na.jpg', 1, 0, '2020-07-27 18:36:58'),
	(837, 1800403157, 'OUNDO SIMON', 'M', 'BU/UP/2018/3157', 2018, 'DAY', '256782825796', 'soundo397@gmail.com', 'FMS', 'DIP', 'DBA', 2, 0, '256782825796', '_na.jpg', 1, 0, '2020-07-27 18:36:58'),
	(838, 1800403158, 'TAKALI NANDALA  JUDITH', 'F', 'BU/UP/2018/3158', 2018, 'DAY', '256702239320', 'takalinandalajudith@gmail.com', 'FMS', 'DIP', 'DBA', 2, 0, '256702239320', '_na.jpg', 1, 0, '2020-07-27 18:36:58'),
	(839, 1800403895, 'TIBYONZA RECHEAL', 'F', 'BU/UP/2018/3895', 2018, 'DAY', '256757838269', 'rechealkelly2@gmail.com', 'FMS', 'DIP', 'DBA', 2, 0, '256757838269', '_na.jpg', 1, 0, '2020-07-27 18:36:58'),
	(840, 1900401396, 'NAKATO MARY JOVIA', 'F', 'BU/UP/2019/1396', 2019, 'DAY', '256751226920', 'nakatomaryjovia@gmail.com', 'FMS', 'DIP', 'DRI', 1, 0, '256751226920', '_na.jpg', 1, 0, '2020-07-27 18:44:04'),
	(841, 1900401397, 'OMODING HANNINGTON', 'M', 'BU/UP/2019/1397', 2019, 'DAY', '256774085996', 'omodinghannington1@gmail.com', 'FMS', 'DIP', 'DRI', 1, 0, '256774085996', '_na.jpg', 1, 0, '2020-07-27 18:44:04');

-- Dumping structure for table quad.3b_student_leaders
CREATE TABLE IF NOT EXISTS `3b_student_leaders` (
  `lid` int(11) NOT NULL AUTO_INCREMENT,
  `studentID` int(11) NOT NULL,
  `periodID` int(11) NOT NULL,
  `roleID` int(11) NOT NULL,
  PRIMARY KEY (`lid`),
  UNIQUE KEY `studentID` (`studentID`),
  KEY `periodID` (`periodID`),
  KEY `roleID` (`roleID`)
) ENGINE=InnoDB AUTO_INCREMENT=5 DEFAULT CHARSET=utf8 COMMENT='Guild Members';

-- Dumping data for table quad.3b_student_leaders: ~2 rows (approximately)
INSERT INTO `3b_student_leaders` (`lid`, `studentID`, `periodID`, `roleID`) VALUES
	(2, 1800402209, 1, 7),
	(4, 1800402313, 1, 100);

-- Dumping structure for table quad.3c_role
CREATE TABLE IF NOT EXISTS `3c_role` (
  `roleID` int(11) NOT NULL AUTO_INCREMENT,
  `roleName` varchar(100) NOT NULL,
  PRIMARY KEY (`roleID`)
) ENGINE=InnoDB AUTO_INCREMENT=102 DEFAULT CHARSET=utf8;

-- Dumping data for table quad.3c_role: ~13 rows (approximately)
INSERT INTO `3c_role` (`roleID`, `roleName`) VALUES
	(1, 'Guild President'),
	(2, 'Vice Guild President'),
	(3, 'Securitry General'),
	(4, 'Minister For Accdemic Affairs'),
	(5, 'Minister Of Finance,Innovation and Entrepreneurship'),
	(6, 'Minister For Justice and Constitutional Affairs'),
	(7, 'Minister For Transport, Publicity And Welfare'),
	(8, 'Games Union Chairperson'),
	(9, 'Representative(SADC)'),
	(10, 'Resident Campus Commissioner'),
	(11, 'Deputy Resident Campus Commissioner'),
	(100, 'Course Coordinator'),
	(101, 'Guild Media Specialist');

-- Dumping structure for table quad.3d_appeal
CREATE TABLE IF NOT EXISTS `3d_appeal` (
  `appealID` int(11) NOT NULL AUTO_INCREMENT,
  `studentID` int(11) NOT NULL,
  `audience` varchar(15) NOT NULL,
  `description` varchar(255) NOT NULL,
  `photo` varchar(100) NOT NULL,
  `date` timestamp NOT NULL DEFAULT CURRENT_TIMESTAMP,
  PRIMARY KEY (`appealID`),
  KEY `studentID` (`studentID`)
) ENGINE=InnoDB DEFAULT CHARSET=utf8;

-- Dumping data for table quad.3d_appeal: ~0 rows (approximately)

-- Dumping structure for table quad.3e_remarks
CREATE TABLE IF NOT EXISTS `3e_remarks` (
  `remarksID` int(11) NOT NULL AUTO_INCREMENT,
  `appealID` int(11) NOT NULL,
  `remarks` varchar(255) NOT NULL,
  `studentID` int(11) DEFAULT '0',
  PRIMARY KEY (`remarksID`),
  KEY `appealID` (`appealID`),
  KEY `studentID` (`studentID`)
) ENGINE=InnoDB DEFAULT CHARSET=utf8;

-- Dumping data for table quad.3e_remarks: ~0 rows (approximately)

-- Dumping structure for table quad.5a_category
CREATE TABLE IF NOT EXISTS `5a_category` (
  `cat_id` int(11) NOT NULL AUTO_INCREMENT,
  `cat_name` varchar(45) COLLATE utf8mb4_unicode_ci NOT NULL,
  `roles_allowed` varchar(100) COLLATE utf8mb4_unicode_ci NOT NULL,
  PRIMARY KEY (`cat_id`)
) ENGINE=InnoDB AUTO_INCREMENT=6 DEFAULT CHARSET=utf8mb4 COLLATE=utf8mb4_unicode_ci;

-- Dumping data for table quad.5a_category: ~5 rows (approximately)
INSERT INTO `5a_category` (`cat_id`, `cat_name`, `roles_allowed`) VALUES
	(1, 'Teaching Assesment', 'DEV,STD'),
	(2, 'Library & Services', 'DEV,SYST,SYSN,STD,LEC'),
	(3, 'Administration & Mgt', 'DEV,SYST,SYSN,STD,LEC'),
	(4, 'Council', 'DEV,COC'),
	(5, 'Senate', 'DEV,SEN');

-- Dumping structure for table quad.5b_survey
CREATE TABLE IF NOT EXISTS `5b_survey` (
  `su_id` int(11) NOT NULL AUTO_INCREMENT,
  `su_name` varchar(100) COLLATE utf8mb4_unicode_ci NOT NULL,
  `su_cat` int(11) NOT NULL,
  `su_desc` varchar(250) COLLATE utf8mb4_unicode_ci NOT NULL,
  `requires` varchar(10) COLLATE utf8mb4_unicode_ci NOT NULL,
  `u_id` smallint(6) NOT NULL,
  `enabled` int(1) NOT NULL DEFAULT '1',
  PRIMARY KEY (`su_id`)
) ENGINE=InnoDB AUTO_INCREMENT=14 DEFAULT CHARSET=utf8mb4 COLLATE=utf8mb4_unicode_ci;

-- Dumping data for table quad.5b_survey: ~7 rows (approximately)
INSERT INTO `5b_survey` (`su_id`, `su_name`, `su_cat`, `su_desc`, `requires`, `u_id`, `enabled`) VALUES
	(1, 'Teaching Process by students', 1, 'The objective of this form is to evaluate this course and the way it is being taught in order to refine and improve its teaching. ', 'courseID', 3, 1),
	(3, 'Assesment of Student Affairs', 1, 'Aimed at assessing the teaching and learning process2', '', 3, 1),
	(4, 'Assesment of Library Services', 2, 'This survey will be used to assess library services against set criteria. The quality of the different aspects is assessed on a scale of 1-5. The scores have the following meaning:', '', 3, 1),
	(5, 'Self Evaluation Senate', 5, 'The survey is used to assess the performance of the Busitema University Senate by its members. The quality of the different aspects is assessed on a scale 1-5. The scores have the following meaning:', '', 3, 1),
	(6, 'Assessment of University Council', 4, 'This survey is used to assess the performance of the Busitema University Council by its members. The quality of different aspects is assessed on scale of 1-5. The scores have the following meaning', '', 3, 1),
	(7, 'Assessment of university central administration', 3, 'This survey is used to assess the performance of the University Central Administration function by Management staff. The quality of the different aspects is assessed on scale of 1-5. The scores have the following:', '', 3, 1),
	(13, 'Graduate Exit Survey', 4, 'This survey intends to get feed', '', 3, 1);

-- Dumping structure for table quad.5c_block
CREATE TABLE IF NOT EXISTS `5c_block` (
  `block_id` int(11) NOT NULL AUTO_INCREMENT,
  `block_name` varchar(100) COLLATE utf8mb4_unicode_ci NOT NULL,
  `su_id` int(11) NOT NULL,
  PRIMARY KEY (`block_id`),
  KEY `su_id` (`su_id`)
) ENGINE=InnoDB AUTO_INCREMENT=54 DEFAULT CHARSET=utf8mb4 COLLATE=utf8mb4_unicode_ci;

-- Dumping data for table quad.5c_block: ~48 rows (approximately)
INSERT INTO `5c_block` (`block_id`, `block_name`, `su_id`) VALUES
	(1, 'Part A: The Course', 1),
	(2, 'Part B: The Course Facilitator', 1),
	(3, 'Part C: The Teaching Process', 1),
	(4, 'Part D: Teaching &Learning Environment', 1),
	(5, 'Part E: Other Comments', 1),
	(6, 'AUTONOMY', 5),
	(7, 'OPENNESS AND LUSIVENESS', 5),
	(8, 'ACADEMIC FUNCTIONS OF THE UNIVERSITY', 5),
	(9, 'OPERATIONS', 5),
	(10, 'CONDUCT OF SENATE MEETINGS', 5),
	(11, 'PERIODIC REVIEWS AND REPORTING', 5),
	(12, 'THE LIBRARY AS A PLACE OF STUDY,REFLECTION AND CREATIVITY', 4),
	(13, 'RELIABILITY OF SERVICES', 4),
	(14, 'RESPONSIVENESS AND TIMELINESS', 4),
	(15, 'REASSURANCE', 4),
	(16, 'EMPATHY', 4),
	(17, 'E-RESOURSES', 4),
	(18, 'GOVERNANCE', 7),
	(19, 'STRATEGIC PLANNING AND IMPLEMENTATION', 7),
	(20, 'RESPONDING TO NEEDS OF KEY STAKEHOLDERS', 7),
	(21, 'STAFFING', 7),
	(22, 'PROVISION OF SERVICES', 7),
	(23, 'BUDGETING', 7),
	(24, 'ACADEMIC EXCELLENCE', 7),
	(25, 'QUALITY ASSURANCE', 7),
	(26, 'FINANCIAL AND ADMINISTRATIVE MANAGEMENT', 7),
	(27, 'INVESTMENT', 7),
	(28, 'HUMAN RESOURCE MANAGEMENT', 7),
	(29, 'INFRASTRUCTURE DEVELOPMENT AND MAINTENANCE', 7),
	(30, 'DEBT MANAGEMENT', 7),
	(31, 'LEADERSHIP', 6),
	(32, 'STRUCTURE AND RELATIONSHIPS', 6),
	(33, 'TRANSPARENCY  AND ACCOUNTABILITY', 6),
	(34, 'COMPLIANCE', 6),
	(35, 'PERFORMANCE', 6),
	(36, 'MEETINGS AND COMMUNICATIONS', 6),
	(38, 'GOVERNANCE', 3),
	(39, 'MAINTENANCE OF CAMPUS GROUNDS', 3),
	(40, 'CHAPLAINCY', 3),
	(41, 'COUNSELLING SERVICES', 3),
	(42, 'DISABILITY SERVICES', 3),
	(43, 'INTERNATIONAL STUDENT SERVICES', 3),
	(44, 'ORIENTATION OF NEW STUDENTS', 3),
	(45, 'SPORTS AND RECREATION', 3),
	(46, 'STUDENT DISCIPLINE', 3),
	(47, 'STUDENT ACCOMMODATION AND RESIDENTIAL LIFE', 3),
	(48, 'STUDENT FEEDBACK', 3),
	(53, 'Teaching and learning', 13);

-- Dumping structure for table quad.5d_thread
CREATE TABLE IF NOT EXISTS `5d_thread` (
  `thread_id` int(11) NOT NULL AUTO_INCREMENT,
  `thread_name` varchar(250) COLLATE utf8mb4_unicode_ci NOT NULL,
  `thread_type` varchar(10) COLLATE utf8mb4_unicode_ci NOT NULL DEFAULT 'rating',
  `thread_options` varchar(250) COLLATE utf8mb4_unicode_ci NOT NULL,
  `options_value_order` varchar(8) COLLATE utf8mb4_unicode_ci NOT NULL DEFAULT 'normal',
  `su_id` int(11) NOT NULL,
  `block_id` int(11) NOT NULL,
  PRIMARY KEY (`thread_id`),
  KEY `block_id` (`block_id`)
) ENGINE=InnoDB AUTO_INCREMENT=388 DEFAULT CHARSET=utf8mb4 COLLATE=utf8mb4_unicode_ci;

-- Dumping data for table quad.5d_thread: ~376 rows (approximately)
INSERT INTO `5d_thread` (`thread_id`, `thread_name`, `thread_type`, `thread_options`, `options_value_order`, `su_id`, `block_id`) VALUES
	(1, 'Had positive impact on my learning', 'rating', '', 'normal', 1, 1),
	(2, 'Was pertinent to my major field of study', 'rating', '', 'normal', 1, 1),
	(3, 'Challenged and engaged my attention', 'rating', '', 'normal', 1, 1),
	(4, 'Had positive impact to my professional practice', 'rating', '', 'normal', 1, 1),
	(5, 'Provided significant insights and is relavant to my career prospects', 'rating', '', 'normal', 1, 1),
	(6, 'Improved my research skills and encouraged me to read widely', 'rating', '', 'normal', 1, 1),
	(7, 'Contents seemed too difficult to assimilate', 'rating', '', 'reversed', 1, 1),
	(8, 'Contents  were appropriate in length and stimulated my thinking', 'rating', '', 'normal', 1, 1),
	(9, 'Time was appropriate for the delivery of the content', 'rating', '', 'normal', 1, 1),
	(10, 'Improved my knowledge and understanding', 'rating', '', 'normal', 1, 1),
	(11, 'Requires restructuring and revision', 'rating', '', 'reversed', 1, 1),
	(12, 'Entails an outline with specific goals  and objectives', 'rating', '', 'normal', 1, 1),
	(13, 'Gave the course outline to students at the start ', 'rating', '', 'normal', 1, 2),
	(14, 'Gave clear course description and objectives at the start', 'rating', '', 'normal', 1, 2),
	(15, 'Explained the mode of Evaluation (course evaluation) ', 'rating', '', 'normal', 1, 2),
	(16, 'Recommended up to date Reference or selected readings ', 'rating', '', 'normal', 1, 2),
	(17, 'Availed the time tables  and schedules for the course', 'rating', '', 'normal', 1, 2),
	(18, 'Would review the previous lecture and blend it with the current topic', 'rating', '', 'normal', 1, 2),
	(19, 'Had a cardinal and professional relation with the students', 'rating', '', 'normal', 1, 2),
	(20, 'Was knowledgeable and resourceful  on the subject matter', 'rating', '', 'normal', 1, 2),
	(21, 'Presented the lectures as scheduled and kept time', 'rating', '', 'normal', 1, 2),
	(22, 'Presented the subject matter logically with  clear explanations', 'rating', '', 'normal', 1, 2),
	(23, 'Was decent in dress and language during the teaching process', 'rating', '', 'normal', 1, 2),
	(24, 'Provided timely feedback on students? assessments & work', 'rating', '', 'normal', 1, 2),
	(25, 'Was sensitive to individual differences & encouraged personal opinions', 'rating', '', 'normal', 1, 2),
	(26, 'Provided  opportunities for student participation and involvement including discussions', 'rating', '', 'normal', 1, 2),
	(27, 'Was Audible and an effective communicator', 'rating', '', 'normal', 1, 2),
	(28, 'Guided and counselled the students on academic problems', 'rating', '', 'normal', 1, 2),
	(29, 'Completed the syllabus as scheduled', 'rating', '', 'normal', 1, 2),
	(30, 'The course was taught using a variety of teaching  methods and aids including ICT, tutorials etc.', 'rating', '', 'normal', 1, 3),
	(31, 'Students were taught and assessed through variety of tools, e.g. practicals, tests, course work etc.', 'rating', '', 'normal', 1, 3),
	(32, 'Assessment was in line with the course objectives', 'rating', '', 'normal', 1, 3),
	(33, 'Continuous Assessment was time bound', 'rating', '', 'normal', 1, 3),
	(34, 'Student attendance and progress was monitored and positive guidance given', 'rating', '', 'normal', 1, 3),
	(35, 'Student records (continuous assessment , attendance etc.) handled with care', 'rating', '', 'normal', 1, 3),
	(36, 'Personal study was encouraged (given tasks and problems to solve)', 'rating', '', 'normal', 1, 3),
	(37, 'Adequate Lighting', 'rating', '', 'normal', 1, 4),
	(38, 'Adequate Chairs/tables', 'rating', '', 'normal', 1, 4),
	(39, 'Adequate Chairs/tables', 'rating', '', 'normal', 1, 4),
	(40, 'Ample Space', 'rating', '', 'normal', 1, 4),
	(41, 'Adequate Laboratory/workshop materials with student numbers', 'rating', '', 'normal', 1, 4),
	(42, 'What were your best aspects of the course?  ', 'answer', '', 'normal', 1, 5),
	(43, 'What were the most challenging aspects of the course? ', 'answer', '', 'normal', 1, 5),
	(44, 'Give any additional information that would improve Teaching and learning', 'answer', '', 'normal', 1, 5),
	(45, 'Senate establishes academic policies independently', 'rating', 'na', 'normal', 5, 6),
	(46, 'Senate establishes academic standards independently', 'rating', '', 'normal', 5, 6),
	(47, 'Academic policies are well documented', 'rating', '', 'normal', 5, 6),
	(48, 'Academic quality standards are well documented', 'rating', '', 'normal', 5, 6),
	(49, 'Senate considers on regular basis new academic policies and quality standards', 'rating', '', 'normal', 5, 6),
	(50, 'Senate considers on regular basis amendments of academic policies and quality standards', 'rating', '', 'normal', 5, 6),
	(51, 'Senate membership and attendance embodies equality', 'rating', '', 'normal', 5, 7),
	(52, 'Senate membership and attendance embodies diversity', 'rating', '', 'normal', 5, 7),
	(53, 'Senate membership and attendance embodies inclusiveness of the University community', 'rating', '', 'normal', 5, 7),
	(54, 'Senate membership and attendance embodies inclusion of major stakeholders external to the University', 'rating', '', 'normal', 5, 7),
	(55, 'Senate considers programmes for improving equity, diversity, and inclusiveness', 'rating', '', 'normal', 5, 7),
	(56, 'Senate ,via its committees, members and officers, consults widely before decisions are made or actions taken on matters of Universitywide concern', 'rating', '', 'normal', 5, 7),
	(57, 'Senate makes a serious attempt to reach consensus on issues or set up a mechanism for resolving differences if a consensus cannot be reached', 'rating', '', 'normal', 5, 7),
	(58, 'Academic quality assurance procedures are updated regularly', 'rating', '', 'normal', 5, 8),
	(59, 'Senate regularly considers emerging issues in the higher education sector and their potential implications for the University', 'rating', '', 'normal', 5, 8),
	(60, 'Approving and accrediting courses, programmes and academic units', 'rating', '', 'normal', 5, 9),
	(61, 'Consideration of the quality and development of research', 'rating', '', 'normal', 5, 9),
	(62, 'Preparation of Senate?s annual workplan', 'rating', '', 'normal', 5, 9),
	(63, 'Communication of Senate priorities, practices and resolutions', 'rating', '', 'normal', 5, 9),
	(64, 'Handling of students grievances and disputes', 'rating', '', 'normal', 5, 9),
	(65, 'Regulation and determination of the requirements for the admission of students', 'rating', '', 'normal', 5, 9),
	(67, 'Regulation of all examinations and the standard of proficiency to be attained in such examinations', 'rating', '', 'normal', 5, 9),
	(68, 'Appointed of external examiners', 'rating', '', 'normal', 5, 9),
	(69, 'Award of degrees and distinctions of the University', 'rating', '', 'normal', 5, 9),
	(70, 'Award of scholarships and prizes administered by the University', 'rating', '', 'normal', 5, 9),
	(71, 'Constituting of professorial chairs, readerships and other academic offices', 'rating', '', 'normal', 5, 9),
	(72, 'Confinement of honorary degrees', 'rating', '', 'normal', 5, 9),
	(73, 'Establishment of new academic departments, schools, institutes, bureaux or similar bodies', 'rating', '', 'normal', 5, 9),
	(74, 'Making regular reports to the Council regarding the performance of Senate functions', 'rating', '', 'normal', 5, 9),
	(75, 'Procedures for Senate meetings closely follow the Standing  Orders', 'rating', '', 'normal', 5, 10),
	(76, 'Senate members attend all meetings', 'rating', '', 'normal', 5, 10),
	(77, 'Confidentiality with regard to those matters noted as confidential is upheld', 'rating', '', 'normal', 5, 10),
	(78, 'Timely conduct of business during meetings (start and finish times)', 'rating', '', 'normal', 5, 10),
	(79, 'Members receive the Senate papers with care before meetings', 'rating', '', 'normal', 5, 10),
	(80, 'Members read the Senate papers with care before meetings', 'rating', '', 'normal', 5, 10),
	(81, 'Members participate and contribute actively at meetings', 'rating', '', 'normal', 5, 10),
	(82, 'Senate and its committees conduct self-assessment and review every three years', 'rating', '', 'normal', 5, 11),
	(83, 'Senate reports effectively its decisions and resolutions in an efficient manner to the University community and all other stakeholders', 'rating', '', 'normal', 5, 11),
	(84, 'Convenient opening hours', 'rating', '', 'normal', 4, 12),
	(85, 'A comfortable and inviting location ', 'rating', '', 'normal', 4, 12),
	(86, 'Library has modern equipment', 'rating', '', 'normal', 4, 12),
	(87, 'Visually appealing facilities', 'rating', '', 'normal', 4, 12),
	(88, 'Adequate ICT Facilities', 'rating', '', 'normal', 4, 12),
	(89, 'Space that enables quiet study', 'rating', '', 'normal', 4, 12),
	(90, 'Access to digital collections from a personal computer', 'rating', '', 'normal', 4, 12),
	(91, 'Orientation and training sessions are conducted when needed', 'rating', '', 'normal', 4, 12),
	(92, 'Library staff understand the needs of their users', 'rating', '', 'normal', 4, 12),
	(93, 'A place of reflection', 'rating', '', 'normal', 4, 12),
	(94, 'A place for creativity', 'rating', '', 'normal', 4, 12),
	(95, 'Visually appealing materials (such as pamphlets, statements or signs) associated with each service', 'rating', '', 'normal', 4, 12),
	(96, 'Availability of required information', 'rating', '', 'normal', 4, 13),
	(97, 'Convenient access to library collections', 'rating', '', 'normal', 4, 13),
	(98, 'Staff provide access to library collections', 'rating', '', 'normal', 4, 13),
	(99, 'Staff perform duties accurately', 'rating', '', 'normal', 4, 13),
	(100, 'Timely document delivery', 'rating', '', 'normal', 4, 13),
	(101, 'Staff perform services correctly the first time', 'rating', '', 'normal', 4, 13),
	(102, 'Staff dependability in handling user?s service problems', 'rating', '', 'normal', 4, 13),
	(103, 'Supports lecturers and students in the research process', 'rating', '', 'normal', 4, 13),
	(104, 'Provides instruction to users on how to effectively use specific information sources both printed and electronic', 'rating', '', 'normal', 4, 13),
	(105, 'Prompt service to users', 'rating', '', 'normal', 4, 14),
	(106, 'Fast and reliable internet and search facilities', 'rating', '', 'normal', 4, 14),
	(107, 'Readiness to respond to user?s questions', 'rating', '', 'normal', 4, 14),
	(108, 'Keeping users informed about when services will be performed', 'rating', '', 'normal', 4, 14),
	(109, 'Knowledge of library employees in their specific lines of duty', 'rating', '', 'normal', 4, 15),
	(110, 'Giving users individual attention', 'rating', '', 'normal', 4, 15),
	(111, 'Ability to inspire trust and confidence', 'rating', '', 'normal', 4, 15),
	(112, 'Staff deal with users in a concerned and considerate manner', 'rating', '', 'normal', 4, 16),
	(113, 'Staff are always courteous and polite', 'rating', '', 'normal', 4, 16),
	(114, 'Staff are willing to help customers having difficulties', 'rating', '', 'normal', 4, 16),
	(115, 'Library computers are available to users during working hours', 'rating', '', 'normal', 4, 17),
	(116, 'Library computers can be used to access most of the library?s online resources, indexes and databases and electronic books', 'rating', '', 'normal', 4, 17),
	(117, 'Staff and students can access with both softcopy of library resources such as database, journals, articles, books, magazines in their disciplines.', 'rating', '', 'normal', 4, 17),
	(118, 'The university repository is maintained up-to-date', 'rating', '', 'normal', 4, 17),
	(119, 'Reliable internet access', 'rating', '', 'normal', 4, 17),
	(120, 'The governance structure of the university is clear and adequate', 'rating', '', 'normal', 7, 18),
	(121, 'Central Administration exhibits sound governance, competent and accountable management', 'rating', '', 'normal', 7, 18),
	(122, 'Central Administration ensures that the University has a clear management structure in which the decision-making processes, competencies and responsibilities have been clearly defined.', 'rating', '', 'normal', 7, 18),
	(123, 'There are transported and coherent quality assurance processes for the functions of Central Administration offices', 'rating', '', 'normal', 7, 18),
	(124, 'There are clear, open and explicit performance indicators for Central Administration offices', 'rating', '', 'normal', 7, 18),
	(125, 'The strategic plan has been adequately translated in implementation plans', 'rating', '', 'normal', 7, 19),
	(126, 'The University has effectively and efficiently met the objectives of the strategic plan', 'rating', '', 'normal', 7, 19),
	(127, 'The aims and goal of Central Administration offices are clearly established and understood', 'rating', '', 'normal', 7, 19),
	(128, 'Priorities are given to the principal goals of Central Administration offices', 'rating', '', 'normal', 7, 19),
	(129, 'Priorities are given to the principal goals of Central Administration offices', 'rating', '', 'normal', 7, 19),
	(130, 'Priorities are given to the principal goals of Central Administration offices', 'rating', '', 'normal', 7, 19),
	(131, 'The goals of Central Administration offices are compatible with the role of the University and its mission statement', 'rating', '', 'normal', 7, 19),
	(132, 'The goals of Central Administration offices are compatible with the role of the University and its mission statement', 'rating', '', 'normal', 7, 19),
	(133, 'The goals of Central Administration offices are coordinated with those of the Senate and Council of the University', 'rating', '', 'normal', 7, 19),
	(134, 'The goals of Central Administration offices are coordinated with those of other University offices and units', 'rating', '', 'normal', 7, 19),
	(135, 'Central Administration is clear about the relevant demands and needs of the key stakeholders', 'rating', '', 'normal', 7, 20),
	(136, 'Central Administration officers interact adequately with non-academic and support staff', 'rating', '', 'normal', 7, 20),
	(137, 'The University responds adequately to the requirements of the MoES and NCHE Requirements', 'rating', '', 'normal', 7, 20),
	(138, 'Central Administration officers interact adequately with academic staff', 'rating', '', 'normal', 7, 20),
	(139, 'Central Administration officers interact adequately with students', 'rating', '', 'normal', 7, 20),
	(140, 'Central administration officers interact adequately with external stakeholders', 'rating', '', 'normal', 7, 20),
	(141, 'Central Administration officers maintain effective communications, cooperation, and coordination with stakeholders', 'rating', '', 'normal', 7, 20),
	(142, 'Central Administration officers are recruited in transparent manner', 'rating', '', 'normal', 7, 21),
	(143, 'Present staff is adequate to provide the services of the central administration offices', 'rating', '', 'normal', 7, 21),
	(144, 'Future staffing plans are clearly defined', 'rating', '', 'normal', 7, 21),
	(145, 'Staff development programme for Central Administration officers is adequate', 'rating', '', 'normal', 7, 21),
	(146, 'Performance of Central Administration officers is adequately evaluated', 'rating', '', 'normal', 7, 21),
	(147, 'Services provided by the Central Administration offices adequately meet the needs of the staff, students, the general public', 'rating', '', 'normal', 7, 22),
	(148, 'Central Administration officers adequately supervise the subordinate administrative units', 'rating', '', 'normal', 7, 22),
	(149, 'The effectiveness of the Central Administration offices are determined and evaluated adequately', 'rating', '', 'normal', 7, 22),
	(150, 'The budget for Central Administration is adequate', 'rating', '', 'normal', 7, 23),
	(151, 'Priorities that govern the allocation of budget resources to the Central Administration are adequate', 'rating', '', 'normal', 7, 23),
	(152, 'The proportion of Central Administration budget allocated for activities directly related to teaching and learning are adequate', 'rating', '', 'normal', 7, 23),
	(153, 'The proportion of Central administration budget allocated for activities directly to research are adequate', 'rating', '', 'normal', 7, 23),
	(154, 'Central Administration effectively evaluates  its budget success', 'rating', '', 'normal', 7, 23),
	(155, 'Administrative costs are within reasonable limits (not too high or  too low)', 'rating', '', 'normal', 7, 23),
	(156, 'Developing, disseminating and implementing a human resource development  training plan in finance and management functions', 'rating', '', 'normal', 7, 24),
	(157, 'Operationalizing the Research Policy for strengthening the capacity to undertake and coordinate quality research ', 'rating', '', 'normal', 7, 24),
	(158, 'Establishing a central consultancy unit and improving internal and external coordination of consultancy', 'rating', '', 'normal', 7, 24),
	(159, 'Strengthening the human and financial capacity to undertake quality consultancy', 'rating', '', 'normal', 7, 24),
	(160, 'Improving research capacity in undergraduate/postgraduate programmes', 'rating', '', 'normal', 7, 24),
	(161, 'The University has developed and implemented a Quality Assurance Framework', 'rating', '', 'normal', 7, 25),
	(162, 'The University has established an operational Quality Assurance Framework', 'rating', '', 'normal', 7, 25),
	(163, 'The University uses benchmarking for assessing its core functions', 'rating', '', 'normal', 7, 25),
	(164, 'Establishing and operationalizing sustainable and improved financial and administrative management systems;', 'rating', '', 'normal', 7, 26),
	(165, 'Building capacity in faculties and units in development planning, coordinating, decision-making', 'rating', '', 'normal', 7, 26),
	(166, 'Provision of an institutional framework to support decision making at faculty and unit level', 'rating', '', 'normal', 7, 26),
	(167, 'Increasing transparency and accountability in resource allocation and utilization at the centre, faculty and units:', 'rating', '', 'normal', 7, 26),
	(168, 'Developing and implementing a risk management policy', 'rating', '', 'normal', 7, 26),
	(169, 'Developing and adopting statuses to govern its administration', 'rating', '', 'normal', 7, 26),
	(170, 'Developing capacity to engage in entrepreneurship and business for sustainability and competitiveness in knowledge economy.', 'rating', '', 'normal', 7, 27),
	(171, 'Operationalizing the Business Development Strategies', 'rating', '', 'normal', 7, 27),
	(172, 'There is increasing self-generated income from self-generated sustainable sources', 'rating', '', 'normal', 7, 27),
	(173, 'Establishing a leadership and knowledge centre on issues of natural and global concern', 'rating', '', 'normal', 7, 27),
	(174, 'Attaining the desired establishment of academic and support staff', 'rating', '', 'normal', 7, 28),
	(175, 'Implementing an adequate staff performance appraisal system', 'rating', '', 'normal', 7, 28),
	(176, 'Developing and Implementing the Human Resource Policy', 'rating', '', 'normal', 7, 28),
	(177, 'The University has adequate bed space and sports grounds', 'rating', '', 'normal', 7, 29),
	(178, 'The University has adequate staff office and lecture space', 'rating', '', 'normal', 7, 29),
	(179, 'The estates has adequate capacity to rehabilitate and maitain physical infrastructure', 'rating', '', 'normal', 7, 29),
	(180, 'Liquidating debt', 'rating', '', 'normal', 7, 30),
	(181, 'Developing and implementing a plan to trade off assets and liabilities', 'rating', '', 'normal', 7, 30),
	(182, 'Institutionalising cost saving measures to mitigate debt increase', 'rating', '', 'normal', 7, 30),
	(183, 'Establishing partnership for the university functions', 'rating', '', 'normal', 7, 30),
	(184, 'The Council provides leadership and vision', 'rating', '', 'normal', 6, 31),
	(185, 'Council members are clear about their roles and responsibilities', 'rating', '', 'normal', 6, 31),
	(186, 'Council members are clear about the distinction between executive and management roles', 'rating', '', 'normal', 6, 31),
	(187, 'The Council adds value to the reviews of the mission, vision and strategic objectives submitted by the university administration', 'rating', '', 'normal', 6, 31),
	(188, 'The duties and responsibilities of the Council and executive are clearly stated.', 'rating', '', 'normal', 6, 31),
	(189, 'The Council has necessary information to undertake effective decision making and actions', 'rating', '', 'normal', 6, 31),
	(190, 'Issues that come before the council framed in a way  that enables members to see the connections between the matter at hand and the University overall strategy', 'rating', '', 'normal', 6, 31),
	(191, 'Ethical and governance standards are clearly stated and complied with', 'rating', '', 'normal', 6, 31),
	(192, 'The skills and experience of Council members is sufficient', 'rating', '', 'normal', 6, 31),
	(193, 'The council does an adequate job of evaluating the performance of the top managers against predetermined criteria', 'rating', '', 'normal', 6, 31),
	(194, 'Selection and appointment procedures in place for all Members of the Council are adequate ', 'rating', '', 'normal', 6, 31),
	(195, 'Serving the Council is rewarding and satisfying experience', 'rating', '', 'normal', 6, 31),
	(196, 'Council is the right size', 'rating', '', 'normal', 6, 32),
	(197, 'The committee structure is satisfactory', 'rating', '', 'normal', 6, 32),
	(198, 'Council Committees add value to the University', 'rating', '', 'normal', 6, 32),
	(199, 'Committee communication with the Council is satisfactory', 'rating', '', 'normal', 6, 32),
	(200, 'Members ask appropriate questions of the Committees', 'rating', '', 'normal', 6, 32),
	(201, 'The Council is sufficiently independent  of the University management', 'rating', '', 'normal', 6, 32),
	(202, 'Council members ask appropriate questions of management', 'rating', '', 'normal', 6, 32),
	(203, 'Major stakeholders evaluation of the performance of the Council is undertaken periodically', 'rating', '', 'normal', 6, 32),
	(204, 'Individual members of Council maintain channels of communication with specific key community leaders', 'rating', '', 'normal', 6, 32),
	(205, 'There are adequate opportunities for informal discussion among Council members', 'rating', '', 'normal', 6, 32),
	(206, 'Differences of opinion in council decisions are more often settled by vote than by more discussion', 'rating', '', 'normal', 6, 32),
	(207, 'The Council operates as an effective team', 'rating', '', 'normal', 6, 32),
	(208, 'There is open and frank discussion', 'rating', '', 'normal', 6, 32),
	(209, 'I have attended Council meetings where explicit attention was given to the concerns of the local community', 'rating', '', 'normal', 6, 32),
	(210, 'The council collects information on the morale of staff', 'rating', '', 'normal', 6, 32),
	(211, 'Orientation programmes for new Council members specifically  include a segment about the university?s history and tradition', 'rating', '', 'normal', 6, 32),
	(212, 'The council fosters an appropriate corporate culture', 'rating', '', 'normal', 6, 32),
	(213, 'Other Council members have important information that I lack on key issues', 'rating', '', 'normal', 6, 32),
	(214, 'The Council communicates its decisions  to all those who are  affected by them adequately', 'rating', '', 'normal', 6, 32),
	(215, 'I am able to speak my mind on key issues without fear that I will be ostracised by some members of the Council', 'rating', '', 'normal', 6, 32),
	(216, 'I am able to speak my mind on key issues without fear that I will be obstructed by some members of the council', 'rating', '', 'normal', 6, 32),
	(217, 'There is at least as much dialogue among council members as there is between members and administration', 'rating', '', 'normal', 6, 32),
	(218, 'The council acts with care and diligence', 'rating', '', 'normal', 6, 33),
	(219, 'The Council adequately monitors financial reports and understands whether the University is performing as projected', 'rating', '', 'normal', 6, 33),
	(220, 'The Council has an adequate code of conduct', 'rating', '', 'normal', 6, 33),
	(221, 'The Council identifies and addresses risks faced by the University', 'rating', '', 'normal', 6, 33),
	(222, 'The Council adequately documents  the current government practices', 'rating', '', 'normal', 6, 33),
	(223, 'The Council explicitly examines the possible pitfalls of any important  decision it may take ', 'rating', '', 'normal', 6, 33),
	(224, 'The council adequately informs members of activities', 'rating', '', 'normal', 6, 33),
	(225, 'Systems are in place for asset management , ensuring efficiency  and minimising costs ', 'rating', '', 'normal', 6, 33),
	(226, 'Adequate procedure are in place for council?s approval of remuneration of Principal Officers ', 'rating', '', 'normal', 6, 33),
	(227, 'Recommendations from the administration are usually accepted with little questioning in Council Meetings ', 'rating', '', 'normal', 6, 33),
	(228, 'Members obtain independent advice when required', 'rating', '', 'normal', 6, 33),
	(229, 'The financial reports meet International Accounting Standards', 'rating', '', 'normal', 6, 34),
	(230, 'Procedures are in place to ensure compliance with legal and other regulations', 'rating', '', 'normal', 6, 34),
	(231, 'Council activities are transparent and open', 'rating', '', 'normal', 6, 34),
	(232, 'Financial controls are adequate  for effective operation of the organisation', 'rating', '', 'normal', 6, 34),
	(233, 'Adequate controls cover fraud, risk management and contract performance', 'rating', '', 'normal', 6, 34),
	(234, 'The whistleblowing procedure for reporting breaches of policy ,rules and government failures', 'rating', '', 'normal', 6, 34),
	(235, 'The council monitors compliance with its policies', 'rating', '', 'normal', 6, 34),
	(236, 'The vision, mission and priorities of the University are clearly articulated and understood by Members of Council', 'rating', '', 'normal', 6, 35),
	(237, 'Values are discussed explicitly at Council meetings', 'rating', '', 'normal', 6, 35),
	(238, 'The Council is decisive, action oriented and gets things done', 'rating', '', 'normal', 6, 35),
	(239, 'Council and Committee meetings are productive', 'rating', '', 'normal', 6, 35),
	(240, 'Council meetings tend to focus more on current concerns than on preparing for the future', 'rating', '', 'normal', 6, 35),
	(241, 'Members stay abreast of issues and trends  and bring that information to the Council', 'rating', '', 'normal', 6, 35),
	(242, 'The Council?s objectives for the past 12months were achieved', 'rating', '', 'normal', 6, 35),
	(243, 'The Council often discusses where the university should be headed in 5 or more years into the future', 'rating', '', 'normal', 6, 35),
	(244, 'I have participated in Council discussions about our performance', 'rating', '', 'normal', 6, 35),
	(245, 'Council evaluates the performance of the Vice-Chancellor and other Principal Officers', 'rating', '', 'normal', 6, 35),
	(246, 'Council goals, expectations are honestly communicated to the University Management', 'rating', '', 'normal', 6, 35),
	(247, 'The Council benchmarks its performance against other institutions', 'rating', '', 'normal', 6, 35),
	(248, 'The Council regularly Evaluates its own performance', 'rating', '', 'normal', 6, 35),
	(249, 'The Council meets high ethical standards', 'rating', '', 'normal', 6, 35),
	(250, 'Council Members receive timely agenda and minutes', 'rating', '', 'normal', 6, 36),
	(251, 'Meetings are productive', 'rating', '', 'normal', 6, 36),
	(252, 'There are sufficient meetings', 'rating', '', 'normal', 6, 36),
	(253, 'Council meetings are conducted in a way that ensures open communication, meaningful participation, and timely resolution of issues', 'rating', '', 'normal', 6, 36),
	(254, 'Council members act as a team', 'rating', '', 'normal', 6, 36),
	(255, 'Council members respect the confidentiality of Council discussions', 'rating', '', 'normal', 6, 36),
	(256, 'Council members prepare well for meetings', 'rating', '', 'normal', 6, 36),
	(262, 'Advising student government organisations ', 'rating', '', 'normal', 3, 38),
	(263, 'Designing and carrying out student leadership development programmes ', 'rating', '', 'normal', 3, 38),
	(264, 'Advising student social clubs and organisations ', 'rating', '', 'normal', 3, 38),
	(265, 'Encouraging student involvement in community service/volunteer activities ', 'rating', '', 'normal', 3, 38),
	(266, 'Providing an aesthetically pleasing environment in which students and staff can interact while pursuing their educational goals ', 'rating', '', 'normal', 3, 39),
	(267, 'Seeking to maintain a safe environment for pedestrian and vehicular traffic on sidewalks, streets and in parking lots ', 'rating', '', 'normal', 3, 39),
	(268, 'Striving for excellence in landscaping ', 'rating', '', 'normal', 3, 39),
	(269, 'Providing facilities for students to worship and share their religious customs and ideas ', 'rating', '', 'normal', 3, 40),
	(270, 'Organizing interfaith or ecumenical services ', 'rating', '', 'normal', 3, 40),
	(271, 'Counselling students seeking spiritual guidance ', 'rating', '', 'normal', 3, 40),
	(272, 'Organising or making available appropriate liturgies and ceremonies to satisfy the spiritual needs of students ', 'rating', '', 'normal', 3, 40),
	(273, 'Providing spiritual support and counselling, individually and in groups, to those in personal crisis ', 'rating', '', 'normal', 3, 40),
	(274, 'In multi-faith settings, co-ordinating the activities and events of the various religious communities ', 'rating', '', 'normal', 3, 40),
	(275, 'Organising events and activities promoting spiritual life on campus ', 'rating', '', 'normal', 3, 40),
	(276, 'Acting as the first point of campus contact for all faith groups ', 'rating', '', 'normal', 3, 40),
	(277, 'Arranging services relevant to the chaplain?s own faith ', 'rating', '', 'normal', 3, 40),
	(278, 'Facilitating services for other faith groups by inviting their leaders on campus ', 'rating', '', 'normal', 3, 40),
	(279, 'Encouraging both specific faith-based and inter-faith dialogue by organising social events and discussion groups ', 'rating', '', 'normal', 3, 40),
	(280, 'Being responsible for the use of the multi-faith centre and helping students find appropriate rooms for religious activities ', 'rating', '', 'normal', 3, 40),
	(281, 'Engaging in brief individual psychotherapy, crisis intervention, couples counselling, group psychotherapy, behaviour modification and medication therapy, as needed ', 'rating', '', 'normal', 3, 41),
	(282, 'Selectively employing various modalities in combination into individualised treatment programmes for student clients ', 'rating', '', 'normal', 3, 41),
	(283, 'Offering programmes for the promotion of a healthier campus environment ', 'rating', '', 'normal', 3, 41),
	(284, 'Operating a confidential, after-hours telephone help-line/referral service to assist students in crisis when no face-to-face counselling is available ', 'rating', '', 'normal', 3, 41),
	(285, 'Conducting group counselling programmes on common themes ', 'rating', '', 'normal', 3, 41),
	(286, 'Participating in student induction and welcoming programmes ', 'rating', '', 'normal', 3, 41),
	(287, 'Providing developmental and preventative workshops throughout the academic year in response to student needs including such examples as assertiveness training, stress management, support for adult students, and time management ', 'rating', '', 'normal', 3, 41),
	(288, 'Offering liaison and consultancy to tutors and others concerned about a particular student?s personal or academic situation ', 'rating', '', 'normal', 3, 41),
	(289, 'Offering a relevant programme of professional development workshops, conferences, and activities for tutorial and counselling staff and student services colleagues related to good practice in providing support for students ', 'rating', '', 'normal', 3, 41),
	(290, 'Contributing to institutional, faculty and departmental planning, policy and developments through participation in University committees and work-groups ', 'rating', '', 'normal', 3, 41),
	(291, 'Offering feedback to University staff on factors that promote or hinder learning ', 'rating', '', 'normal', 3, 41),
	(292, 'Continuously monitoring and evaluating the work of the counselling service through identified quality assurance systems and client research ', 'rating', '', 'normal', 3, 41),
	(293, 'Serving as an office and mediator that assists students with disabilities in acquiring classroom and other accommodation as necessary ', 'rating', '', 'normal', 3, 42),
	(294, 'Ensuring that students with disabilities have equal access to all areas, including libraries, food service, computer laboratories and other technology areas and facilities ', 'rating', '', 'normal', 3, 42),
	(295, 'Informing and making the campus community aware of the need to include students with disabilities in all programmes, services and activities ', 'rating', '', 'normal', 3, 42),
	(296, 'Acting as an agent to inform the community about access issues ', 'rating', '', 'normal', 3, 42),
	(297, 'Arranging for interpreters or signers for deaf students ', 'rating', '', 'normal', 3, 42),
	(298, 'Arranging for note-takers, readers and volunteer books-on-tape readers ', 'rating', '', 'normal', 3, 42),
	(299, 'Arranging for appropriate alternative student academic assessment and examination methodologies ', 'rating', '', 'normal', 3, 42),
	(300, 'Assisting students in acquiring alternative formats of classroom materials (Braille, audio textbooks, large print text) ', 'rating', '', 'normal', 3, 42),
	(301, 'Providing individual counselling and assistance for disabled students until they graduate ', 'rating', '', 'normal', 3, 42),
	(302, 'Providing leadership in assessing existing and new spaces/facilities to determine compliance with accessibility criteria and standards set by government units and the University ', 'rating', '', 'normal', 3, 42),
	(303, 'Serving as an advisor/counsellor for international students ', 'rating', '', 'normal', 3, 43),
	(304, 'Providing one-to-one support to individual international students in crisis ', 'rating', '', 'normal', 3, 43),
	(305, 'Developing appropriate procedures to recruit international students ', 'rating', '', 'normal', 3, 43),
	(306, 'Providing accurate information and instruction regarding immigration regulations for international students and scholars ', 'rating', '', 'normal', 3, 43),
	(307, 'Providing pre-arrival information packages for international students and pre-departure information for students going abroad ', 'rating', '', 'normal', 3, 43),
	(308, 'Ensuring there is an appropriate level of housing for international students ', 'rating', '', 'normal', 3, 43),
	(309, 'Providing visa and immigration assistance ', 'rating', '', 'normal', 3, 43),
	(310, 'Organising living arrangements and activities that bring domestic and international students together in the same facilities ', 'rating', '', 'normal', 3, 43),
	(311, 'Developing social, cultural and educational support services ', 'rating', '', 'normal', 3, 43),
	(312, 'Identifying and administering financial assistance for international students ', 'rating', '', 'normal', 3, 43),
	(313, 'Providing individual and personal support services for international students in their adjustment to the host country culture ', 'rating', '', 'normal', 3, 43),
	(314, 'Ensuring that institutional obligations to students and the legal structure are fulfilled in relation to health insurance ', 'rating', '', 'normal', 3, 43),
	(315, 'Supporting and encouraging the development of international activities, programmes and events for the general campus community ', 'rating', '', 'normal', 3, 43),
	(316, 'Working with staff in understanding cultures and assisting with the adjustment of international students ', 'rating', '', 'normal', 3, 43),
	(317, 'Developing host family and mentoring activities and programmes as appropriate ', 'rating', '', 'normal', 3, 43),
	(318, 'Establishing and managing an orientation and induction programme for newly arrived students including help in the areas of housing, academic registration, and general knowledge of the institutional environment ', 'rating', '', 'normal', 3, 43),
	(319, 'Assisting international students/scholars in the transition to living, learning, and working in the domestic setting ', 'rating', '', 'normal', 3, 43),
	(320, 'Organising various social and cultural activities designed to inform and engage the community in the process of learning about other cultures ', 'rating', '', 'normal', 3, 43),
	(321, 'Creating and managing a resource centre on host country integration issues ', 'rating', '', 'normal', 3, 43),
	(322, 'Supporting student groups in their promotion of various cultures ', 'rating', '', 'normal', 3, 43),
	(323, 'Organising workshops or activities on the understanding of different cultures ', 'rating', '', 'normal', 3, 43),
	(324, 'Working with educational leaders to develop recruiting programmes for potential students and various accessibility support mechanisms to facilitate transition to higher education in a foreign country ', 'rating', '', 'normal', 3, 43),
	(325, 'Providing individual and group discussions on issues facing international students including immigration, funding and other personal concerns ', 'rating', '', 'normal', 3, 43),
	(326, 'Developing staff and student training programmes that encourage more understanding of the cross-culture issues for international students ', 'rating', '', 'normal', 3, 43),
	(327, 'Advising staff on issues relating to international students ', 'rating', '', 'normal', 3, 43),
	(328, 'Researching key issues which relate to the experience of international students and their interface with the university and the community at large ', 'rating', '', 'normal', 3, 43),
	(329, 'Reporting on findings of research and increasing awareness of significant issues raised by research into international students? experiences ', 'rating', '', 'normal', 3, 43),
	(330, 'Explaining the overall purpose of higher education and how this general purpose translates to the institution they are attending ', 'rating', '', 'normal', 3, 44),
	(331, 'Explaining academic/support staff and student roles, responsibilities and expectations ', 'rating', '', 'normal', 3, 44),
	(332, 'Describing the expectations of students with regard to scholarship, integrity, conduct, finan?cial obligations, and ethical use of technology ', 'rating', '', 'normal', 3, 44),
	(333, 'Providing information clarifying relevant administrative policies and procedures ', 'rating', '', 'normal', 3, 44),
	(334, 'Explaining class scheduling and registration processes and providing assistance from quali?fied staff, or peer academic advisors for developing educational plans ', 'rating', '', 'normal', 3, 44),
	(335, 'Assisting students in utilizing course placement examinations, interest inventories, and study skills assessments in selecting a major and appropriate course ', 'rating', '', 'normal', 3, 44),
	(336, 'Identifying appropriate referral resources, such as counsellors and advisors, and providing information about relevant services and programmes ', 'rating', '', 'normal', 3, 44),
	(337, 'Providing new students with personal health and safety information ', 'rating', '', 'normal', 3, 44),
	(338, 'Providing social and informational programmes for parents of new students ', 'rating', '', 'normal', 3, 44),
	(339, 'Providing opportunities for new students to interact with academic and support staff ', 'rating', '', 'normal', 3, 44),
	(340, 'Providing information about the physical layout of the campus including the location of key offices and functions ', 'rating', '', 'normal', 3, 44),
	(341, 'Providing opportunities for new students to interact with continuing students to develop a sense of identification with and belonging to the institution ', 'rating', '', 'normal', 3, 44),
	(342, 'Attending to needs of sub-groups of students, e.g. students with disabilities, athletes, adult, multi-cultural and international students ', 'rating', '', 'normal', 3, 44),
	(343, 'Employing a diverse staff to reflect the diversity of the campus student population, to ensure the existence of identifiable role models for students that enrich the campus community ', 'rating', '', 'normal', 3, 44),
	(344, 'Co-ordinating recreational programming, facilities and equipment ', 'rating', '', 'normal', 3, 45),
	(345, 'Supervising all campus recreational programmes and services ', 'rating', '', 'normal', 3, 45),
	(346, 'Providing informal programmes for self-directed, individualised involvement to meet stu?dents? desires to participate in sport for personal fitness and enjoyment ', 'rating', '', 'normal', 3, 45),
	(347, 'Organizing intramural sports to provide structured contests, tournaments and leagues, limit?ing participation to campus members ', 'rating', '', 'normal', 3, 45),
	(348, 'Offering sport clubs that provide opportunities for individuals to organise around a common interest in a sport within or outside the institution ', 'rating', '', 'normal', 3, 45),
	(349, 'Providing instructional programmes for learning opportunities, knowledge, and skills through lessons, clinics and workshops ', 'rating', '', 'normal', 3, 45),
	(350, 'Organising special events, either within or outside the institution, to introduce new sport or related activities that are unique in approach or nature from traditional programmes ', 'rating', '', 'normal', 3, 45),
	(351, 'Developing fitness programmes that provide opportunities and assistance to students and others in carrying out their personal exercise programmes ', 'rating', '', 'normal', 3, 45),
	(352, 'Developing recreation programmes ', 'rating', '', 'normal', 3, 45),
	(353, 'Providing health promotion and well-being programmes ', 'rating', '', 'normal', 3, 45),
	(354, 'Organising extramural sports that provide structured tournaments, contests and meets among participants from other institutions ', 'rating', '', 'normal', 3, 45),
	(355, 'Offering family and youth programmes for members of the campus community ', 'rating', '', 'normal', 3, 45),
	(356, 'Developing recreation sports programmes for persons with disabilities ', 'rating', '', 'normal', 3, 45),
	(357, 'Managing the recreation and athletic facilities of the University ', 'rating', '', 'normal', 3, 45),
	(358, 'Encouraging programme staff to serve as resources to the community, providing expert advice on recreational issues and activities ', 'rating', '', 'normal', 3, 45),
	(359, 'Providing recreational activities for students including weight training, exercise and fitness centres, jogging/walking courses, tennis/golf/squash courts, etc. ', 'rating', '', 'normal', 3, 45),
	(360, 'Explaining the unit?s role through new student/parent orientation programmes ', 'rating', '', 'normal', 3, 46),
	(361, 'Training all staff members responsible for the administration of the disciplinary process ', 'rating', '', 'normal', 3, 46),
	(362, 'Conducting educational programmes for students in the residence halls and student organisations about the disciplinary process upon request ', 'rating', '', 'normal', 3, 46),
	(363, 'Sanctioning students responsible for misconduct through a responsible university hearing panel comprised of students and University staff ', 'rating', '', 'normal', 3, 46),
	(364, 'Advising students on their options in the disciplinary process ', 'rating', '', 'normal', 3, 46),
	(365, 'Administering a database that includes disposition and records of the involvement of guilty students in misconduct cases ', 'rating', '', 'normal', 3, 46),
	(366, 'Designing appropriate sanctions to educate students on their behaviour risks ', 'rating', '', 'normal', 3, 46),
	(367, 'Implementing sanctions by acquiring the expertise to do so or seeking individuals that possess the expertise ', 'rating', '', 'normal', 3, 46),
	(368, 'Holding students accountable for completing their educational sanctions by assigning additional sanctions to students that failed to complete them ', 'rating', '', 'normal', 3, 46),
	(369, 'Conducting mediation sessions ', 'rating', '', 'normal', 3, 46),
	(370, 'Providing statistics on student judicial actions to local and student media ', 'rating', '', 'normal', 3, 46),
	(371, 'Administering all budgets involved in the implementation of mediation and substance abuse programmes ', 'rating', '', 'normal', 3, 46),
	(372, 'Planning and carrying out study and recreational activities in the residence halls including quiet periods for study ', 'rating', '', 'normal', 3, 47),
	(373, 'Co-ordinating academic advising, career planning, time management, and instructional activities within the housing and other units as appropriate and in coordination with various academic and other units within the institution ', 'rating', '', 'normal', 3, 47),
	(374, 'Offering a variety of living options including individual, group, undergraduate, postgraduate, disability, first year, and other options ', 'rating', '', 'normal', 3, 47),
	(375, 'Providing mentoring and student development programmes ', 'rating', '', 'normal', 3, 47),
	(376, 'Advising residence hall governments and student organisations ', 'rating', '', 'normal', 3, 47),
	(377, 'Providing staff training and development support ', 'rating', '', 'normal', 3, 47),
	(378, 'Hiring and training students to become resident assistants, peer assistants and resident advisors to their peers in a live-in environment ', 'rating', '', 'normal', 3, 47),
	(379, 'Conducting student misconduct disciplinary hearings in cases that originate in student housing ', 'rating', '', 'normal', 3, 47),
	(380, 'Offering off-session housing options for conferences, workshops and camps ', 'rating', '', 'normal', 3, 47),
	(381, 'Conducting research on students living in on-campus housing ', 'rating', '', 'normal', 3, 47),
	(382, 'Obtaining students? experiences that include all areas of their lives on campus from counselling, the quality of their accommodation, sports and recreation, discipline, to their financial situations, among other things ', 'rating', '', 'normal', 3, 48),
	(383, 'How do you understand your lecturer?', 'rating', '', 'normal', 0, 49),
	(384, 'How good is the teaching methods of your teacher?', 'rating', '', 'normal', 0, 49),
	(387, 'Did your Lecturer teacher all courses', 'rating', '', 'normal', 13, 53);

-- Dumping structure for table quad.5x_resp_2020
CREATE TABLE IF NOT EXISTS `5x_resp_2020` (
  `resp_id` int(11) NOT NULL AUTO_INCREMENT,
  `role` varchar(5) NOT NULL,
  `surveyee_id` bigint(15) NOT NULL,
  `study_yr` tinyint(1) NOT NULL,
  `study_sem` tinyint(1) NOT NULL,
  `course_id` varchar(10) NOT NULL,
  `lecturer_id` int(11) NOT NULL,
  `su_id` int(11) NOT NULL,
  `cat_id` int(11) NOT NULL,
  `block_id` int(11) NOT NULL,
  `thread_id` int(11) NOT NULL,
  `thread_type` varchar(10) NOT NULL,
  `remarks` varchar(250) NOT NULL,
  `date` varchar(11) NOT NULL,
  PRIMARY KEY (`resp_id`)
) ENGINE=MyISAM AUTO_INCREMENT=182 DEFAULT CHARSET=latin1;

-- Dumping data for table quad.5x_resp_2020: 181 rows
INSERT INTO `5x_resp_2020` (`resp_id`, `role`, `surveyee_id`, `study_yr`, `study_sem`, `course_id`, `lecturer_id`, `su_id`, `cat_id`, `block_id`, `thread_id`, `thread_type`, `remarks`, `date`) VALUES
	(1, 'STD', 1800401948, 1, 1, 'SCS101', 4, 1, 1, 1, 1, 'rating', '100', '1595311187'),
	(2, 'STD', 1800401948, 1, 1, 'SCS101', 4, 1, 1, 1, 2, 'rating', '100', '1595311208'),
	(3, 'STD', 1800401948, 1, 1, 'SCS101', 4, 1, 1, 1, 3, 'rating', '100', '1595311216'),
	(4, 'STD', 1800401948, 1, 1, 'SCS101', 4, 1, 1, 1, 4, 'rating', '75', '1595311220'),
	(5, 'STD', 1800401948, 1, 1, 'SCS101', 4, 1, 1, 1, 5, 'rating', '100', '1595311224'),
	(6, 'STD', 1800401948, 1, 1, 'SCS101', 4, 1, 1, 1, 6, 'rating', '100', '1595311229'),
	(7, 'STD', 1800401948, 1, 1, 'SCS101', 4, 1, 1, 1, 7, 'rating', '75', '1595311234'),
	(8, 'STD', 1800401948, 1, 1, 'SCS101', 4, 1, 1, 1, 8, 'rating', '100', '1595311240'),
	(9, 'STD', 1800401948, 1, 1, 'SCS101', 4, 1, 1, 1, 9, 'rating', '75', '1595311248'),
	(10, 'STD', 1800401948, 1, 1, 'SCS101', 4, 1, 1, 1, 10, 'rating', '100', '1595311251'),
	(11, 'STD', 1800401948, 1, 1, 'SCS101', 4, 1, 1, 1, 11, 'rating', '75', '1595311255'),
	(12, 'STD', 1800401948, 1, 1, 'SCS101', 4, 1, 1, 1, 12, 'rating', '100', '1595311679'),
	(13, 'STD', 1800401948, 1, 1, 'SCS101', 4, 1, 1, 2, 13, 'rating', '100', '1595311686'),
	(14, 'STD', 1800402313, 1, 1, '0', 0, 3, 1, 38, 262, 'rating', '75', '1595341752'),
	(15, 'STD', 1800402313, 1, 1, '0', 0, 3, 1, 38, 263, 'rating', '50', '1595341802'),
	(16, 'STD', 1800402313, 1, 1, '0', 0, 3, 1, 38, 264, 'rating', '100', '1595341821'),
	(17, 'STD', 1800402313, 1, 1, '0', 0, 3, 1, 38, 265, 'rating', '25', '1595341862'),
	(18, 'STD', 1800402313, 1, 1, '0', 0, 3, 1, 39, 266, 'rating', '100', '1595341897'),
	(19, 'STD', 1800402313, 1, 1, '0', 0, 3, 1, 39, 267, 'rating', '0', '1595341912'),
	(20, 'STD', 1800402313, 1, 1, '0', 0, 3, 1, 39, 268, 'rating', '25', '1595341922'),
	(21, 'STD', 1800402313, 1, 1, '0', 0, 3, 1, 40, 269, 'rating', '75', '1595341933'),
	(22, 'STD', 1800402313, 1, 1, '0', 0, 3, 1, 40, 270, 'rating', '50', '1595341942'),
	(23, 'STD', 1800402313, 1, 1, '0', 0, 3, 1, 40, 271, 'rating', '75', '1595341954'),
	(24, 'STD', 1800402313, 1, 1, '0', 0, 3, 1, 40, 272, 'rating', '75', '1595341977'),
	(25, 'STD', 1800402313, 1, 1, '0', 0, 3, 1, 40, 273, 'rating', '75', '1595341986'),
	(26, 'STD', 1800402313, 1, 1, '0', 0, 3, 1, 40, 274, 'rating', '50', '1595341988'),
	(27, 'STD', 1800402313, 1, 1, '0', 0, 3, 1, 40, 275, 'rating', '25', '1595341992'),
	(28, 'STD', 1800402313, 1, 1, '0', 0, 3, 1, 40, 276, 'rating', '100', '1595341999'),
	(29, 'STD', 1800402313, 1, 1, '0', 0, 3, 1, 40, 277, 'rating', '50', '1595342002'),
	(30, 'STD', 1800402313, 1, 1, '0', 0, 3, 1, 40, 278, 'rating', '0', '1595342009'),
	(31, 'STD', 1800402313, 1, 1, '0', 0, 3, 1, 40, 279, 'rating', '100', '1595342014'),
	(32, 'STD', 1800402313, 1, 1, '0', 0, 3, 1, 40, 280, 'rating', '50', '1595342026'),
	(33, 'STD', 1800402313, 1, 1, '0', 0, 3, 1, 41, 281, 'rating', '25', '1595342032'),
	(34, 'STD', 1800402313, 1, 1, '0', 0, 3, 1, 41, 282, 'rating', '100', '1595342043'),
	(35, 'STD', 1800402313, 1, 1, '0', 0, 3, 1, 41, 283, 'rating', '50', '1595342046'),
	(36, 'STD', 1800402313, 1, 1, '0', 0, 3, 1, 41, 284, 'rating', '0', '1595342050'),
	(37, 'STD', 1800402313, 1, 1, '0', 0, 3, 1, 41, 285, 'rating', '75', '1595342062'),
	(38, 'STD', 1800402313, 1, 1, '0', 0, 3, 1, 41, 286, 'rating', '25', '1595342067'),
	(39, 'STD', 1800402313, 1, 1, '0', 0, 3, 1, 41, 287, 'rating', '100', '1595342072'),
	(40, 'STD', 1800402313, 1, 1, '0', 0, 3, 1, 41, 288, 'rating', '50', '1595342077'),
	(41, 'STD', 1800402313, 1, 1, '0', 0, 3, 1, 41, 289, 'rating', '25', '1595342079'),
	(42, 'STD', 1800402313, 1, 1, '0', 0, 3, 1, 41, 290, 'rating', '75', '1595342081'),
	(43, 'STD', 1800402313, 1, 1, '0', 0, 3, 1, 41, 291, 'rating', '100', '1595342086'),
	(44, 'STD', 1800402313, 1, 1, '0', 0, 3, 1, 41, 292, 'rating', '0', '1595342087'),
	(45, 'STD', 1800402313, 1, 1, '0', 0, 3, 1, 42, 293, 'rating', '25', '1595342090'),
	(46, 'STD', 1800402313, 1, 1, '0', 0, 3, 1, 42, 294, 'rating', '50', '1595342092'),
	(47, 'STD', 1800402313, 1, 1, '0', 0, 3, 1, 42, 295, 'rating', '50', '1595342103'),
	(48, 'STD', 1800402313, 1, 1, '0', 0, 3, 1, 42, 296, 'rating', '75', '1595342111'),
	(49, 'STD', 1800402313, 1, 1, '0', 0, 3, 1, 42, 297, 'rating', '25', '1595342117'),
	(50, 'STD', 1800402313, 1, 1, '0', 0, 3, 1, 42, 298, 'rating', '75', '1595342119'),
	(51, 'STD', 1800402313, 1, 1, '0', 0, 3, 1, 42, 299, 'rating', '50', '1595342121'),
	(52, 'STD', 1800402313, 1, 1, '0', 0, 3, 1, 42, 300, 'rating', '100', '1595342123'),
	(53, 'STD', 1800402313, 1, 1, '0', 0, 3, 1, 42, 301, 'rating', '75', '1595342126'),
	(54, 'STD', 1800402313, 1, 1, '0', 0, 3, 1, 42, 302, 'rating', '50', '1595342127'),
	(55, 'STD', 1800402313, 1, 1, '0', 0, 3, 1, 43, 303, 'rating', '25', '1595342129'),
	(56, 'STD', 1800402313, 1, 1, '0', 0, 3, 1, 43, 304, 'rating', '100', '1595342132'),
	(57, 'STD', 1800402313, 1, 1, '0', 0, 3, 1, 43, 305, 'rating', '75', '1595342134'),
	(58, 'STD', 1800402313, 1, 1, '0', 0, 3, 1, 43, 306, 'rating', '100', '1595342138'),
	(59, 'STD', 1800402313, 1, 1, '0', 0, 3, 1, 43, 307, 'rating', '50', '1595342142'),
	(60, 'STD', 1800402313, 1, 1, '0', 0, 3, 1, 43, 308, 'rating', '75', '1595342156'),
	(61, 'STD', 1800402313, 1, 1, '0', 0, 3, 1, 43, 309, 'rating', '100', '1595342158'),
	(62, 'STD', 1800402313, 1, 1, '0', 0, 3, 1, 43, 310, 'rating', '25', '1595342161'),
	(63, 'STD', 1800402313, 1, 1, '0', 0, 3, 1, 43, 311, 'rating', '0', '1595342163'),
	(64, 'STD', 1800402313, 1, 1, '0', 0, 3, 1, 43, 312, 'rating', '100', '1595342166'),
	(65, 'STD', 1800402313, 1, 1, '0', 0, 3, 1, 43, 313, 'rating', '50', '1595342168'),
	(66, 'STD', 1800402313, 1, 1, '0', 0, 3, 1, 43, 314, 'rating', '100', '1595342171'),
	(67, 'STD', 1800402313, 1, 1, '0', 0, 3, 1, 43, 315, 'rating', '0', '1595342173'),
	(68, 'STD', 1800402313, 1, 1, '0', 0, 3, 1, 43, 316, 'rating', '25', '1595342175'),
	(69, 'STD', 1800402313, 1, 1, '0', 0, 3, 1, 43, 317, 'rating', '75', '1595342177'),
	(70, 'STD', 1800402313, 1, 1, '0', 0, 3, 1, 43, 318, 'rating', '100', '1595342180'),
	(71, 'STD', 1800402313, 1, 1, '0', 0, 3, 1, 43, 319, 'rating', '50', '1595342182'),
	(72, 'STD', 1800402313, 1, 1, '0', 0, 3, 1, 43, 320, 'rating', '25', '1595342184'),
	(73, 'STD', 1800402313, 1, 1, '0', 0, 3, 1, 43, 321, 'rating', '50', '1595342186'),
	(74, 'STD', 1800402313, 1, 1, '0', 0, 3, 1, 43, 322, 'rating', '100', '1595342190'),
	(75, 'STD', 1800402313, 1, 1, '0', 0, 3, 1, 43, 323, 'rating', '75', '1595342192'),
	(76, 'STD', 1800402313, 1, 1, '0', 0, 3, 1, 43, 324, 'rating', '50', '1595342195'),
	(77, 'STD', 1800402313, 1, 1, '0', 0, 3, 1, 43, 325, 'rating', '25', '1595342197'),
	(78, 'STD', 1800402313, 1, 1, '0', 0, 3, 1, 43, 326, 'rating', '0', '1595342199'),
	(79, 'STD', 1800402313, 1, 1, '0', 0, 3, 1, 43, 327, 'rating', '100', '1595342209'),
	(80, 'STD', 1800402313, 1, 1, '0', 0, 3, 1, 43, 328, 'rating', '50', '1595342218'),
	(81, 'STD', 1800402313, 1, 1, '0', 0, 3, 1, 43, 329, 'rating', '75', '1595342221'),
	(82, 'STD', 1800402313, 1, 1, '0', 0, 3, 1, 44, 330, 'rating', '75', '1595342237'),
	(83, 'STD', 1800402313, 1, 1, '0', 0, 3, 1, 44, 331, 'rating', '50', '1595342247'),
	(84, 'STD', 1800402313, 1, 1, '0', 0, 3, 1, 44, 332, 'rating', '0', '1595342251'),
	(85, 'STD', 1800402313, 1, 1, '0', 0, 3, 1, 44, 333, 'rating', '75', '1595342278'),
	(86, 'STD', 1800402313, 1, 1, '0', 0, 3, 1, 44, 334, 'rating', '25', '1595342280'),
	(87, 'STD', 1800402313, 1, 1, '0', 0, 3, 1, 44, 335, 'rating', '100', '1595342282'),
	(88, 'STD', 1800402313, 1, 1, '0', 0, 3, 1, 44, 336, 'rating', '50', '1595342285'),
	(89, 'STD', 1800402313, 1, 1, '0', 0, 3, 1, 44, 337, 'rating', '50', '1595342288'),
	(90, 'STD', 1800402313, 1, 1, '0', 0, 3, 1, 44, 338, 'rating', '25', '1595342292'),
	(91, 'STD', 1800402313, 1, 1, '0', 0, 3, 1, 44, 339, 'rating', '0', '1595342295'),
	(92, 'STD', 1800402313, 1, 1, '0', 0, 3, 1, 44, 340, 'rating', '100', '1595342297'),
	(93, 'STD', 1800402313, 1, 1, '0', 0, 3, 1, 44, 341, 'rating', '75', '1595342299'),
	(94, 'STD', 1800402313, 1, 1, '0', 0, 3, 1, 44, 342, 'rating', '50', '1595342300'),
	(95, 'STD', 1800402313, 1, 1, '0', 0, 3, 1, 44, 343, 'rating', '25', '1595342302'),
	(96, 'STD', 1800402313, 1, 1, '0', 0, 3, 1, 45, 344, 'rating', '75', '1595342304'),
	(97, 'STD', 1800402313, 1, 1, '0', 0, 3, 1, 45, 345, 'rating', '100', '1595342306'),
	(98, 'STD', 1800402313, 1, 1, '0', 0, 3, 1, 45, 346, 'rating', '25', '1595342310'),
	(99, 'STD', 1800402313, 1, 1, '0', 0, 3, 1, 45, 347, 'rating', '100', '1595342313'),
	(100, 'STD', 1800402313, 1, 1, '0', 0, 3, 1, 45, 348, 'rating', '0', '1595342316'),
	(101, 'STD', 1800402313, 1, 1, '0', 0, 3, 1, 45, 349, 'rating', '100', '1595342318'),
	(102, 'STD', 1800402313, 1, 1, '0', 0, 3, 1, 45, 350, 'rating', '75', '1595342320'),
	(103, 'STD', 1800402313, 1, 1, '0', 0, 3, 1, 45, 351, 'rating', '50', '1595342322'),
	(104, 'STD', 1800402313, 1, 1, '0', 0, 3, 1, 45, 352, 'rating', '25', '1595342324'),
	(105, 'STD', 1800402313, 1, 1, '0', 0, 3, 1, 45, 353, 'rating', '50', '1595342326'),
	(106, 'STD', 1800402313, 1, 1, '0', 0, 3, 1, 45, 354, 'rating', '100', '1595342328'),
	(107, 'STD', 1800402313, 1, 1, '0', 0, 3, 1, 45, 355, 'rating', '75', '1595342330'),
	(108, 'STD', 1800402313, 1, 1, '0', 0, 3, 1, 45, 356, 'rating', '25', '1595342332'),
	(109, 'STD', 1800402313, 1, 1, '0', 0, 3, 1, 45, 357, 'rating', '0', '1595342335'),
	(110, 'STD', 1800402313, 1, 1, '0', 0, 3, 1, 45, 358, 'rating', '75', '1595342337'),
	(111, 'STD', 1800402313, 1, 1, '0', 0, 3, 1, 45, 359, 'rating', '100', '1595342339'),
	(112, 'STD', 1800402313, 1, 1, '0', 0, 3, 1, 46, 360, 'rating', '50', '1595342341'),
	(113, 'STD', 1800402313, 1, 1, '0', 0, 3, 1, 46, 361, 'rating', '75', '1595342342'),
	(114, 'STD', 1800402313, 1, 1, '0', 0, 3, 1, 46, 362, 'rating', '100', '1595342344'),
	(115, 'STD', 1800402313, 1, 1, '0', 0, 3, 1, 46, 363, 'rating', '75', '1595342345'),
	(116, 'STD', 1800402313, 1, 1, '0', 0, 3, 1, 46, 364, 'rating', '50', '1595342347'),
	(117, 'STD', 1800402313, 1, 1, '0', 0, 3, 1, 46, 365, 'rating', '25', '1595342348'),
	(118, 'STD', 1800402313, 1, 1, '0', 0, 3, 1, 46, 366, 'rating', '0', '1595342350'),
	(119, 'STD', 1800402313, 1, 1, '0', 0, 3, 1, 46, 367, 'rating', '100', '1595342352'),
	(120, 'STD', 1800402313, 1, 1, '0', 0, 3, 1, 46, 368, 'rating', '75', '1595342354'),
	(121, 'STD', 1800402313, 1, 1, '0', 0, 3, 1, 46, 369, 'rating', '50', '1595342355'),
	(122, 'STD', 1800402313, 1, 1, '0', 0, 3, 1, 46, 370, 'rating', '25', '1595342357'),
	(123, 'STD', 1800402313, 1, 1, '0', 0, 3, 1, 46, 371, 'rating', '0', '1595342359'),
	(124, 'STD', 1800402313, 1, 1, '0', 0, 3, 1, 47, 372, 'rating', '100', '1595342361'),
	(125, 'STD', 1800402313, 1, 1, '0', 0, 3, 1, 47, 373, 'rating', '75', '1595342363'),
	(126, 'STD', 1800402313, 1, 1, '0', 0, 3, 1, 47, 374, 'rating', '50', '1595342364'),
	(127, 'STD', 1800402313, 1, 1, '0', 0, 3, 1, 47, 375, 'rating', '25', '1595342366'),
	(128, 'STD', 1800402313, 1, 1, '0', 0, 3, 1, 47, 376, 'rating', '0', '1595342368'),
	(129, 'STD', 1800402313, 1, 1, '0', 0, 3, 1, 47, 377, 'rating', '100', '1595342370'),
	(130, 'STD', 1800402313, 1, 1, '0', 0, 3, 1, 47, 378, 'rating', '75', '1595342371'),
	(131, 'STD', 1800402313, 1, 1, '0', 0, 3, 1, 47, 379, 'rating', '50', '1595342373'),
	(132, 'STD', 1800402313, 1, 1, '0', 0, 3, 1, 47, 380, 'rating', '25', '1595342375'),
	(133, 'STD', 1800402313, 1, 1, '0', 0, 3, 1, 47, 381, 'rating', '100', '1595342377'),
	(134, 'STD', 1800402313, 1, 1, '0', 0, 3, 1, 48, 382, 'rating', '25', '1595342379'),
	(135, 'STD', 1800402313, 1, 1, 'SCS102', 2, 2, 1, 37, 257, 'answer', '1', '1595343128'),
	(136, 'STD', 1800402313, 1, 1, 'SCS102', 2, 2, 1, 37, 258, 'answer', '20/07/2020', '1595343270'),
	(137, 'STD', 1800402313, 1, 1, 'SCS102', 2, 2, 1, 37, 259, 'answer', '2hours', '1595343304'),
	(138, 'STD', 1800402313, 1, 1, 'SCS102', 2, 2, 1, 37, 260, 'answer', '2 hours', '1595343322'),
	(139, 'STD', 1800402313, 1, 1, 'SCS102', 2, 2, 1, 37, 261, 'answer', 'Light', '1595343333'),
	(140, 'STD', 1800402209, 1, 1, '0', 0, 4, 2, 12, 84, 'rating', '100', '1596450769'),
	(141, 'STD', 1800402209, 1, 1, '0', 0, 4, 2, 12, 85, 'rating', '75', '1596450775'),
	(142, 'STD', 1800402209, 1, 1, '0', 0, 4, 2, 12, 86, 'rating', '50', '1596450779'),
	(143, 'STD', 1800402209, 1, 1, '0', 0, 4, 2, 12, 87, 'rating', '25', '1596450789'),
	(144, 'STD', 1800402209, 1, 1, '0', 0, 4, 2, 12, 88, 'rating', '25', '1596450796'),
	(145, 'STD', 1800402209, 1, 1, '0', 0, 4, 2, 12, 89, 'rating', '25', '1596450798'),
	(146, 'STD', 1800402209, 1, 1, '0', 0, 4, 2, 12, 90, 'rating', '25', '1596450804'),
	(147, 'STD', 1800402209, 1, 1, '0', 0, 4, 2, 12, 91, 'rating', '50', '1596450808'),
	(148, 'STD', 1800402209, 1, 1, '0', 0, 4, 2, 12, 92, 'rating', '75', '1596450825'),
	(149, 'STD', 1800402209, 1, 1, '0', 0, 4, 2, 12, 93, 'rating', '100', '1596450834'),
	(150, 'STD', 1800402209, 1, 1, '0', 0, 4, 2, 12, 94, 'rating', '100', '1596450836'),
	(151, 'STD', 1800402209, 1, 1, '0', 0, 4, 2, 12, 95, 'rating', '100', '1596450839'),
	(152, 'STD', 1800402209, 1, 1, '0', 0, 4, 2, 13, 96, 'rating', '100', '1596450843'),
	(153, 'STD', 1800402209, 1, 1, '0', 0, 4, 2, 13, 97, 'rating', '25', '1596450846'),
	(154, 'STD', 1800402209, 1, 1, '0', 0, 4, 2, 13, 98, 'rating', '0', '1596450852'),
	(155, 'STD', 1800402209, 1, 1, '0', 0, 4, 2, 13, 99, 'rating', '0', '1596450855'),
	(156, 'STD', 1800402209, 1, 1, '0', 0, 4, 2, 13, 100, 'rating', '50', '1596450857'),
	(157, 'STD', 1800402209, 1, 1, '0', 0, 4, 2, 13, 101, 'rating', '75', '1596450861'),
	(158, 'STD', 1800402209, 1, 1, '0', 0, 4, 2, 13, 102, 'rating', '50', '1596450865'),
	(159, 'STD', 1800402209, 1, 1, '0', 0, 4, 2, 13, 103, 'rating', '50', '1596450888'),
	(160, 'STD', 1800402209, 1, 1, '0', 0, 4, 2, 13, 104, 'rating', '50', '1596450891'),
	(161, 'STD', 1800402209, 1, 1, '0', 0, 4, 2, 14, 105, 'rating', '75', '1596450893'),
	(162, 'STD', 1800402209, 1, 1, '0', 0, 4, 2, 14, 106, 'rating', '0', '1596450896'),
	(163, 'SYST', 3, 0, 1, '0', 0, 7, 3, 18, 120, 'rating', '100', '1597181737'),
	(164, 'SYST', 3, 0, 1, '0', 0, 7, 3, 18, 121, 'rating', '75', '1597181754'),
	(165, 'STD', 1800402209, 1, 1, '0', 0, 4, 2, 14, 107, 'rating', '100', '1597184701'),
	(166, 'STD', 1800402209, 1, 1, '0', 0, 4, 2, 14, 108, 'rating', '75', '1597184722'),
	(167, 'STD', 1800402209, 1, 1, '0', 0, 4, 2, 15, 109, 'rating', '75', '1597184725'),
	(168, 'STD', 1800402209, 1, 1, '0', 0, 4, 2, 15, 110, 'rating', '75', '1597184733'),
	(169, 'STD', 1800402209, 1, 1, '0', 0, 4, 2, 15, 111, 'rating', '75', '1597184735'),
	(170, 'STD', 1800402209, 1, 1, '0', 0, 4, 2, 16, 112, 'rating', '75', '1597184738'),
	(171, 'STD', 1800402209, 1, 1, '0', 0, 4, 2, 16, 113, 'rating', '75', '1597184741'),
	(172, 'STD', 1900403002, 1, 1, '0', 0, 3, 1, 38, 262, 'rating', '100', '1597215937'),
	(173, 'STD', 1900403002, 1, 1, '0', 0, 3, 1, 38, 263, 'rating', '75', '1597215940'),
	(174, 'STD', 1900403002, 1, 1, '0', 0, 3, 1, 38, 264, 'rating', '50', '1597215945'),
	(175, 'STD', 1900403002, 1, 1, '0', 0, 4, 2, 12, 84, 'rating', '75', '1597239666'),
	(176, 'STD', 1900403002, 1, 1, '0', 0, 4, 2, 12, 85, 'rating', '50', '1597239670'),
	(177, 'STD', 1900403002, 1, 1, '0', 0, 4, 2, 12, 86, 'rating', '25', '1597239673'),
	(178, 'STD', 1900403002, 1, 1, '0', 0, 4, 2, 12, 87, 'rating', '100', '1597239677'),
	(179, 'LEC', 25, 0, 1, '0', 0, 7, 3, 18, 120, 'rating', '100', '1597239878'),
	(180, 'STD', 1900403002, 1, 1, '0', 0, 4, 2, 12, 88, 'rating', '100', '1597304951'),
	(181, 'STD', 1900403002, 1, 1, '0', 0, 4, 2, 12, 89, 'rating', '50', '1597304958');

-- Dumping structure for table quad.6a_course
CREATE TABLE IF NOT EXISTS `6a_course` (
  `id` int(11) NOT NULL AUTO_INCREMENT,
  `courseID` varchar(5) NOT NULL,
  `courseName` varchar(150) NOT NULL,
  `level` varchar(3) NOT NULL,
  `facultyID` varchar(5) NOT NULL,
  `duration` tinyint(1) NOT NULL,
  PRIMARY KEY (`id`),
  KEY `facultyID` (`facultyID`),
  KEY `courseID` (`courseID`),
  KEY `level` (`level`)
) ENGINE=InnoDB AUTO_INCREMENT=47 DEFAULT CHARSET=utf8;

-- Dumping data for table quad.6a_course: ~46 rows (approximately)
INSERT INTO `6a_course` (`id`, `courseID`, `courseName`, `level`, `facultyID`, `duration`) VALUES
	(1, 'ELS', 'BACHELOR OF EDUCATION LANGUAGES (ENGLISH & LITERATURE IN ENGLISH)', 'DEG', 'FSE', 3),
	(2, 'BEP', 'BACHELOR OF EDUCATION PRIMARY', 'DEG', 'FSE', 3),
	(3, 'BTI', 'BACHELOR OF INFORMATION TECHNOLOGY', 'DEG', 'FSE', 3),
	(4, 'SCE', 'BACHELOR OF SCIENCE EDUCATION', 'DEG', 'FSE', 3),
	(5, 'SCS', 'BACHELOR OF SCIENCE IN COMPUTER SCIENCE', 'DEG', 'FSE', 3),
	(6, 'BEP', 'DIPLOMA IN EDUCATION PRIMARY', 'DIP', 'FSE', 2),
	(7, 'SLB', 'DIPLOMA IN SCIENCE LABORATORY TECHNOLOGY (BIOLOGY)', 'DIP', 'FSE', 2),
	(8, 'SLC', 'DIPLOMA IN SCIENCE LABORATORY TECHNOLOGY (CHEMISTRY)', 'DIP', 'FSE', 2),
	(9, 'HBA', 'HIGHER EDUCATION ACCESS CERTIFICATE IN BIOLOGY AND AGRICULTURE', 'CER', 'FSE', 1),
	(10, 'HBC', 'HIGHER EDUCATION ACCESS CERTIFICATE IN BIOLOGY AND CHEMISTRY', 'CER', 'FSE', 1),
	(11, 'HEL', 'HIGHER EDUCATION ACCESS CERTIFICATE IN ENGLISH LANGUAGE AND LITERATURE IN ENGLISH', 'CER', 'FSE', 1),
	(12, 'HMC', 'HIGHER EDUCATION ACCESS CERTIFICATE IN MATHEMATICS  AND CHEMISTRY', 'CER', 'FSE', 1),
	(13, 'HPM', 'HIGHER EDUCATION ACCESS CERTIFICATE IN PHYSICS AND MATHEMATICS', 'CER', 'FSE', 1),
	(14, 'MEM', 'MASTER OF EDUCATIONAL LEADERSHIP AND MANAGEMENT', 'MST', 'FSE', 2),
	(15, 'MIM', 'MASTER OF SCIENCE IN INDUSTRIAL MATHEMATICS', 'MST', 'FSE', 2),
	(16, 'MSP', 'MASTER OF SCIENCE IN PHYSICS', 'MST', 'FSE', 2),
	(17, 'APE', 'BACHELOR OF SCIENCE IN AGROPROCESSING ENGINEERING', 'DEG', 'FOE', 4),
	(18, 'WAR', 'BACHELOR OF SCIENCE IN WATER RESOURCES ENGINEERING', 'DEG', 'FOE', 4),
	(19, 'BCT', 'BACHELOR OF SCIENCE IN COMPUTER ENGINEERING', 'DEG', 'FOE', 4),
	(20, 'AMI', 'BACHELOR OF SCIENCE IN AGRICULTURAL MECHANIZATION ENGINEERING', 'DEG', 'FOE', 4),
	(21, 'MEB', 'BACHELOR OF SCIENCE IN MINING ENGINEERING', 'DEG', 'FOE', 4),
	(22, 'PTI', 'BACHELOR OF SCIENCE IN INDUSTRIAL POLYMER AND TEXTILE ENGINEERING', 'DEG', 'FOE', 4),
	(23, 'MDI', 'MASTER OF DRAINAGE AND IRRIGATION ENGINEERING', 'MST', 'FOE', 2),
	(24, 'MCF', 'MASTER OF COMPUTER FORENSICS', 'MST', 'FOE', 2),
	(25, 'DAG', 'DIPLOMA IN AGRICULTURAL ENGINEERING', 'DIP', 'FOE', 2),
	(26, 'DEE', 'DIPLOMA IN ELECTRICAL AND ELECTRONICS ENGINEERING', 'DIP', 'FOE', 2),
	(27, 'DGIE', 'DIPLOMA IN GINING AND INDUSTRIAL ENGINEERING', 'DIP', 'FOE', 2),
	(28, 'DCE', 'DIPLOMA IN COMPUTER ENGINEERING', 'DIP', 'FOE', 2),
	(29, 'DCF', 'POST GRADUATE DIPLOMA IN COMPUTER FORENSICS', 'DIP', 'FOE', 2),
	(30, 'BEE', 'BACHELOR OF SCIENCE IN ELECTRICAL ENGINEERING', 'DEG', 'FOE', 4),
	(31, 'BBA', 'BACHELOR OF BUSINESS ADMINISTRATION', 'DEG', 'FMS', 3),
	(32, 'BTT', 'BACHELOR OF TOURISM AND TRAVEL MANAGEMENT', 'DEG', 'FMS', 3),
	(33, 'DBA', 'DIPLOMA IN BUSINESS ADMINISTRATION', 'DIP', 'FMS', 3),
	(34, 'DRI', 'DIPLOMA IN RECORDS & INFORMATION MANAGEMENT', 'DIP', 'FMS', 3),
	(35, 'DTT', 'DIPLOMA  OF TOURISM AND TRAVEL MANAGEMENT', 'DIP', 'FMS', 3),
	(36, 'MBA', 'MASTER OF BUSINESS ADMINISTRATION', 'MST', 'FMS', 3),
	(37, 'BPM', 'BACHELOR OF PROCUREMENT AND SUPPLY CHAIN MANAGEMENT', 'DEG', 'FMS', 3),
	(38, 'BCH', 'BACHELOR OF CATERING AND HOSPITALITY MANAGEMENT', 'DEG', 'FMS', 3),
	(39, 'EDM', 'BACHELOR  OF ENTREPRENEURSHIP  DEVELOPMENT AND  MANAGEMENT', 'DEG', 'FMS', 3),
	(40, 'DCH', 'DIPLOMA OFCATERING AND HOSPITALITY MANAGEMENT', 'DIP', 'FMS', 3),
	(41, 'MMP', 'MASTER OF MEDICINE ( PAEDIATRICS & CHILD HEALTH)', 'MST', 'FHS', 3),
	(42, 'MPH', 'MASTER OF  PUBLIC HEALTH', 'MST', 'FHS', 3),
	(43, 'MED', 'BACHELOR OF  SCIENCE IN  ANAESTHESIA', 'DEG', 'FHS', 3),
	(44, 'APM', 'BACHELOR  OF SCIENCEIN ANIMAL PRODUCTION AND MANAGEMENT (APM)', 'DEG', 'FAA', 3),
	(45, 'DAP', 'DIPLOMA IN ANIMAL PRODUCTION AND MANAGEMENT', 'DIP', 'FAA', 2),
	(46, 'DCP', 'DIPLOMA IN CROP PRODUCTION AND MANAGEMENT', 'DIP', 'FAA', 2);

-- Dumping structure for table quad.6b_course_unit
CREATE TABLE IF NOT EXISTS `6b_course_unit` (
  `id` int(11) NOT NULL AUTO_INCREMENT,
  `study_yr` tinyint(1) NOT NULL DEFAULT '1',
  `study_sem` tinyint(1) NOT NULL DEFAULT '1',
  `courseID` varchar(10) NOT NULL,
  `facultyID` varchar(5) NOT NULL,
  `deptID` int(11) NOT NULL DEFAULT '0',
  `cuID` varchar(10) NOT NULL,
  `cuName` varchar(150) NOT NULL,
  PRIMARY KEY (`id`),
  KEY `deptID` (`deptID`)
) ENGINE=InnoDB AUTO_INCREMENT=505 DEFAULT CHARSET=latin1;

-- Dumping data for table quad.6b_course_unit: ~502 rows (approximately)
INSERT INTO `6b_course_unit` (`id`, `study_yr`, `study_sem`, `courseID`, `facultyID`, `deptID`, `cuID`, `cuName`) VALUES
	(1, 1, 1, 'SCS', 'FSE', 1, 'SCS101', 'Computer Literacy'),
	(2, 1, 1, 'SCS', 'FSE', 1, 'SCS102', 'Computer Architecture'),
	(3, 1, 1, 'ELS', 'FSE', 3, 'ELS101', 'Introduction to Literature'),
	(4, 1, 1, 'ELS', 'FSE', 3, 'ELS102', 'Cognitive Writing'),
	(5, 2, 1, 'SCS', 'FSE', 1, 'SCS201', 'Intruduction to Computer Science'),
	(6, 1, 1, 'MBA', 'FMS', 4, 'MBA7101', 'Manegerial Economics'),
	(7, 1, 1, 'MBA', 'FMS', 4, 'MBA7102', 'Organizational Systems and Behaviour'),
	(8, 1, 1, 'MBA', 'FMS', 4, 'MBA7103', 'Accounting for Business'),
	(9, 1, 1, 'MBA', 'FMS', 4, 'MBA7104', 'Entrepreneurship and Innovation'),
	(10, 1, 1, 'MBA', 'FMS', 4, 'MBA7105', 'Legal Aspects of Business'),
	(11, 1, 1, 'MBA', 'FMS', 4, 'MBA7201', 'Marketing Management'),
	(12, 1, 1, 'MBA', 'FMS', 4, 'MBA7202', 'Financial Management'),
	(13, 1, 1, 'MBA', 'FMS', 4, 'MBA7203', 'Business Quantitative Methods'),
	(14, 1, 1, 'MBA', 'FMS', 4, 'MBA7204', 'Business Communication'),
	(15, 1, 1, 'MBA', 'FMS', 4, 'MBA7205', 'Human Capital Management'),
	(16, 2, 1, 'MBA', 'FMS', 4, 'MBA8101', 'Strategic Management'),
	(17, 2, 1, 'MBA', 'FMS', 4, 'MBA8102', 'Business Research Management'),
	(18, 2, 1, 'MBA', 'FMS', 4, 'MBA8103', 'Corporate Finance'),
	(19, 2, 1, 'MBA', 'FMS', 4, 'MBA8104', 'Investments and Financing Decisions'),
	(20, 2, 1, 'MBA', 'FMS', 4, 'MBA8105', 'Management Accounting'),
	(21, 2, 1, 'MBA', 'FMS', 4, 'MBA8106', 'Financial Reporting and Analysis'),
	(22, 2, 1, 'MBA', 'FMS', 4, 'MBA8107', 'Machinery Managemnt'),
	(23, 2, 1, 'MBA', 'FMS', 4, 'MBA8108', 'Management of Factory Plants'),
	(24, 2, 1, 'MBA', 'FMS', 4, 'MBA8109', 'Roads and Transport Management'),
	(25, 2, 1, 'MBA', 'FMS', 4, 'MBA8110', 'Real Estates Management'),
	(26, 1, 1, 'MBA', 'FMS', 4, 'MBA8111', 'Hr Laws and Employment Relations'),
	(27, 2, 1, 'MBA', 'FMS', 4, 'MBA8112', 'Compensation and Benefits Management'),
	(28, 1, 1, 'MBA', 'FMS', 4, 'MBA8113', 'Strategic Human Resource Management'),
	(29, 2, 1, 'MBA', 'FMS', 5, 'MBA8114', 'Human Resource Information Systems'),
	(30, 2, 1, 'MBA', 'FMS', 5, 'MBA8115', 'Project Monitoring and Evaluation'),
	(31, 2, 1, 'MBA', 'FMS', 5, 'MBA8116', 'Operations Management'),
	(32, 2, 1, 'MBA', 'FMS', 4, 'MBA8117', 'Development Administration & Management'),
	(33, 2, 1, 'MBA', 'FMS', 4, 'MBA8118', 'Tourism and Hospitality Management'),
	(34, 2, 1, 'MBA', 'FMS', 4, 'MBA8201', 'Ethics and Corporate Governance'),
	(35, 2, 1, 'MBA', 'FMS', 4, 'MBA8202', 'Research Project (Plan B)'),
	(36, 2, 1, 'MBA', 'FMS', 4, 'MBA8204', 'Risk Management'),
	(37, 2, 1, 'MBA', 'FMS', 4, 'MBA8205', 'Audit and Assurance'),
	(38, 2, 1, 'MBA', 'FMS', 4, 'MBA8206', 'International Business and Finance'),
	(39, 2, 1, 'MBA', 'FMS', 4, 'MBA8207', 'Water and Sanitation Management'),
	(40, 2, 1, 'MBA', 'FMS', 4, 'MBA8208', 'Energy Resources Management'),
	(41, 2, 1, 'MBA', 'FMS', 4, 'MBA8209', 'Project Cost Managemnt'),
	(42, 2, 1, 'MBA', 'FMS', 5, 'MBA8210', 'Performance Management'),
	(43, 2, 1, 'MBA', 'FMS', 4, 'MBA8210', 'Performance Management'),
	(44, 2, 1, 'MBA', 'FMS', 4, 'MBA8211', 'Public Policy Formulation and Management'),
	(45, 2, 1, 'MBA', 'FMS', 4, 'MBA8212', 'Organizational Change & Development'),
	(46, 2, 1, 'MBA', 'FMS', 4, 'MBA8213', 'Public Private Partnership'),
	(47, 2, 1, 'BBA', 'FMS', 4, 'BBA1101', 'Foundatiions of Business Administration'),
	(48, 1, 1, 'BBA', 'FMS', 5, 'BBA1102', 'Fundermentals of Information and Communications Technology'),
	(49, 1, 1, 'BBA', 'FMS', 4, 'BBA1103', 'Business Accounting'),
	(50, 1, 1, 'BBA', 'FMS', 4, 'BBA1104', 'Business Communication Skills'),
	(51, 1, 1, 'BBA', 'FMS', 4, 'BBA1105', 'Micro-economics'),
	(52, 1, 1, 'BBA', 'FMS', 4, 'BBA1106', 'Principles of Economics'),
	(53, 1, 1, 'BBA', 'FMS', 4, 'BBA1201', 'Organization Theory and Management'),
	(54, 1, 1, 'BBA', 'FMS', 4, 'BBA1202', 'Business Quantative Methods'),
	(55, 1, 1, 'BBA', 'FMS', 4, 'BBA1203', 'Intermediate Business Accounting'),
	(56, 1, 1, 'BBA', 'FMS', 4, 'BBA1204', 'Principles of Marketing'),
	(57, 1, 1, 'BBA', 'FMS', 4, 'BBA1205', 'Macro-economics'),
	(58, 1, 1, 'BBA', 'FMS', 4, 'BBA1206', 'Business Law'),
	(59, 1, 1, 'BBA', 'FMS', 4, 'BBA2101', 'Principles of Entrepreneurship'),
	(60, 2, 1, 'BBA', 'FMS', 4, 'BBA2102', 'Business Statics'),
	(61, 2, 1, 'BBA', 'FMS', 4, 'BBA2103', 'Business Finance'),
	(62, 2, 1, 'BBA', 'FMS', 4, 'BBA2104', 'Taxation Management'),
	(63, 2, 1, 'BBA', 'FMS', 5, 'BBA2105', 'Mnagement Information Systems'),
	(64, 2, 1, 'BBA', 'FMS', 4, 'BBA2106', 'Company Law'),
	(65, 1, 2, 'BBA', 'FMS', 4, 'BBA2201', 'Foundations of Human Resource Management'),
	(66, 2, 2, 'BBA', 'FMS', 4, 'BBA2202', 'Marketing Management'),
	(67, 2, 2, 'BBA', 'FMS', 4, 'BBA2203', 'Manegerial Economics'),
	(68, 3, 1, 'BBA', 'FMS', 4, 'BBA3101', 'Business Research Methods'),
	(69, 3, 1, 'BBA', 'FMS', 4, 'BBA3102', 'Coporate Governance'),
	(70, 3, 1, 'BBA', 'FMS', 4, 'BBA3103', 'Project Planning and Management'),
	(71, 3, 1, 'BBA', 'FMS', 4, 'BBA3104', 'Financial Reporting'),
	(72, 3, 1, 'BBA', 'FMS', 4, 'BBA3105', 'Audit Theory'),
	(73, 3, 1, 'BBA', 'FMS', 4, 'BBA3106', 'Corporate Finance'),
	(74, 3, 1, 'BBA', 'FMS', 4, 'BBA3107', 'Real Estates Management'),
	(75, 2, 1, 'BBA', 'FMS', 4, 'BBA3108', 'Retail Marketing'),
	(76, 3, 1, 'BBA', 'FMS', 4, 'BBA3109', 'Marketing Channels'),
	(77, 3, 1, 'BBA', 'FMS', 4, 'BBA3110', 'Entrepreneurship and Venture Management'),
	(78, 3, 1, 'BBA', 'FMS', 4, 'BBA3111', 'Social Entrepreneurship'),
	(79, 3, 1, 'BBA', 'FMS', 4, 'BBA3112', 'Management of Social Service Systems'),
	(80, 3, 1, 'BBA', 'FMS', 4, 'BBA3113', 'Loading and Managing Non-Profit Organizations'),
	(81, 3, 1, 'BBA', 'FMS', 4, 'BBA3108', 'Retail Marketing'),
	(82, 3, 1, 'BBA', 'FMS', 4, 'BBA3109', 'Marketing Channels'),
	(83, 1, 1, 'BBA', 'FMS', 4, 'BBA3110', 'Entrepreneurship and Venture Management'),
	(84, 3, 1, 'BBA', 'FMS', 4, 'BBA3111', 'Social Entreprenuership'),
	(85, 2, 1, 'BBA', 'FMS', 4, 'BBA3101', 'Business Research Methods'),
	(86, 3, 1, 'BBA', 'FMS', 4, 'BBA3102', 'Corporate Governance'),
	(87, 3, 1, 'BBA', 'FMS', 4, 'BBA3103', 'Project Planning & Management'),
	(88, 3, 1, 'BBA', 'FMS', 5, 'BBA3112', 'Management of Social Service Systems'),
	(89, 3, 1, 'BBA', 'FMS', 4, 'BBA3113', 'Leading and Managing Non - Profit Organisation'),
	(90, 3, 1, 'BBA', 'FMS', 4, 'BBA3114', 'Local Government & Decentralized Service Delivery'),
	(91, 3, 1, 'BBA', 'FMS', 4, 'BBA3115', 'Social Entrepreneurship'),
	(92, 2, 1, 'BBA', 'FMS', 4, 'BBA3116', 'Supply Chain Management'),
	(93, 3, 1, 'BBA', 'FMS', 4, 'BBA3117', 'Transport and Distribution Management'),
	(94, 3, 1, 'BBA', 'FMS', 5, 'BBA3118', 'E- Procurement'),
	(95, 3, 2, 'BBA', 'FMS', 4, 'BBA3201', 'Strategic Management'),
	(96, 3, 2, 'BBA', 'FMS', 4, 'BBA3202', 'Research Project'),
	(97, 3, 2, 'BBA', 'FMS', 5, 'BBA3203', 'Organizational Systems and Design'),
	(98, 3, 2, 'BBA', 'FMS', 4, 'BBA3209', 'International Marketing'),
	(99, 3, 2, 'BBA', 'FMS', 4, 'BBA3210', 'Sales Force Marketing'),
	(100, 3, 2, 'BBA', 'FMS', 4, 'BBA3210', 'Business Innovation'),
	(101, 3, 2, 'BBA', 'FMS', 4, 'BBA3212', 'Entrepreneurship and Small Management'),
	(102, 3, 2, 'BBA', 'FMS', 4, 'BBA3213', 'Public Policy Analysis and Management'),
	(103, 3, 2, 'BBA', 'FMS', 4, 'BBA3214', 'Health Services Management'),
	(104, 3, 2, 'BBA', 'FMS', 4, 'BBA3215', 'Education Service Managemnent'),
	(105, 3, 2, 'BBA', 'FMS', 4, 'BBA3216', 'Environmental Services Management'),
	(106, 2, 2, 'BBA', 'FMS', 4, 'BBA3217', 'Contracts Managemnet'),
	(107, 3, 2, 'BBA', 'FMS', 4, 'BBA3218', 'Public Procurement'),
	(108, 2, 2, 'BBA', 'FMS', 5, 'BBA3219', 'Global Sourcing'),
	(109, 2, 2, 'BBA', 'FMS', 4, 'BBA3220', 'Sustainable Procurement'),
	(110, 1, 1, 'BTT', 'FMS', 4, 'BTT1101', 'Tourism and Travel Business'),
	(111, 1, 1, 'BTT', 'FMS', 4, 'BTT1102', 'Computer Applicarions'),
	(112, 1, 1, 'BTT', 'FMS', 4, 'BTT1103', 'Travel Agency Operations'),
	(113, 1, 1, 'BTT', 'FMS', 4, 'BTT1104', 'Communication Skils'),
	(114, 1, 1, 'BTT', 'FMS', 4, 'BTT1105', 'Tour Guiding and Leadership Skills'),
	(115, 1, 1, 'BTT', 'FMS', 4, 'BTT1106', 'Fundermentals of Accounting'),
	(116, 1, 1, 'BTT', 'FMS', 4, 'BTT1107', 'Acquatic Tourism'),
	(117, 1, 1, 'BTT', 'FMS', 4, 'BTT1201', 'Financial Management'),
	(118, 1, 1, 'BTT', 'FMS', 4, 'BTT1202', 'Environment Management for Tourism'),
	(119, 1, 2, 'BTT', 'FMS', 4, 'BTT1203', 'Human Resource Management'),
	(120, 1, 1, 'BTT', 'FMS', 4, 'BTT1204', 'Principles of Hospitality Management'),
	(121, 1, 1, 'BTT', 'FMS', 4, 'BTT1205', 'Wildlife Tourism'),
	(122, 1, 2, 'BTT', 'FMS', 5, 'BTT1206', 'Tourism Analysis'),
	(123, 1, 2, 'BTT', 'FMS', 4, 'BTT1207', 'Tourism Marketing and Destination Promotion'),
	(124, 1, 2, 'BTT', 'FMS', 4, 'BTT1301', 'Industrial Attachment'),
	(125, 2, 1, 'BTT', 'FMS', 5, 'BTT2101', 'Introduction to Leisure and Recreation'),
	(126, 2, 1, 'BTT', 'FMS', 4, 'BTT2102', 'Tourism and Travel Industry Operations'),
	(127, 2, 1, 'BTT', 'FMS', 4, 'BTT2103', 'Eat African Wildlife'),
	(128, 2, 1, 'BTT', 'FMS', 4, 'BTT2104', 'Cultural Tourism'),
	(129, 2, 1, 'BTT', 'FMS', 5, 'BTT2105', 'Events Management'),
	(130, 2, 1, 'BTT', 'FMS', 4, 'BTT2106', 'Rural based Tourism Management'),
	(131, 2, 2, 'BTT', 'FMS', 4, 'BTT2201', 'Tourism and Travel Management Issues'),
	(132, 2, 2, 'BTT', 'FMS', 4, 'BTT2202', 'Conventions and Management of Functions'),
	(133, 2, 2, 'BTT', 'FMS', 4, 'BTT2203', 'Hospitality and Tourism Law'),
	(134, 2, 2, 'BTT', 'FMS', 4, 'BTT2204', 'Sport & Events Tourism'),
	(135, 2, 2, 'BTT', 'FMS', 5, 'BTT2205', 'Research Methods'),
	(136, 2, 2, 'BTT', 'FMS', 4, 'BBT2206', 'French I'),
	(137, 2, 2, 'BTT', 'FMS', 4, 'BTT2207', 'Kiswahili I'),
	(138, 2, 2, 'BTT', 'FMS', 4, 'BTT2208', 'German I'),
	(139, 2, 2, 'BTT', 'FMS', 5, 'BTT2302', 'Industrial Attachment'),
	(140, 3, 1, 'BTT', 'FMS', 4, 'BTT3101', 'Principles of Tourism Law'),
	(141, 3, 1, 'BTT', 'FMS', 4, 'BTT3102', 'Economics of Hospitality and Tourism'),
	(142, 3, 1, 'BTT', 'FMS', 4, 'BTT3103', 'Tourism Planning and policy Management'),
	(143, 3, 1, 'BTT', 'FMS', 4, 'BTT3104', 'Tour and Travel Operations Managemnt'),
	(144, 3, 1, 'BTT', 'FMS', 5, 'BTT3105', 'World Geography for Tourism'),
	(145, 3, 1, 'BTT', 'FMS', 4, 'BTT3106', 'Public Relations'),
	(146, 3, 1, 'BTT', 'FMS', 4, 'BTT3107', 'French II'),
	(147, 3, 1, 'BTT', 'FMS', 5, 'BTT3108', 'Kiswahili II'),
	(148, 3, 1, 'BTT', 'FMS', 4, 'BTT3109', 'German II'),
	(149, 3, 2, 'BTT', 'FMS', 4, 'BTT3201', 'International Tourism'),
	(150, 3, 1, 'BTT', 'FMS', 4, 'BTT3202', 'Tourism Entrepreneurship'),
	(151, 3, 2, 'BTT', 'FMS', 4, 'BTT3203', 'Principles of Marketing'),
	(152, 3, 2, 'BTT', 'FMS', 4, 'BTT3204', 'Tour Project Planning & Management'),
	(153, 3, 2, 'BTT', 'FMS', 4, 'BTT3205', 'Sustainable Tourism Development'),
	(154, 3, 2, 'BTT', 'FMS', 5, 'BTT3206', 'East African Societies'),
	(155, 3, 2, 'BTT', 'FMS', 4, 'BTT3207', 'Health, Safety and Security in Tourism Industry'),
	(156, 3, 2, 'BTT', 'FMS', 4, 'BTT3208', 'Research Report'),
	(157, 1, 1, 'DRI', 'FMS', 4, 'DRI1101', 'Principles of Record Management'),
	(158, 1, 1, 'DRI', 'FMS', 4, 'DRI1102', 'Skills and Practice of Communication'),
	(159, 1, 1, 'DRI', 'FMS', 4, 'DRI1103', 'Essential of Management'),
	(160, 1, 1, 'DRI', 'FMS', 5, 'DRI1104', 'Records and Archive Management Ethics'),
	(161, 1, 1, 'DRI', 'FMS', 5, 'DRI1105', 'Information and Communications Technology'),
	(162, 1, 1, 'DRI', 'FMS', 4, 'DRI1106', 'Fundermentals of Accounting'),
	(163, 1, 1, 'DRI', 'FMS', 5, 'DRI1201', 'Principles of Records Classifications'),
	(164, 1, 2, 'DRI', 'FMS', 4, 'DRI1202', 'Management'),
	(165, 1, 2, 'DRI', 'FMS', 4, 'DRI1203', 'Practice'),
	(166, 1, 1, 'DRI', 'FMS', 4, 'DRI1204', 'Identification'),
	(167, 1, 2, 'DRI', 'FMS', 5, 'DRI1204', 'Store Keeping and Materials Management'),
	(168, 1, 2, 'DRI', 'FMS', 4, 'DRI1206', 'Information and Communicatioins Technology II'),
	(169, 1, 2, 'DRI', 'FMS', 4, 'DRI1207', 'Field Work'),
	(170, 2, 1, 'DRI', 'FMS', 4, 'DRI2101', 'Computerized and Electronic Records Management'),
	(171, 2, 1, 'DRI', 'FMS', 5, 'DRI2102', 'Paper Making & Printing'),
	(172, 2, 1, 'DRI', 'FMS', 4, 'DRI2103', 'Fundermentals of Archives Management'),
	(173, 2, 1, 'DRI', 'FMS', 5, 'DRI2104', 'Organizational Management of Audio Visual Information'),
	(174, 2, 1, 'DRI', 'FMS', 4, 'DRI2105', 'Research Methods'),
	(175, 2, 2, 'DRI', 'FMS', 4, 'DRI2202', 'Preservation and Conservation of Information in Records'),
	(176, 2, 2, 'DRI', 'FMS', 4, 'DRI2202', 'Technical Writing and Documentation'),
	(177, 2, 2, 'DRI', 'FMS', 5, 'DRI2203', 'Paleology and Oral History'),
	(178, 2, 2, 'DRI', 'FMS', 5, 'DRI2204', 'Museology'),
	(179, 1, 2, 'DRI', 'FMS', 5, 'DRI2205', 'Research Analysis of Data'),
	(180, 2, 2, 'DRI', 'FMS', 5, 'DRI2205', 'Research Proposal'),
	(181, 1, 1, 'DBA', 'FMS', 4, 'DBA1101', '7'),
	(182, 1, 1, 'DBA', 'FMS', 5, 'DBA1102', 'Principles of Information and Communication'),
	(183, 1, 1, 'DBA', 'FMS', 4, 'DBA1103', 'Financial Accounting'),
	(184, 1, 1, 'DBA', 'FMS', 4, 'DBA1104', 'Business Communication'),
	(185, 1, 1, 'DBA', 'FMS', 4, 'DBA1105', 'Micro-economics'),
	(186, 1, 2, 'DBA', 'FMS', 4, 'DBA1201', 'Principles of Management'),
	(187, 1, 2, 'DBA', 'FMS', 4, 'DBA1202', 'Macro- Economics'),
	(188, 1, 2, 'DBA', 'FMS', 4, 'DBA1203', 'Principles of Marketing'),
	(189, 1, 2, 'DBA', 'FMS', 4, 'DBA1204', 'Business Law'),
	(190, 1, 2, 'DBA', 'FMS', 4, 'DBA1205', 'Business Statistics'),
	(191, 1, 2, 'DBA', 'FMS', 4, 'DBA1206', 'Research Methods'),
	(192, 2, 1, 'DBA', 'FMS', 4, 'DBA2101', 'Procurement and Supplies Management'),
	(193, 2, 1, 'DBA', 'FMS', 4, 'DBA2102', 'Intermediate Business Accounting'),
	(194, 2, 1, 'DBA', 'FMS', 4, 'DBA2103', 'Business Finanace'),
	(195, 2, 1, 'DBA', 'FMS', 4, 'DBA2104', 'Elements of Taxation'),
	(196, 2, 1, 'DBA', 'FMS', 4, 'DBA2105', 'Business Quantative Methods'),
	(197, 2, 2, 'DBA', 'FMS', 4, 'DBA2201', 'Entrepreneurship Development'),
	(198, 2, 2, 'DBA', 'FMS', 4, 'DBA2202', 'Cost and Management Accounting'),
	(199, 2, 2, 'DBA', 'FMS', 4, 'DBA2203', 'Principles of Accounting'),
	(200, 2, 2, 'DBA', 'FMS', 5, 'DBA2204', 'Management Information Systems'),
	(201, 2, 2, 'DBA', 'FMS', 4, 'DBA2205', 'Human Resource Management'),
	(202, 2, 2, 'DBA', 'FMS', 5, 'DBA2206', 'Research Proposal'),
	(203, 1, 1, 'DTT', 'FMS', 5, 'DTT1101', 'Computer Applications'),
	(204, 1, 1, 'DTT', 'FMS', 4, 'DTT1102', 'Principles of Tourism & Travel'),
	(205, 1, 1, 'DTT', 'FMS', 4, 'DTT1103', 'Travel Agency Operations'),
	(206, 1, 1, 'DTT', 'FMS', 4, 'DDT1104', 'Communication Skills'),
	(207, 1, 1, 'DTT', 'FMS', 4, 'DTT1105', 'Tour Guiding and Leadership'),
	(208, 1, 1, 'DTT', 'FMS', 4, 'DDT1106', 'Introductory Economics'),
	(209, 1, 2, 'DTT', 'FMS', 4, 'DDT1201', 'Air Fares and Ticketing'),
	(210, 1, 2, 'DTT', 'FMS', 4, 'DTT1202', 'Human Resource Management'),
	(211, 1, 2, 'DTT', 'FMS', 4, 'DTT1203', 'Marketing Tourism'),
	(212, 1, 2, 'DTT', 'FMS', 4, 'DTT1204', 'French'),
	(213, 1, 2, 'DTT', 'FMS', 4, 'DTT1205', 'Swahili'),
	(214, 1, 2, 'DTT', 'FMS', 4, 'DTT1206', 'German'),
	(215, 1, 2, 'DTT', 'FMS', 4, 'DTT1207', 'wildlife Tourism i'),
	(216, 1, 2, 'DTT', 'FMS', 4, 'DTT1208', 'Fundermentals of Accounting'),
	(217, 1, 2, 'DTT', 'FMS', 4, 'DTT1209', 'Industrial Attachment'),
	(218, 2, 1, 'DTT', 'FMS', 4, 'DTT2101', 'Business Entrepreneurship'),
	(219, 2, 1, 'DTT', 'FMS', 5, 'DTT2102', 'Tourism Analysis'),
	(220, 2, 1, 'DTT', 'FMS', 4, 'DT2103', 'Wildlife Tourism'),
	(221, 2, 1, 'DTT', 'FMS', 4, 'DTT2104', 'Principles of Hospitality Management'),
	(222, 1, 1, 'DTT', 'FMS', 4, 'DTT2105', 'Research Methods'),
	(223, 2, 1, 'DTT', 'FMS', 4, 'DTT2106', 'Acquatic Tourism'),
	(224, 2, 1, 'DTT', 'FMS', 4, 'DTT2201', 'Environment Management for Tourism'),
	(225, 2, 2, 'DTT', 'FMS', 4, 'DTT2202', 'Tourism Resources in Esat Africa'),
	(226, 2, 2, 'DTT', 'FMS', 4, 'DTT2203', 'Healthy, Safety and Security Tourism'),
	(227, 2, 2, 'DTT', 'FMS', 4, 'DTT2204', 'Destination Management'),
	(228, 2, 2, 'DTT', 'FMS', 4, 'DTT2205', 'Research Proposal'),
	(229, 1, 1, 'BPM', 'FMS', 4, 'BPM1101', 'Introduction to Procurement'),
	(230, 1, 1, 'BPM', 'FMS', 4, 'BPM1102', 'Computer Application 1'),
	(231, 1, 1, 'BPM', 'FMS', 4, 'BPM1103', 'Ware house and Inventory Management'),
	(232, 1, 1, 'BPM', 'FMS', 4, 'BPM1104', 'Business Communication Skills'),
	(233, 1, 1, 'BPM', 'FMS', 4, 'BPM1105', 'Micro-Economics'),
	(234, 1, 1, 'BPM', 'FMS', 4, 'BPM1106', 'Fundermentals of Accounting'),
	(235, 1, 2, 'BPM', 'FMS', 4, 'BPM1201', 'Principles of Management'),
	(236, 1, 2, 'BPM', 'FMS', 4, 'BPM1202', 'Fundermentals of Business Administration'),
	(237, 1, 2, 'BPM', 'FMS', 4, 'BPM1203', 'Logistics Management'),
	(238, 1, 2, 'BPM', 'FMS', 5, 'BPM1204', 'Computer Applications II'),
	(239, 1, 2, 'BPM', 'FMS', 4, 'BPM1205', 'Macro- Economics'),
	(240, 1, 2, 'BPM', 'FMS', 4, 'BPM1206', 'Customer Service and Logistics'),
	(241, 2, 1, 'BPM', 'FMS', 4, 'BPM2101', 'Marketing Management'),
	(242, 1, 1, 'BPM', 'FMS', 4, 'BPM2102', 'Financial Management'),
	(243, 2, 1, 'BPM', 'FMS', 4, 'BPM2103', 'Business Statistics'),
	(244, 2, 1, 'BPM', 'FMS', 4, 'BPM2104', 'Procurement for Resale'),
	(245, 2, 1, 'BPM', 'FMS', 4, 'BPM2105', 'Value Chain Management'),
	(246, 2, 1, 'BPM', 'FMS', 5, 'BPM2106', 'Production and Operations Management'),
	(247, 2, 2, 'BPM', 'FMS', 5, 'BPM2201', 'Research Methods'),
	(248, 2, 2, 'BPM', 'FMS', 4, 'BPM2202', 'Procurement Law'),
	(249, 2, 2, 'BPM', 'FMS', 4, 'BPM2203', 'Specifications and Supply Chain Management'),
	(250, 1, 2, 'BPM', 'FMS', 4, 'BPM2204', 'Cost Acoounting'),
	(251, 2, 2, 'BPM', 'FMS', 4, 'BPM2205', 'Risk & Insurance in Supply Chain Management'),
	(252, 2, 2, 'BPM', 'FMS', 4, 'BPM2206', 'Human Resource Management'),
	(253, 3, 1, 'BPM', 'FMS', 4, 'BPM3101', 'Strategic Procurement Management'),
	(254, 3, 1, 'BPM', 'FMS', 4, 'BPM3102', 'Relationship Management and Negotiations in SC'),
	(255, 2, 1, 'BPM', 'FMS', 5, 'BPM3103', 'E- Procurement'),
	(256, 3, 1, 'BPM', 'FMS', 4, 'BPM3104', 'Procurement Ethics'),
	(257, 3, 1, 'BPM', 'FMS', 4, 'BPM3105', 'Taxation Management'),
	(258, 3, 1, 'BPM', 'FMS', 4, 'BPM3106', 'Procurement records management'),
	(259, 3, 2, 'BPM', 'FMS', 4, 'BPM3201', 'Logistics in Supply Chain Managemment'),
	(260, 3, 2, 'BPM', 'FMS', 4, 'BPM3205', 'International Procurement Management'),
	(261, 3, 2, 'BPM', 'FMS', 4, 'BPM3206', 'Entrepreneurship'),
	(262, 3, 2, 'BPM', 'FMS', 5, 'BPM3207', 'Research Projects'),
	(263, 1, 1, 'BCH', 'FMS', 4, 'BCH1101', 'Food Production I'),
	(264, 1, 1, 'BCH', 'FMS', 5, 'BCH1102', 'Computer Applications'),
	(265, 1, 1, 'BCH', 'FMS', 4, 'BCH1103', 'Food and Beverage Service I'),
	(266, 1, 1, 'BCH', 'FMS', 4, 'BCH1104', 'Communication Skills'),
	(267, 1, 1, 'BCH', 'FMS', 4, 'BCH1105', 'Front Office Operation'),
	(268, 1, 1, 'BCH', 'FMS', 4, 'BCH1106', 'Fundermentals of Accounting'),
	(269, 2, 1, 'BCH', 'FMS', 4, 'BCH2101', 'Food Production III'),
	(270, 2, 1, 'BCH', 'FMS', 4, 'BCH2102', 'Facility and House Keeping II'),
	(271, 2, 1, 'BCH', 'FMS', 4, 'BCH2103', 'Accomodation Management'),
	(272, 2, 1, 'BCH', 'FMS', 4, 'BCH2104', 'Food and Beverage Management and Control'),
	(273, 2, 1, 'BCH', 'FMS', 4, 'BCH2105', 'Introduction to Leisure and Recreation'),
	(274, 2, 1, 'BCH', 'FMS', 4, 'BCH2106', 'Front Office Operations III'),
	(275, 3, 1, 'BCH', 'FMS', 4, 'BCH3101', 'Business Ethics'),
	(276, 3, 1, 'BCH', 'FMS', 4, 'BCH3102', 'Economics for Hospitality abd Tourism'),
	(277, 3, 1, 'BCH', 'FMS', 4, 'BCH3103', 'Food related micro-organism and Disease'),
	(278, 3, 1, 'BCH', 'FMS', 5, 'BCH3104', 'Foood and Nutrition for Hospitality Industry'),
	(279, 3, 1, 'BCH', 'FMS', 4, 'BCH3105', 'Organizational behaviour for Hospitality'),
	(280, 3, 1, 'BCH', 'FMS', 5, 'BCH3106', 'International Relations'),
	(281, 3, 1, 'BCH', 'FMS', 4, 'BCH3107', 'French II'),
	(282, 3, 1, 'BCH', 'FMS', 4, 'BCH3108', 'German II'),
	(283, 3, 1, 'BCH', 'FMS', 4, 'BCH3109', 'Kiswahili II'),
	(284, 1, 1, 'EDM', 'FMS', 4, 'EDM1101', 'Foundations of Entrepreneurship'),
	(285, 1, 1, 'EDM', 'FMS', 4, 'EDM1102', 'Management of Small Business'),
	(286, 1, 1, 'EDM', 'FMS', 4, 'EDM1103', 'Micro-econommics'),
	(287, 1, 1, 'EDM', 'FMS', 4, 'EDM1104', 'Principles of Accounting'),
	(288, 1, 1, 'EDM', 'FMS', 4, 'EDM1105', 'Management Mathematics'),
	(289, 1, 1, 'EDM', 'FMS', 4, 'EDM1106', 'Communication Skills'),
	(290, 1, 1, 'EDM', 'FMS', 4, 'EDM2101', 'Entrepreneurship Operations Management'),
	(291, 1, 1, 'EDM', 'FMS', 4, 'EDM2102', 'Local Government and Decentralized Service Delivery'),
	(292, 1, 1, 'EDM', 'FMS', 4, 'EDM2103', 'Consumer Behaviour'),
	(293, 2, 1, 'EDM', 'FMS', 4, 'EDM2101', 'Entrepreneurship Operations Management'),
	(294, 2, 1, 'EDM', 'FMS', 4, 'EDM2102', 'Local Government and Decentralized Service Delivery'),
	(295, 2, 1, 'EDM', 'FMS', 4, 'EDM2103', 'Consumer Behaviour'),
	(296, 2, 1, 'EDM', 'FMS', 4, 'EDM2104', 'Resource Mobilization Strategies'),
	(297, 2, 1, 'EDM', 'FMS', 4, 'EDM2105', 'Principles of Marketing'),
	(298, 2, 1, 'EDM', 'FMS', 4, 'EDM2106', 'Research Methods'),
	(299, 3, 1, 'EDM', 'FMS', 4, 'EDM3101', 'Business Law'),
	(300, 3, 1, 'EDM', 'FMS', 4, 'EDM3102', 'International Marketing for Entrepreneurs'),
	(301, 3, 1, 'EDM', 'FMS', 5, 'EDM3103', 'High Technology Ventures'),
	(302, 3, 1, 'EDM', 'FMS', 4, 'EDM3104', 'Entrepreneurial Solutions to global poverty'),
	(303, 3, 1, 'EDM', 'FMS', 4, 'EDM3105', 'E- Commerce and Entrepreneurship'),
	(304, 3, 1, 'EDM', 'FMS', 4, 'EDM3106', 'Human Resource Management'),
	(305, 1, 1, 'DCH', 'FMS', 4, 'DCH1101', 'Food Production I'),
	(306, 1, 1, 'DCH', 'FMS', 4, 'DCH1102', 'Computer Applications'),
	(307, 1, 1, 'DCH', 'FMS', 4, 'DCH1103', 'Food and Beverage Service I'),
	(308, 1, 1, 'DCH', 'FMS', 4, 'DCH1104', 'Communication Skills'),
	(309, 1, 1, 'DCH', 'FMS', 4, 'DCH1105', 'Front Office Operation'),
	(310, 2, 1, 'DCH', 'FMS', 4, 'DCH2101', 'Food Production II'),
	(311, 2, 1, 'DCH', 'FMS', 4, 'DCH2102', 'Hotel Housekeeping II'),
	(312, 2, 1, 'DCH', 'FMS', 4, 'DCH2103', 'Accomodation Management'),
	(313, 2, 1, 'DCH', 'FMS', 4, 'DCH2104', 'Food and Beverage Management and Control'),
	(314, 2, 1, 'DCH', 'FMS', 5, 'DCH2105', 'Research Methods'),
	(315, 1, 1, 'MMP', 'FHS', 16, 'MMP:7101', 'Introduction to Emmergency Pediatrics'),
	(316, 1, 1, 'MMP', 'FHS', 17, 'MMP: 7102', 'Medical Ethics & Gender Concepts'),
	(317, 1, 1, 'MMP', 'FHS', 17, 'MPP: 7103', 'Growth, development & Genetics'),
	(318, 1, 1, 'MMP', 'FHS', 17, 'MPP: 7104', 'Infectious disease and immunology & allergic diseases'),
	(319, 1, 1, 'MMP', 'FHS', 17, 'MMP:7105', 'Principles of teaching & learning'),
	(320, 2, 1, 'MMP', 'FHS', 17, 'MMP: 8101', 'Intermediate Emergency PEdiatrics (i)'),
	(321, 2, 1, 'MMP', 'FHS', 17, 'MMP: 8102', 'Neaonatology'),
	(322, 2, 1, 'MMP', 'FHS', 17, 'MMP: 8103', 'Child & Adolescent Mental Health'),
	(323, 2, 1, 'MMP', 'FHS', 17, 'MMP: 8104', 'Basic epidimology, statistics and applied research methods.'),
	(324, 3, 1, 'MMP', 'FHS', 17, 'MMP: 9101', 'Advanced Emmergency Pediatrics (i)'),
	(325, 3, 1, 'MMP', 'FHS', 17, 'MMP: 9102', 'Pulmonology'),
	(326, 3, 1, 'MMP', 'FHS', 17, 'MMP: 9103', 'Endocrine & Metabolic disorders'),
	(327, 3, 1, 'MMP', 'FHS', 17, 'MMP: 9104', 'Emerging & re-emerging diseases'),
	(328, 1, 1, 'MPH', 'FHS', 18, 'MPH: 7101', 'Primary  Healthcare: Principles an Practice'),
	(329, 1, 1, 'MPH', 'FHS', 18, 'MPH:7102', 'Health & Health Systems'),
	(330, 1, 1, 'MPH', 'FHS', 18, 'MPH:7103', 'Population Demographic and  Disease'),
	(331, 1, 1, 'MPH', 'FHS', 18, 'MPH:7104', 'Health Information Systems'),
	(332, 2, 1, 'MPH', 'FHS', 18, 'MPH:8201', 'Advanced Epidemiology'),
	(333, 2, 1, 'MPH', 'FHS', 18, 'MPH:8203', 'Data Management and Analysis'),
	(334, 2, 1, 'MPH', 'FHS', 18, 'MPH:8202', 'Quantative  Research Methods'),
	(335, 2, 1, 'MPH', 'FHS', 18, 'MPH:8205', 'Research  Proposal Development'),
	(336, 1, 1, 'MED', 'FHS', 19, 'MED1101', 'The Medical Profession, Nationalism & Ethics'),
	(337, 1, 1, 'MED', 'FHS', 20, 'MED1102', 'Information & Telecommunications technology in Medicine'),
	(338, 1, 1, 'MED', 'FHS', 20, 'MED11033', 'Cells, Tissues and Body Systems'),
	(339, 1, 1, 'MED', 'FHS', 20, 'MED1104', 'Blood and  Body  Fluids'),
	(340, 2, 1, 'MED', 'FHS', 20, 'MED2101', 'Neuroscience'),
	(341, 2, 1, 'MED', 'FHS', 20, 'MED2102', 'Cardiovascular and Respiratory System'),
	(342, 2, 1, 'MED', 'FHS', 20, 'MED2103', 'The Endocrine Reproductive and Urinary System'),
	(343, 3, 1, 'MED', 'FHS', 20, 'BSA3101', 'Pre-operative Assessment'),
	(344, 3, 1, 'MED', 'FHS', 20, 'BSA3102', 'Premedication and Infection Control'),
	(345, 3, 1, 'MED', 'FHS', 20, 'BSA3103', 'Induction of General Anaesthesia'),
	(346, 3, 1, 'MED', 'FHS', 20, 'BSA3104', 'Intra- and Post- operative Care'),
	(347, 3, 1, 'MED', 'FHS', 20, 'BSA3105', 'Introduction to Anaesthesia for Emergency Surgery and Management of Respiratory and Cardiac Arrest'),
	(348, 4, 1, 'MED', 'FHS', 20, 'BSA4101', 'Acute Pain  Management'),
	(349, 4, 1, 'MED', 'FHS', 20, 'BSA4102', 'Clinical Anaesthesia: Regional'),
	(350, 4, 1, 'MED', 'FHS', 20, 'BSA4103', 'Clinical Anaesthesia: Paediatrics'),
	(351, 4, 1, 'MED', 'FHS', 20, 'BSA4104', 'Emergency   Care'),
	(352, 4, 1, 'MED', 'FHS', 20, 'BSA4201', 'Critical  Care: I'),
	(353, 4, 1, 'MED', 'FHS', 20, 'BSA4202', 'Critical  Care: II'),
	(354, 4, 1, 'MED', 'FHS', 20, 'BSA4203', 'Critical  Care: III'),
	(355, 1, 1, 'APM', 'FAA', 21, 'APM1101', 'Farm Animal Anatomy'),
	(356, 1, 1, 'APM', 'FAA', 21, 'APM1102', 'Farm Animal Physiology'),
	(357, 1, 1, 'APM', 'FAA', 21, 'APM1103', 'Applied Biochemisty of Farm Animals'),
	(358, 1, 1, 'APM', 'FAA', 21, 'APM1104', 'Animal Resources, Rural Development & Gender'),
	(359, 1, 1, 'APM', 'FAA', 21, 'APM1105', 'Wildlife Resources ( Farming & Ranching)'),
	(360, 1, 1, 'APM', 'FAA', 21, 'APM1106', 'Development Studies, Sociolgy in Animal Production'),
	(361, 2, 1, 'APM', 'FAA', 21, 'APM2101', 'Biostatistics in Animal Production'),
	(362, 2, 1, 'APM', 'FAA', 21, 'APM2102', 'Assisted Reproduction Technologies & Gene Banking'),
	(363, 2, 1, 'APM', 'FAA', 21, 'APM2103', 'Animal Genetics & Bleeding'),
	(364, 2, 1, 'APM', 'FAA', 21, 'APM2104', 'Pharmacology & Animal  Drugs Management'),
	(365, 2, 1, 'APM', 'FAA', 21, 'APM2105', 'Natural Products & Ethno-Pharmacology'),
	(366, 2, 1, 'APM', 'FAA', 21, 'APM2106', 'Animal & Enviromental Toxicology'),
	(367, 2, 1, 'APM', 'FAA', 21, 'APM3101', 'Poultry  Production, Value  Addition and Marketing'),
	(368, 2, 1, 'APM', 'FAA', 21, 'APM3102', 'Aquaculture,Value  Addition and Marketing'),
	(369, 3, 1, 'APM', 'FAA', 21, 'APM3101', 'Poultry  Production, Value  Addition and Marketing'),
	(370, 3, 1, 'APM', 'FAA', 21, 'APM3102', 'Aquaculture,Value  Addition and Marketing'),
	(371, 3, 1, 'APM', 'FAA', 21, 'APM3103', 'Micro-livestock production, Value  Addition and Marketing'),
	(372, 3, 1, 'APM', 'FAA', 21, 'APM3104', 'Animal Product Quality Assurance'),
	(373, 3, 1, 'APM', 'FAA', 21, 'APM3105', 'Public Health  in Animal Production'),
	(374, 3, 1, 'APM', 'FAA', 21, 'APM3106', 'Leather  Technology'),
	(375, 3, 1, 'APM', 'FAA', 21, 'APM3107', 'Livestock Production Economics'),
	(376, 1, 1, 'DAP', 'FAA', 21, 'DAP1101', 'Livestock- Environment Interaction'),
	(377, 1, 1, 'DAP', 'FAA', 21, 'DAP1102', 'Animal genetics and Bleeding'),
	(378, 1, 1, 'DAP', 'FAA', 21, 'DAP1103', 'Farm Practices I'),
	(379, 1, 1, 'DAP', 'FAA', 21, 'DAP1104', 'Farm  Structures and Agricultural Mechanization'),
	(380, 1, 1, 'DAP', 'FAA', 21, 'DAP1105', 'Farm  Management and Communications Skills'),
	(381, 1, 1, 'DAP', 'FAA', 21, 'DAP1106', 'Biochemistry'),
	(382, 1, 1, 'DAP', 'FAA', 21, 'DAP1107', 'Computer Applications'),
	(383, 1, 1, 'DAP', 'FAA', 21, 'DAP1108', 'Farm Animal Anatomy and Physiology'),
	(384, 2, 1, 'DAP', 'FAA', 21, 'DAP2101', 'Dairy and Beef Production Technology and Marketing'),
	(385, 2, 1, 'DAP', 'FAA', 21, 'DAP2102', 'Principles of Ethno-Pharmacology'),
	(386, 2, 1, 'DAP', 'FAA', 21, 'DAP2103', 'Research  Project'),
	(387, 2, 1, 'DAP', 'FAA', 21, 'DAP2104', 'Rural  Sociology and Community Outreach'),
	(388, 2, 1, 'DAP', 'FAA', 21, 'DAP2105', 'Wildlife Ecology and Management'),
	(389, 2, 1, 'DAP', 'FAA', 21, 'DAP2106', 'Animal Nutrition and Feed  Technology'),
	(390, 2, 1, 'DAP', 'FAA', 21, 'DAP2107', 'Poultry Production and Marketing'),
	(391, 1, 1, 'DCP', 'FAA', 22, 'DCP1101', 'Principles of Agriculture and Climatology'),
	(392, 1, 1, 'DCP', 'FAA', 22, 'DCP1102', 'Annual Crops Production'),
	(393, 1, 1, 'DCP', 'FAA', 22, 'DCP1103', 'Farm Practices I'),
	(394, 1, 1, 'DCP', 'FAA', 22, 'DCP1104', 'Soils and Soil Improvement'),
	(395, 1, 1, 'DCP', 'FAA', 22, 'DCP1105', 'Farm Structures and Workshop Skills'),
	(396, 1, 1, 'DCP', 'FAA', 22, 'DCP1106', 'DCP1106'),
	(397, 1, 1, 'DCP', 'FAA', 22, 'DCP1107', 'Computer Applications'),
	(398, 1, 1, 'DCP', 'FAA', 22, 'DCP2101', 'Introduction  to Botany  & Physiology'),
	(399, 1, 1, 'DCP', 'FAA', 22, 'DCP2102', 'Agro forestry  & Apiculture'),
	(400, 1, 1, 'DCP', 'FAA', 22, 'DCP2103', 'Crop Protection'),
	(401, 1, 1, 'DCP', 'FAA', 22, 'DCP2104', 'Sustainable Agriculture'),
	(402, 1, 1, 'DCP', 'FAA', 22, 'DCP2105', 'Extension Education, Rural Sociology and Gender'),
	(403, 1, 1, 'DCP', 'FAA', 22, 'DCP2106', 'Special Project'),
	(404, 1, 1, 'DCP', 'FAA', 22, 'DCP2107', 'Outreach'),
	(405, 1, 1, 'MCF', 'FOE', 23, 'MCF8101', 'Web Programming'),
	(406, 1, 1, 'MCF', 'FOE', 23, 'MCF8102', 'Cybercrime & Digital Forensic'),
	(407, 1, 1, 'MCF', 'FOE', 23, 'MCF8103', 'Criminal Justice'),
	(408, 1, 1, 'MCF', 'FOE', 23, 'MCF8104', 'Network Technologies'),
	(409, 1, 1, 'MCF', 'FOE', 23, 'MCF8105', 'Information Privacy and Security'),
	(410, 1, 1, 'MCF', 'FOE', 23, 'MCF8106', 'OS Platforms & Computer Technologies'),
	(411, 2, 1, 'MCF', 'FOE', 23, 'MCF9101', 'Research Methods'),
	(412, 2, 1, 'MCF', 'FOE', 23, 'MCF9102', 'Constitutional Law'),
	(413, 2, 1, 'MCF', 'FOE', 23, 'MCF9103', 'Cryptographic and Authentication'),
	(414, 2, 1, 'MCF', 'FOE', 23, 'MCF9104', 'Distributed Systems'),
	(415, 2, 1, 'MCF', 'FOE', 23, 'MCF9105', 'Wireless and  mobile computing'),
	(416, 1, 1, 'PTI', 'FOE', 25, 'PTI1101', 'Engineering Mathematics I'),
	(417, 1, 1, 'PTI', 'FOE', 25, 'PTI1102', 'Computer Applications'),
	(418, 1, 1, 'PTI', 'FOE', 25, 'PTI1103', 'Organic Chemistry'),
	(419, 1, 1, 'PTI', 'FOE', 25, 'PTI1104', 'Engineering  Drawing I'),
	(420, 1, 1, 'PTI', 'FOE', 25, 'PTI1105', 'Communications Skills'),
	(421, 1, 1, 'PTI', 'FOE', 25, 'PTI1106', 'Engineering Mechanics I ( Statics)'),
	(422, 2, 1, 'PTI', 'FOE', 25, 'PTI2101', 'Engineering  Mathematics  III'),
	(423, 2, 1, 'PTI', 'FOE', 25, 'PTI2101', 'Engineering  Mathematics  III'),
	(424, 2, 1, 'PTI', 'FOE', 25, 'PTI2102', 'Electrical Machines and Devices'),
	(425, 2, 1, 'PTI', 'FOE', 25, 'PTI2103', 'Computer  Programming'),
	(426, 2, 1, 'PTI', 'FOE', 25, 'PTI2104', 'Polymer Chemistry'),
	(427, 2, 1, 'PTI', 'FOE', 25, 'PTI2105', 'Spinning Methods and Yarn Engineering'),
	(428, 2, 1, 'PTI', 'FOE', 25, 'PTI2106', 'Materials Science and Engineering'),
	(429, 2, 1, 'PTI', 'FOE', 25, 'PTI3101', 'Production Planning and Control'),
	(430, 2, 1, 'PTI', 'FOE', 25, 'PTI3103', 'Knitting Technolgy'),
	(431, 2, 1, 'PTI', 'FOE', 25, 'PTI3103', 'Gender Studies'),
	(432, 2, 1, 'PTI', 'FOE', 25, 'PTI3105', 'Design of Machine Elements'),
	(433, 2, 1, 'PTI', 'FOE', 25, 'PTI3106', 'Research Methods'),
	(434, 2, 1, 'PTI', 'FOE', 25, 'PTI3107', 'Theory of Textile Structures'),
	(435, 4, 1, 'PTI', 'FOE', 25, 'PTI4101', 'Indutrial Textiles'),
	(436, 4, 1, 'PTI', 'FOE', 25, 'PTI4102', 'Business Management'),
	(437, 4, 1, 'PTI', 'FOE', 25, 'PTI4103', 'Maintenance  Engineering'),
	(438, 4, 1, 'PTI', 'FOE', 25, 'PTI4104', 'Operations Research'),
	(439, 4, 1, 'PTI', 'FOE', 25, 'PTI4105', 'Quality Control and Assuranace'),
	(440, 4, 1, 'PTI', 'FOE', 25, 'PTI4107', 'Final Year Project I'),
	(441, 4, 1, 'PTI', 'FOE', 25, 'PTI4108', 'Leather and  Footwear  Technology'),
	(442, 4, 1, 'PTI', 'FOE', 25, 'PTI4110', 'Woven Textile  Design'),
	(443, 1, 1, 'DEE', 'FOE', 23, 'DEE1101', 'Engineering Mathematics I'),
	(444, 1, 1, 'DAG', 'FOE', 24, 'DAG1101', 'Engineering Mathematics I'),
	(445, 1, 1, 'DAG', 'FOE', 24, 'DAG1102', 'Engineering Drawing'),
	(446, 1, 1, 'DEE', 'FOE', 23, 'DEE1102', 'Engineering Drawing'),
	(447, 1, 1, 'DEE', 'FOE', 23, 'DEE1103', 'Mechanical Engineering Science'),
	(448, 1, 1, 'DEE', 'FOE', 23, 'DEE1104', 'Basics of Electrical and Electronic Engineering'),
	(449, 1, 1, 'DEE', 'FOE', 24, 'DEE1105', 'Fundamentals of Information and Communication Technolgy'),
	(450, 1, 1, 'DEE', 'FOE', 24, 'DEE1106', 'Workshop Practice'),
	(451, 1, 1, 'DEE', 'FOE', 23, 'DEE1107', 'Communication Skills'),
	(452, 2, 1, 'DEE', 'FOE', 23, 'DEE2101', 'Electrical Machines and Devices II'),
	(453, 2, 1, 'DEE', 'FOE', 23, 'DEE2102', 'Analog and Digital Electronics'),
	(454, 2, 1, 'DEE', 'FOE', 23, 'DEE2103', 'Power Systems I'),
	(455, 2, 1, 'DEE', 'FOE', 25, 'DEE2104', 'Industrial Automation and Control'),
	(456, 2, 1, 'DEE', 'FOE', 25, 'DEE2105', 'Computer  Programming'),
	(457, 2, 1, 'DEE', 'FOE', 25, 'DEE2106', 'Ethics and Gender Studies'),
	(458, 2, 1, 'DEE', 'FOE', 25, 'DEE2107', 'Final Year Project I'),
	(459, 2, 1, 'DEE', 'FOE', 25, 'DEE2108', 'Control Systems'),
	(460, 1, 1, 'DAG', 'FOE', 25, 'DAG1103', 'Engineering Mechanics 1'),
	(461, 1, 1, 'DAG', 'FOE', 23, 'DAG1104', 'Computer Applications'),
	(462, 1, 1, 'DAG', 'FOE', 23, 'DAG1105', 'Communication Skills'),
	(463, 1, 1, 'DAG', 'FOE', 24, 'DAG1106', 'Engineering and Sustainable Development'),
	(464, 1, 1, 'DAG', 'FOE', 24, 'DAG1107', 'Principles of Agronomy'),
	(465, 2, 1, 'DAG', 'FOE', 24, 'DAG2101', 'Electrical Technology'),
	(466, 2, 1, 'DAG', 'FOE', 24, 'DAG2102', 'Production Technology II'),
	(467, 2, 1, 'DAG', 'FOE', 24, 'DAG2103', 'Agricultural Machinery'),
	(468, 2, 1, 'DAG', 'FOE', 24, 'DAG2104', 'Post-Harvest Handling and Processing'),
	(469, 2, 1, 'DAG', 'FOE', 24, 'DAG2105', 'Water Harvesting and Irrigation'),
	(470, 2, 1, 'DAG', 'FOE', 24, 'DAG2106', 'Agricultural Machinery Maintenance and Repair'),
	(471, 1, 1, 'DCF', 'FOE', 24, 'DCF7101', 'Web Programming'),
	(472, 1, 1, 'DCF', 'FOE', 24, 'DCF7102', 'Cybercrime and Digital Forensic'),
	(473, 1, 1, 'DCF', 'FOE', 25, 'DCF7103', 'Criminal Justice'),
	(474, 1, 1, 'DCF', 'FOE', 23, 'DCF7104', 'Network Technologies'),
	(475, 1, 1, 'DCF', 'FOE', 24, 'DCF7105', 'Information Privacy and Security'),
	(476, 1, 1, 'DCF', 'FOE', 24, 'DCF7106', 'OS Platforms and Computer Technologies'),
	(477, 1, 1, 'DGIE', 'FOE', 25, 'DGIE1101', 'Engineering Mathematics Science I'),
	(478, 1, 1, 'DGIE', 'FOE', 24, 'DGIE1102', 'Mechanical Engineering Science I'),
	(479, 1, 1, 'DGIE', 'FOE', 24, 'DGIE1104', 'Electrical Engineering Science I'),
	(480, 1, 1, 'DGIE', 'FOE', 24, 'DGIE1103', 'Engineering Drawing'),
	(481, 1, 1, 'DGIE', 'FOE', 23, 'DGIE1105', 'Communication Skills'),
	(482, 1, 1, 'DGIE', 'FOE', 23, 'DGIE1106', 'Computer Applications'),
	(483, 1, 1, 'DGIE', 'FOE', 24, 'DGIE1107', 'Production Technology'),
	(484, 2, 1, 'DGIE', 'FOE', 25, 'DGIE2101', 'Industrial and Ginning Machinery'),
	(485, 2, 1, 'DGIE', 'FOE', 25, 'DGIE2102', 'Industrial Electrical Engineering I'),
	(486, 2, 1, 'DGIE', 'FOE', 25, 'DGIE2103', 'Material Handling Equipment & Structures I'),
	(487, 2, 1, 'DGIE', 'FOE', 24, 'DGIE2104', 'Baling and Industrial Packaging'),
	(488, 2, 1, 'DGIE', 'FOE', 25, 'DGIE2105', 'Occupational Health and Safety'),
	(489, 2, 1, 'DGIE', 'FOE', 25, 'DGIE2106', 'Cotton Production Technology and Marketing'),
	(490, 2, 1, 'DGIE', 'FOE', 25, 'DGIE2107', 'Research Project'),
	(491, 1, 1, 'MDI', 'FOE', 24, 'MDI8101', 'Hydrology'),
	(492, 1, 1, 'MDI', 'FOE', 25, 'MDI8102', 'Applied Hydraulics'),
	(493, 1, 1, 'MDI', 'FOE', 24, 'MDI8103', 'Agronomy and Water Management'),
	(494, 1, 1, 'MDI', 'FOE', 24, 'MDI8104', 'Drainage and Water Quality'),
	(495, 1, 1, 'MDI', 'FOE', 23, 'MDI8105', 'Applied Statistics'),
	(496, 2, 1, 'MDI', 'FOE', 25, 'MDI9101', 'Dissertation Research I'),
	(497, 2, 1, 'MDI', 'FOE', 24, 'MDI9102', 'Management of Irrigation & Drainage Systems'),
	(498, 2, 1, 'MDI', 'FOE', 24, 'MDI9103', 'Irrigation Conveyance and ControlSystems'),
	(499, 2, 1, 'MDI', 'FOE', 24, 'MDI9104', 'Project Planning & Management'),
	(500, 2, 1, 'MDI', 'FOE', 24, 'MDI9105', 'Food Mitigation & Management'),
	(501, 2, 1, 'MDI', 'FOE', 24, 'MDI9106', 'Land Evaluation for Irrigated Agriculture'),
	(502, 2, 1, 'MDI', 'FOE', 25, 'MDI9107', 'Creativity and Innovations'),
	(503, 1, 1, 'SCS', 'FSE', 1, 'SCS110', 'Discrete Mathematics'),
	(504, 3, 1, 'SCS', 'FSE', 1, 'SCS301', 'Graphics Design');

-- Dumping structure for table quad.6c_unit_load_2020
CREATE TABLE IF NOT EXISTS `6c_unit_load_2020` (
  `id` int(11) NOT NULL AUTO_INCREMENT,
  `semester` tinyint(1) NOT NULL,
  `cuID` varchar(10) NOT NULL,
  `staffID` int(11) NOT NULL,
  `cordinator` bigint(15) NOT NULL,
  PRIMARY KEY (`id`)
) ENGINE=MyISAM AUTO_INCREMENT=7 DEFAULT CHARSET=latin1;

-- Dumping data for table quad.6c_unit_load_2020: 1 rows
INSERT INTO `6c_unit_load_2020` (`id`, `semester`, `cuID`, `staffID`, `cordinator`) VALUES
	(6, 1, 'SCS201', 136, 0);

-- Dumping structure for table quad.6d_dept
CREATE TABLE IF NOT EXISTS `6d_dept` (
  `deptID` int(11) NOT NULL AUTO_INCREMENT,
  `facultyID` varchar(3) NOT NULL,
  `deptName` varchar(100) NOT NULL,
  `hod` smallint(6) NOT NULL,
  PRIMARY KEY (`deptID`),
  KEY `facultyID` (`facultyID`)
) ENGINE=InnoDB AUTO_INCREMENT=52 DEFAULT CHARSET=latin1;

-- Dumping data for table quad.6d_dept: ~45 rows (approximately)
INSERT INTO `6d_dept` (`deptID`, `facultyID`, `deptName`, `hod`) VALUES
	(1, 'FSE', 'Department of Computer Studies', 98),
	(2, 'FSE', 'Department of Physics', 93),
	(3, 'FSE', 'Department of Languages', 0),
	(4, 'FMS', 'Department of Economics and Management', 8),
	(5, 'FMS', 'Department of Tourism and Hospitality Management', 163),
	(7, 'FSE', 'Department of Mathematics', 107),
	(9, 'FSE', 'Department of Economics', 127),
	(11, 'FSE', 'Department of Chemistry', 90),
	(12, 'FSE', 'Department of Biology', 94),
	(13, 'FSE', 'Department of Agriculture', 97),
	(14, 'FSE', 'Department of Geography', 128),
	(15, 'FSE', 'Department of Education', 96),
	(16, 'FHS', 'Paaediatrics & Child Health', 0),
	(17, 'FHS', 'Department of Paediatrics & Child Health', 0),
	(18, 'FHS', 'Department of Public and Community Health', 0),
	(19, 'FHS', 'Department of Anaesthesia', 0),
	(20, 'FHS', 'Department of Anaesthesia and Critical Care', 0),
	(21, 'FAA', 'Department of  Animal Production and Management (APM)', 0),
	(22, 'FAA', 'Department of Crop Production', 0),
	(23, 'FOE', 'Department of Computer Engineering', 21),
	(24, 'FOE', 'Department of Agricultural Mechanization &  Irrigation Engineering', 50),
	(25, 'FOE', 'Department of Textile and Ginning Engineering', 16),
	(26, 'FOE', 'Department of Mining Engineering', 33),
	(27, 'FOE', 'Department of Agroprocessing Engineering', 34),
	(28, 'FOE', 'Department of Water Resources Engineering', 17),
	(31, 'FNR', 'Department of Geo-information, Earth Observations and Physical Land Resources', 75),
	(32, 'FNR', 'Department of Natural Resources Economics', 74),
	(33, 'FNR', 'Department of Environmental Management', 71),
	(34, 'FSE', 'Dean Faculty of Science and Education', 95),
	(35, 'FSE', 'Deputy Dean Faculty of Science and Education', 0),
	(36, 'FHS', 'Department of Anatomy and Cell Biology', 0),
	(37, 'FHS', 'Department of Biochemistry and Molecular Biology', 0),
	(39, 'FHS', 'Department of Internal Medicine', 0),
	(40, 'FHS', 'Department of Microbiology and Immunology', 0),
	(41, 'FHS', 'Department of Nursing', 0),
	(42, 'FHS', 'Department of Obstetrics and Gynecology', 0),
	(43, 'FHS', 'Department of Paediatrics and Child Health', 0),
	(44, 'FHS', 'Department of Pathology', 0),
	(45, 'FHS', 'Department of Pharmacology and therapeutics', 0),
	(46, 'FHS', 'Department of Physiology', 0),
	(47, 'FHS', 'Department of Psychiatry and Mental Health', 0),
	(48, 'FHS', 'Department of Surgery', 0),
	(49, 'FHS', 'Department of ENT', 0),
	(50, 'FHS', 'Department of Ophthalmology', 0),
	(51, 'FHS', 'Department of Radiology', 0);

-- Dumping structure for table quad.6e_faculty
CREATE TABLE IF NOT EXISTS `6e_faculty` (
  `facultyID` varchar(5) NOT NULL,
  `facultyName` varchar(45) NOT NULL,
  `address` varchar(45) NOT NULL,
  `dean` varchar(100) NOT NULL,
  `contact` varchar(100) NOT NULL,
  `PHD` int(1) NOT NULL,
  `MST` int(1) NOT NULL,
  `DEG` int(1) NOT NULL,
  `DIP` int(1) NOT NULL,
  `CER` varchar(5) NOT NULL,
  `icon` varchar(20) NOT NULL,
  `color` varchar(20) NOT NULL,
  `photo1` varchar(100) NOT NULL,
  `photo2` varchar(100) NOT NULL,
  `photo3` varchar(100) NOT NULL,
  PRIMARY KEY (`facultyID`)
) ENGINE=InnoDB DEFAULT CHARSET=utf8;

-- Dumping data for table quad.6e_faculty: ~6 rows (approximately)
INSERT INTO `6e_faculty` (`facultyID`, `facultyName`, `address`, `dean`, `contact`, `PHD`, `MST`, `DEG`, `DIP`, `CER`, `icon`, `color`, `photo1`, `photo2`, `photo3`) VALUES
	('FAA', 'Agriculture', 'Arapi', '', '', 2, 2, 3, 2, '2', 'ion ion-leaf', 'bg-green', '1.jpg', '2.jpg', '3.jpg'),
	('FHS', 'Health Sciences', 'Mbale', '', '', 3, 3, 5, 3, '2', 'ion ion-medkit', 'bg-green', '1.jpg', '2.jpg', '3.jpg'),
	('FMS', 'Management Sciences & Human Resource', 'Pallisa', '', '', 2, 2, 3, 2, '1', 'ion ion-ios-people', 'bg-yellow', '1.jpg', '2.jpg', '3.jpg'),
	('FNRE', 'Natural Resources', 'Namasagali', '', '', 2, 2, 3, 2, '1', 'fa fa-tint', 'bg-aqua', '1.jpg', '2.jpg', '3.jpg'),
	('FOE', 'Engineering(Main)', 'Busia', '', '', 2, 2, 4, 2, '2', 'fa fa-cogs', 'bg-gold', '1.jpg', '2.jpg', '3.jpg'),
	('FSE', 'Science And Education', 'Nagongera', '', '', 2, 2, 3, 2, '1', 'ion ion-ribbon-b', 'bg-blue', '1.jpg', '2.jpg', '3.jpg');

-- Dumping structure for table quad.6f_program
CREATE TABLE IF NOT EXISTS `6f_program` (
  `id` int(11) NOT NULL AUTO_INCREMENT,
  `programID` varchar(5) NOT NULL,
  `programName` varchar(45) NOT NULL,
  PRIMARY KEY (`id`)
) ENGINE=InnoDB AUTO_INCREMENT=7 DEFAULT CHARSET=latin1;

-- Dumping data for table quad.6f_program: ~6 rows (approximately)
INSERT INTO `6f_program` (`id`, `programID`, `programName`) VALUES
	(1, 'CER', 'Certifiate'),
	(2, 'DEG', 'Bachelors Degree'),
	(3, 'DIP', 'Diploma'),
	(4, 'MST', 'Masters Degree'),
	(5, 'PDG', 'Post Graduate Diploma'),
	(6, 'PHD', 'Doctorate Degree');

-- Dumping structure for table quad.6g_mailer
CREATE TABLE IF NOT EXISTS `6g_mailer` (
  `id` smallint(6) NOT NULL AUTO_INCREMENT,
  `name` varchar(150) NOT NULL,
  `email` varchar(150) NOT NULL,
  `password` varchar(255) NOT NULL,
  `host` varchar(150) NOT NULL,
  `encryption` varchar(5) NOT NULL,
  `port` smallint(5) NOT NULL DEFAULT '0',
  `role` varchar(5) NOT NULL,
  `user_id` smallint(6) NOT NULL,
  PRIMARY KEY (`id`)
) ENGINE=InnoDB AUTO_INCREMENT=6 DEFAULT CHARSET=latin1;

-- Dumping data for table quad.6g_mailer: ~5 rows (approximately)
INSERT INTO `6g_mailer` (`id`, `name`, `email`, `password`, `host`, `encryption`, `port`, `role`, `user_id`) VALUES
	(1, 'Dominic Odoi', 'dominic@sofitechgroup.com', 'anNReHMzZ1lLNldGTEZaemlHenljQT09Ojo79hlhK+wvfCl9TVigYn1+', 'mail.sofitechgroup.com', 'TLS', 26, 'DEV', 1),
	(2, 'Gerald Kisangala', 'gerald@sofitechgroup.com', 'gerald2020', 'mail.sofitechgroup.com', 'TLS', 26, 'DEV', 2),
	(3, 'Dr. Biira Saphina', 'dr.biira@sofitechgroup.com', 'admin2020', 'mail.sofitechgroup.com', 'TLS', 26, 'SYST', 3),
	(4, 'Gerald', 'geraldk.gerald5@gmail.com', 'innoinno2015', 'smtp.gmail.com', 'TLS', 587, 'SYST', 0),
	(5, 'Dr. Biira Saphina', 'dqa@admin.busitema.ac.ug', 'dqa@2020', 'mail.busitema.ac.ug', 'TLS', 26, 'DEV', 1);

-- Dumping structure for table quad.6h_mails
CREATE TABLE IF NOT EXISTS `6h_mails` (
  `id` bigint(20) NOT NULL AUTO_INCREMENT,
  `u_id` smallint(6) NOT NULL,
  `u_role` varchar(5) NOT NULL,
  `sender` varchar(150) NOT NULL DEFAULT '',
  `rec_filters` varchar(150) NOT NULL DEFAULT '',
  `rec_count` bigint(20) NOT NULL,
  `subject` varchar(150) NOT NULL,
  `message` mediumtext NOT NULL,
  `status` tinyint(1) NOT NULL,
  `date` int(11) NOT NULL,
  PRIMARY KEY (`id`)
) ENGINE=InnoDB DEFAULT CHARSET=utf8mb4;

-- Dumping data for table quad.6h_mails: ~0 rows (approximately)

-- Dumping structure for table quad.6i_reviews
CREATE TABLE IF NOT EXISTS `6i_reviews` (
  `id` int(11) NOT NULL AUTO_INCREMENT,
  `courseID` varchar(5) NOT NULL,
  `start` int(11) NOT NULL DEFAULT '0',
  `finish` int(11) NOT NULL DEFAULT '0',
  `duration` tinyint(1) NOT NULL,
  `notes` longtext NOT NULL,
  `file` varchar(50) DEFAULT '',
  `uid` smallint(6) NOT NULL,
  PRIMARY KEY (`id`)
) ENGINE=MyISAM AUTO_INCREMENT=3 DEFAULT CHARSET=latin1 COMMENT='Program reviews';

-- Dumping data for table quad.6i_reviews: 2 rows
INSERT INTO `6i_reviews` (`id`, `courseID`, `start`, `finish`, `duration`, `notes`, `file`, `uid`) VALUES
	(1, 'SCS', 1491177600, 1585872000, 3, '<p><span style="left: 120.04px; top: 477.567px; font-size: 18.4px; font-family: sans-serif; transform: scaleX(0.896203);">The Computer Science </span><span style="left: 294.117px; top: 477.567px; font-size: 18.4px; font-family: sans-serif; transform: scaleX(0.856292);">Program (CSP) </span><span style="left: 407.367px; top: 477.567px; font-size: 18.4px; font-family: sans-serif; transform: scaleX(0.933876);">offers a 40</span><span style="left: 488.2px; top: 477.567px; font-size: 18.4px; font-family: sans-serif;">-</span><span style="left: 493.8px; top: 477.567px; font-size: 18.4px; font-family: sans-serif; transform: scaleX(0.929831);">course degree program with the designa</span><span style="left: 800.317px; top: 477.567px; font-size: 18.4px; font-family: sans-serif; transform: scaleX(0.925424);">tion Bachelor </span><span style="left: 120.04px; top: 499.967px; font-size: 18.4px; font-family: sans-serif; transform: scaleX(0.920571);">of  Science   (Computer  Science).  This  program  is  offered  in  full</span><span style="left: 629.833px; top: 499.967px; font-size: 18.4px; font-family: sans-serif;">-</span><span style="left: 635.433px; top: 499.967px; font-size: 18.4px; font-family: sans-serif; transform: scaleX(0.926545);">time   and  part</span><span style="left: 749.117px; top: 499.967px; font-size: 18.4px; font-family: sans-serif;">-</span><span style="left: 754.717px; top: 499.967px; font-size: 18.4px; font-family: sans-serif; transform: scaleX(0.914097);">time   formats.  The </span><span style="left: 120.04px; top: 522.367px; font-size: 18.4px; font-family: sans-serif; transform: scaleX(0.870871);">Department  also  offers  an  optional  Co</span><span style="left: 412.167px; top: 522.367px; font-size: 18.4px; font-family: sans-serif;">-</span><span style="left: 417.767px; top: 522.367px; font-size: 18.4px; font-family: sans-serif; transform: scaleX(0.878612);">op  program  whereby  a  student  may work  for  sixteen  to  twenty </span><span style="left: 120.04px; top: 544.767px; font-size: 18.4px; font-family: sans-serif; transform: scaleX(0.94292);">months (four or five</span><span style="left: 273.717px; top: 544.767px; font-size: 18.4px; font-family: sans-serif; transform: scaleX(0.949155);">work </span><span style="left: 315.317px; top: 544.767px; font-size: 18.4px; font-family: sans-serif; transform: scaleX(0.930044);">terms), typically for a</span><span style="left: 477.4px; top: 544.767px; font-size: 18.4px; font-family: sans-serif; transform: scaleX(0.926202);">software company</span><span style="left: 615.833px; top: 544.767px; font-size: 18.4px; font-family: sans-serif;">,</span><span style="left: 624.233px; top: 544.767px; font-size: 18.4px; font-family: sans-serif; transform: scaleX(0.94184);">outside of the university.</span></p><p><br><span style="left: 624.233px; top: 544.767px; font-size: 18.4px; font-family: sans-serif; transform: scaleX(0.94184);"><span style="left: 845.967px; top: 1171.36px; font-size: 18.4px; font-family: sans-serif; transform: scaleX(0.89433);"></span></span></p>', 'file_SCS_1597241302.pdf', 2),
	(2, 'SCS', 1396310400, 1488326400, 3, '<p><span style="left: 624.233px; top: 544.767px; font-size: 18.4px; font-family: sans-serif; transform: scaleX(0.94184);"><span style="left: 120.04px; top: 1104.52px; font-size: 18.4px; font-family: sans-serif; transform: scaleX(0.904248);">Admission  r</span><span style="left: 211.683px; top: 1104.52px; font-size: 18.4px; font-family: sans-serif; transform: scaleX(0.935747);">equirements</span><span style="left: 314.517px; top: 1104.52px; font-size: 18.4px; font-family: sans-serif; transform: scaleX(0.930257);"> for  the  f</span><span style="left: 382.167px; top: 1104.52px; font-size: 18.4px; font-family: sans-serif; transform: scaleX(0.969);">ull</span><span style="left: 400.167px; top: 1104.52px; font-size: 18.4px; font-family: sans-serif;">-</span><span style="left: 405.767px; top: 1104.52px; font-size: 18.4px; font-family: sans-serif; transform: scaleX(0.921988);">time  program  include</span><span style="left: 581.833px; top: 1104.52px; font-size: 18.4px; font-family: sans-serif; transform: scaleX(0.874316);">O.S.S.D.  with  six  Grade  12  U/M  courses,</span><span style="left: 120.04px; top: 1126.92px; font-size: 18.4px; font-family: sans-serif; transform: scaleX(0.868596);">including  Grade  12  U  courses  in:  English,  Advanced  Functions  (MHF4U),  one  of  Physics  (SPH4U),  or </span><span style="left: 120.04px; top: 1148.92px; font-size: 18.4px; font-family: sans-serif; transform: scaleX(0.870627);">Chemistry  (SCH4U),  or  Biology  (SBI4U),  and  either  Calculus  and  Vectors  (MCV4U)  or  Mathematics  of </span><span style="left: 120.04px; top: 1171.36px; font-size: 18.4px; font-family: sans-serif; transform: scaleX(0.899314);">Data  Management  (MDM4U).  Calculus  and  Vectors  (MCV4U)  is  the </span><span style="left: 661.083px; top: 1171.36px; font-size: 18.4px; font-family: sans-serif; transform: scaleX(0.953712);">preferred</span><span style="left: 740.717px; top: 1171.36px; font-size: 18.4px; font-family: sans-serif; transform: scaleX(0.921906);">mathematics </span><span style="left: 845.967px; top: 1171.36px; font-size: 18.4px; font-family: sans-serif; transform: scaleX(0.89433);">course.</span></span></p><p><br><span style="left: 624.233px; top: 544.767px; font-size: 18.4px; font-family: sans-serif; transform: scaleX(0.94184);"><span style="left: 845.967px; top: 1171.36px; font-size: 18.4px; font-family: sans-serif; transform: scaleX(0.89433);"><span style="left: 120.04px; top: 123.433px; font-size: 18.4px; font-family: sans-serif; transform: scaleX(0.862642);">ENG4U/EAE4U  is  the  preferred  English.  Physics  is  the  recommended  Grade  12  U  Science.  Subject  to </span><span style="left: 120.04px; top: 145.833px; font-size: 18.4px; font-family: sans-serif; transform: scaleX(0.921857);">competition, candidates may be required to present averages/grades above the minimum.</span></span></span></p>', 'file_SCS_1597241429.pdf', 2);

-- Dumping structure for table quad.7a_gallery
CREATE TABLE IF NOT EXISTS `7a_gallery` (
  `id` int(11) NOT NULL AUTO_INCREMENT,
  `photo` varchar(25) NOT NULL,
  `cat` varchar(10) NOT NULL,
  PRIMARY KEY (`id`)
) ENGINE=InnoDB AUTO_INCREMENT=31 DEFAULT CHARSET=latin1;

-- Dumping data for table quad.7a_gallery: ~30 rows (approximately)
INSERT INTO `7a_gallery` (`id`, `photo`, `cat`) VALUES
	(1, '1.jpg', 'students'),
	(2, '2.jpg', 'students'),
	(3, '3.jpg', 'students'),
	(4, '4.jpg', 'students'),
	(5, '5.jpg', 'students'),
	(6, '6.jpg', 'staff'),
	(7, '7.jpg', 'staff'),
	(8, '8.jpg', 'staff'),
	(9, '9.jpg', 'staff'),
	(10, '10.jpg', 'events'),
	(11, '11.jpg', 'students'),
	(12, '12.jpg', 'events'),
	(13, '13.jpg', 'events'),
	(14, '14.jpg', 'events'),
	(15, '15.jpg', 'events'),
	(16, '16.jpg', 'events'),
	(17, '17.jpg', 'students'),
	(18, '18.jpg', 'students'),
	(19, '19.jpg', 'students'),
	(20, '20.jpg', 'events'),
	(21, '21.jpg', 'events'),
	(22, '22.jpg', 'students'),
	(23, '23.jpg', 'events'),
	(24, '24.jpg', 'events'),
	(25, '25.jpg', 'events'),
	(26, '26.jpg', 'events'),
	(27, '27.jpg', 'events'),
	(28, '28.jpg', 'events'),
	(29, '29.jpg', 'events'),
	(30, '30.jpg', 'events');

-- Dumping structure for table quad.7b_resources
CREATE TABLE IF NOT EXISTS `7b_resources` (
  `id` int(11) NOT NULL AUTO_INCREMENT,
  `name` varchar(100) NOT NULL,
  `detail` text NOT NULL,
  `type` varchar(15) NOT NULL,
  `file` varchar(100) NOT NULL,
  `url` varchar(200) NOT NULL,
  `public` int(1) NOT NULL DEFAULT '0',
  PRIMARY KEY (`id`)
) ENGINE=InnoDB AUTO_INCREMENT=9 DEFAULT CHARSET=latin1;

-- Dumping data for table quad.7b_resources: ~9 rows (approximately)
INSERT INTO `7b_resources` (`id`, `name`, `detail`, `type`, `file`, `url`, `public`) VALUES
	(1, '2020 Advert', '2020 Advert', 'pdf', '2020_advert.pdf', '', 0),
	(2, 'Fees Structure ', 'Fees Structure ', 'pdf', '2020_fees.pdf', '', 1),
	(3, 'Mbale Diploma Shortlist', 'Mbale Diploma Shortlist', 'pdf', '2020_mbale.pdf', '', 0),
	(4, '2020 Post Graduate Shortlist', '2020 Post Graduate Shortlist', 'pdf', '2020_post.pdf', '', 1),
	(5, '2020 Suplementary Admissions', '2020 Suplementary Admissions', 'pdf', '2020_suplementary.pdf', '', 1),
	(6, 'QA Governing Policy', 'Governing manual for Busitema University DAQ', 'word', 'policy.docx', '', 1),
	(7, 'Senate Members', 'Senate cabinet members  2020', 'excel', 'senate.xls', '', 0),
	(8, 'New Guild House', 'New guild canteen 2020/2021 regime', 'image', 'plan.png', '', 0);

-- Dumping structure for table quad.7c_schedule
CREATE TABLE IF NOT EXISTS `7c_schedule` (
  `id` int(11) NOT NULL AUTO_INCREMENT,
  `cuID` varchar(10) NOT NULL,
  `staffID` int(11) NOT NULL,
  `topic` varchar(45) NOT NULL,
  `content` varchar(200) NOT NULL,
  `week` int(2) NOT NULL,
  `description` varchar(150) NOT NULL,
  `type` varchar(15) NOT NULL,
  `status1` varchar(100) NOT NULL,
  `status2` varchar(150) NOT NULL,
  PRIMARY KEY (`id`),
  KEY `cuID` (`cuID`),
  KEY `staffID` (`staffID`)
) ENGINE=InnoDB AUTO_INCREMENT=6 DEFAULT CHARSET=latin1;

-- Dumping data for table quad.7c_schedule: ~3 rows (approximately)
INSERT INTO `7c_schedule` (`id`, `cuID`, `staffID`, `topic`, `content`, `week`, `description`, `type`, `status1`, `status2`) VALUES
	(3, 'SCS201', 3, 'Relation', 'listed types of relationships like one to one, one to many etc', 1, 'the target was achived', 'Assignment', 'Successful', 'Successful'),
	(4, 'SCS201', 136, 'Relation', '1 to 1 , 1 to M and M to 1', 1, 'completed', 'Lecture', 'Successful', 'Unsuccessful'),
	(5, 'scs201', 3, 'Web Design', 'Designing Website using ASP.Net', 1, 'all went well', 'Lecture', 'Successful', 'Successful');

